{"id":391,"date":"2017-02-28T00:03:19","date_gmt":"2017-02-28T00:03:19","guid":{"rendered":"https:\/\/leathershopdoci.nl\/shop\/leren-biker-jack-dames-zwart-versano-360\/"},"modified":"2025-11-25T16:23:03","modified_gmt":"2025-11-25T16:23:03","slug":"leren-biker-jack-dames-zwart-versano-360","status":"publish","type":"product","link":"https:\/\/versano.nl\/fr\/shop\/leren-biker-jack-dames-zwart-versano-360\/","title":{"rendered":"Veste motard femme en cuir 360 noir Versano"},"content":{"rendered":"<h2>Veste motard femme en cuir 360 noir Versano<\/h2>\n<p>Vous recherchez une veste de motard qui a l&#039;air cool, mais qui est \u00e9galement tr\u00e8s confortable? Ensuite, nous vous conseillons de simplement passer cette magnifique veste de motard en cuir pour femme 360 Versano noire \u00e0 un examen. La veste de motard en cuir pour femme avec col montant rond peut \u00eatre port\u00e9e de deux mani\u00e8res diff\u00e9rentes. Cela vous donne une veste o\u00f9 vous pouvez choisir lequel des deux styles que vous voulez essayer tous les jours. Nous parlons d&#039;une veste tr\u00e8s cool. Il y a deux poches zipp\u00e9es sur le c\u00f4t\u00e9, il y a aussi une poche int\u00e9rieure pratique.<\/p>\n<h2>Commandez le mod\u00e8le 360 de Versano<\/h2>\n<p>Les designers n\u00e9erlandais travaillent chez Versano, qui ont beaucoup concentr\u00e9 leur style sur l&#039;Italie. Aujourd&#039;hui aussi, vous pouvez compter sur cette veste non seulement pour \u00eatre parfaite, mais aussi pour \u00eatre exceptionnellement confortable. Cela est \u00e9galement d\u00fb au mat\u00e9riau utilis\u00e9, le cuir d&#039;agneau souple. Les vestes de motard en cuir de Versano sont vraiment cool et ont un beau design. Cette veste de motard est bien s\u00fbr non seulement \u00e0 porter sur la moto, mais elle est appel\u00e9e ainsi en raison de son apparence robuste. Cette veste se porte g\u00e9n\u00e9ralement au quotidien pour rendre votre tenue plus \u00e0 la mode. Si vous commandez cette veste chez nous, vous obtiendrez une veste qui restera belle toute une vie. La couleur noire est facile \u00e0 combiner et correspond \u00e0 presque toutes vos tenues. Son design italien garantit que la veste a une coupe ajust\u00e9e et reste confortable \u00e0 porter. Vous pouvez facilement commander sur notre site Web. Fortement recommand\u00e9 de la gamme Versano!<\/p>\n<p>marque: <a href=\"https:\/\/versano.nl\/\">Versano<\/a><br \/>\nMat\u00e9riel: lambskin<br \/>\nDoublure: 100% polyester<br \/>\nLongueur: court<br \/>\nCoupe: ajust\u00e9e<br \/>\nFermeture: fermeture \u00e9clair<br \/>\nPoches: poches avec zip<br \/>\nCol: col vers le bas<br \/>\nMat\u00e9riau couche ext\u00e9rieure: lambskin<br \/>\nD\u00e9lai de livraison: 2-3 jours ouvrables<\/p>","protected":false},"excerpt":{"rendered":"<p><span style=\"color: #ff0000;\">Conseils d&#039;ajustement:<\/span> La coupe de cette veste est bien ajust\u00e9e. Notre mannequin mesure 1,80 cm et porte une taille S.<\/p>\n<p>Si vous n&#039;\u00eates pas s\u00fbr de vos mesures, nous vous recommandons de commencer par mesurer vos mesures de taille et de les comparer avec notre tableau des tailles. Si vous n&#039;avez aucune exp\u00e9rience dans la mesure des tailles de circonf\u00e9rence, cliquez sur <a href=\"https:\/\/www.youtube.com\/watch?v=3ZSfY87v6pM\"><em>ICI<\/em>\u00a0<\/a>\u00a0\u00e0 <span style=\"color: #ff0000;\"><a style=\"color: #ff0000;\" href=\"https:\/\/www.youtube.com\/watch?v=3ZSfY87v6pM\"><em>VIDEO<\/em><\/a>\u00a0<\/span> avec des instructions. Vous pouvez \u00e9galement nous appeler ou nous appliquer directement! Nos employ\u00e9s sont toujours disponibles pour vous aider.<\/p>\n<p><strong>HEURE DE LIVRAISON :<\/strong> 2 \u00e0 3 jours ouvr\u00e9s.<\/p>","protected":false},"featured_media":20339,"comment_status":"closed","ping_status":"closed","template":"","meta":[],"product_brand":[],"product_cat":[1472,90,874,875,1499,877,879,880,1712,881,878,882,890],"product_tag":[155,156,157,1489,158,159,1490,160,161],"class_list":{"0":"post-391","1":"product","2":"type-product","3":"status-publish","4":"has-post-thumbnail","6":"product_cat-biker-jas-dames","7":"product_cat-dames-leren-jassen","8":"product_cat-kort-leren-jasje","9":"product_cat-kort-leren-jasje-dames","10":"product_cat-leren-biker-jas-dames","11":"product_cat-leren-bikerjacks-dames","12":"product_cat-leren-dames-jassen","13":"product_cat-leren-jasje-dames","14":"product_cat-leren-jassen","15":"product_cat-leren-jassen-dames","16":"product_cat-leren-jassen-dames-uitverkoop","17":"product_cat-versano","18":"product_cat-zwarte-leren-jas-dames","19":"product_tag-bikerjack-dames-zwart","20":"product_tag-dames-bikerjack-zwart","21":"product_tag-echte-dames-biker-jack-zwart","22":"product_tag-leren-dames-biker-jas","23":"product_tag-versano-dames-biker-jack","24":"product_tag-zwarte-biker-jack-dames","25":"product_tag-zwarte-biker-jas","26":"product_tag-zwarte-dames-biker-jack","27":"product_tag-zwarte-dames-biker-jack-met-ritsen","28":"tm-no-options","30":"first","31":"instock","32":"sale","33":"taxable","34":"shipping-taxable","35":"purchasable","36":"product-type-variable","37":"has-default-attributes"},"yoast_head":"<!-- This site is optimized with the Yoast SEO plugin v27.2 - https:\/\/yoast.com\/product\/yoast-seo-wordpress\/ -->\n<title>Leren dames biker jas 360 zwart Versano, biker jas zwart<\/title>\n<meta name=\"description\" content=\"Bent u op zoek naar een Leren dames biker jas 360 zwart Versano? Dan bent u bij het bekende jassen merk Versano aan het juiste adres.\" \/>\n<meta name=\"robots\" content=\"index, follow, max-snippet:-1, max-image-preview:large, max-video-preview:-1\" \/>\n<link rel=\"canonical\" href=\"https:\/\/versano.nl\/fr\/shop\/leren-biker-jack-dames-zwart-versano-360\/\" \/>\n<meta property=\"og:locale\" content=\"fr_FR\" \/>\n<meta property=\"og:type\" content=\"article\" \/>\n<meta property=\"og:title\" content=\"Leren dames biker jas 360 zwart Versano, biker jas zwart\" \/>\n<meta property=\"og:description\" content=\"Bent u op zoek naar een Leren dames biker jas 360 zwart Versano? Dan bent u bij het bekende jassen merk Versano aan het juiste adres.\" \/>\n<meta property=\"og:url\" content=\"https:\/\/versano.nl\/fr\/shop\/leren-biker-jack-dames-zwart-versano-360\/\" \/>\n<meta property=\"og:site_name\" content=\"Versano\" \/>\n<meta property=\"article:modified_time\" content=\"2025-11-25T16:23:03+00:00\" \/>\n<meta property=\"og:image\" content=\"https:\/\/versano.nl\/wp-content\/uploads\/2017\/02\/leren-bikerjack-met-dubbele-rits-dames-zwart-versano-360-model1.jpg\" \/>\n\t<meta property=\"og:image:width\" content=\"900\" \/>\n\t<meta property=\"og:image:height\" content=\"1176\" \/>\n\t<meta property=\"og:image:type\" content=\"image\/jpeg\" \/>\n<meta name=\"twitter:card\" content=\"summary_large_image\" \/>\n<meta name=\"twitter:label1\" content=\"Dur\u00e9e de lecture estim\u00e9e\" \/>\n\t<meta name=\"twitter:data1\" content=\"2 minutes\" \/>\n<script type=\"application\/ld+json\" class=\"yoast-schema-graph\">{\"@context\":\"https:\/\/schema.org\",\"@graph\":[{\"@type\":\"WebPage\",\"@id\":\"https:\/\/versano.nl\/shop\/leren-biker-jack-dames-zwart-versano-360\/\",\"url\":\"https:\/\/versano.nl\/shop\/leren-biker-jack-dames-zwart-versano-360\/\",\"name\":\"Leren dames biker jas 360 zwart Versano, biker jas zwart\",\"isPartOf\":{\"@id\":\"https:\/\/versano.nl\/#website\"},\"primaryImageOfPage\":{\"@id\":\"https:\/\/versano.nl\/shop\/leren-biker-jack-dames-zwart-versano-360\/#primaryimage\"},\"image\":{\"@id\":\"https:\/\/versano.nl\/shop\/leren-biker-jack-dames-zwart-versano-360\/#primaryimage\"},\"thumbnailUrl\":\"https:\/\/versano.nl\/wp-content\/uploads\/2017\/02\/leren-bikerjack-met-dubbele-rits-dames-zwart-versano-360-model1.jpg\",\"datePublished\":\"2017-02-28T00:03:19+00:00\",\"dateModified\":\"2025-11-25T16:23:03+00:00\",\"description\":\"Bent u op zoek naar een Leren dames biker jas 360 zwart Versano? Dan bent u bij het bekende jassen merk Versano aan het juiste adres.\",\"breadcrumb\":{\"@id\":\"https:\/\/versano.nl\/shop\/leren-biker-jack-dames-zwart-versano-360\/#breadcrumb\"},\"inLanguage\":\"fr-FR\",\"potentialAction\":[{\"@type\":\"ReadAction\",\"target\":[\"https:\/\/versano.nl\/shop\/leren-biker-jack-dames-zwart-versano-360\/\"]}]},{\"@type\":\"ImageObject\",\"inLanguage\":\"fr-FR\",\"@id\":\"https:\/\/versano.nl\/shop\/leren-biker-jack-dames-zwart-versano-360\/#primaryimage\",\"url\":\"https:\/\/versano.nl\/wp-content\/uploads\/2017\/02\/leren-bikerjack-met-dubbele-rits-dames-zwart-versano-360-model1.jpg\",\"contentUrl\":\"https:\/\/versano.nl\/wp-content\/uploads\/2017\/02\/leren-bikerjack-met-dubbele-rits-dames-zwart-versano-360-model1.jpg\",\"width\":900,\"height\":1176,\"caption\":\"Leren dames biker jas 360 zwart Versano\"},{\"@type\":\"BreadcrumbList\",\"@id\":\"https:\/\/versano.nl\/shop\/leren-biker-jack-dames-zwart-versano-360\/#breadcrumb\",\"itemListElement\":[{\"@type\":\"ListItem\",\"position\":1,\"name\":\"Home\",\"item\":\"https:\/\/versano.nl\/\"},{\"@type\":\"ListItem\",\"position\":2,\"name\":\"Shop\",\"item\":\"https:\/\/versano.nl\/shop\/\"},{\"@type\":\"ListItem\",\"position\":3,\"name\":\"Leren dames biker jas 360 zwart Versano\"}]},{\"@type\":\"WebSite\",\"@id\":\"https:\/\/versano.nl\/#website\",\"url\":\"https:\/\/versano.nl\/\",\"name\":\"Versano\",\"description\":\"winterjassen met bontkraag | leren dames jassen | leren heren jassen\",\"potentialAction\":[{\"@type\":\"SearchAction\",\"target\":{\"@type\":\"EntryPoint\",\"urlTemplate\":\"https:\/\/versano.nl\/?s={search_term_string}\"},\"query-input\":{\"@type\":\"PropertyValueSpecification\",\"valueRequired\":true,\"valueName\":\"search_term_string\"}}],\"inLanguage\":\"fr-FR\"}]}<\/script>\n<!-- \/ Yoast SEO plugin. -->","yoast_head_json":{"title":"Veste motard femme en cuir 360 noir Versano, veste motard noir","description":"Vous cherchez une veste de motard en cuir pour femme 360 noir Versano ? Alors vous \u00eates au bon endroit chez la c\u00e9l\u00e8bre marque de vestes Versano.","robots":{"index":"index","follow":"follow","max-snippet":"max-snippet:-1","max-image-preview":"max-image-preview:large","max-video-preview":"max-video-preview:-1"},"canonical":"https:\/\/versano.nl\/fr\/shop\/leren-biker-jack-dames-zwart-versano-360\/","og_locale":"fr_FR","og_type":"article","og_title":"Leren dames biker jas 360 zwart Versano, biker jas zwart","og_description":"Bent u op zoek naar een Leren dames biker jas 360 zwart Versano? Dan bent u bij het bekende jassen merk Versano aan het juiste adres.","og_url":"https:\/\/versano.nl\/fr\/shop\/leren-biker-jack-dames-zwart-versano-360\/","og_site_name":"Versano","article_modified_time":"2025-11-25T16:23:03+00:00","og_image":[{"width":900,"height":1176,"url":"https:\/\/versano.nl\/wp-content\/uploads\/2017\/02\/leren-bikerjack-met-dubbele-rits-dames-zwart-versano-360-model1.jpg","type":"image\/jpeg"}],"twitter_card":"summary_large_image","twitter_misc":{"Dur\u00e9e de lecture estim\u00e9e":"2 minutes"},"schema":{"@context":"https:\/\/schema.org","@graph":[{"@type":"WebPage","@id":"https:\/\/versano.nl\/shop\/leren-biker-jack-dames-zwart-versano-360\/","url":"https:\/\/versano.nl\/shop\/leren-biker-jack-dames-zwart-versano-360\/","name":"Veste motard femme en cuir 360 noir Versano, veste motard noir","isPartOf":{"@id":"https:\/\/versano.nl\/#website"},"primaryImageOfPage":{"@id":"https:\/\/versano.nl\/shop\/leren-biker-jack-dames-zwart-versano-360\/#primaryimage"},"image":{"@id":"https:\/\/versano.nl\/shop\/leren-biker-jack-dames-zwart-versano-360\/#primaryimage"},"thumbnailUrl":"https:\/\/versano.nl\/wp-content\/uploads\/2017\/02\/leren-bikerjack-met-dubbele-rits-dames-zwart-versano-360-model1.jpg","datePublished":"2017-02-28T00:03:19+00:00","dateModified":"2025-11-25T16:23:03+00:00","description":"Vous cherchez une veste de motard en cuir pour femme 360 noir Versano ? Alors vous \u00eates au bon endroit chez la c\u00e9l\u00e8bre marque de vestes Versano.","breadcrumb":{"@id":"https:\/\/versano.nl\/shop\/leren-biker-jack-dames-zwart-versano-360\/#breadcrumb"},"inLanguage":"fr-FR","potentialAction":[{"@type":"ReadAction","target":["https:\/\/versano.nl\/shop\/leren-biker-jack-dames-zwart-versano-360\/"]}]},{"@type":"ImageObject","inLanguage":"fr-FR","@id":"https:\/\/versano.nl\/shop\/leren-biker-jack-dames-zwart-versano-360\/#primaryimage","url":"https:\/\/versano.nl\/wp-content\/uploads\/2017\/02\/leren-bikerjack-met-dubbele-rits-dames-zwart-versano-360-model1.jpg","contentUrl":"https:\/\/versano.nl\/wp-content\/uploads\/2017\/02\/leren-bikerjack-met-dubbele-rits-dames-zwart-versano-360-model1.jpg","width":900,"height":1176,"caption":"Leren dames biker jas 360 zwart Versano"},{"@type":"BreadcrumbList","@id":"https:\/\/versano.nl\/shop\/leren-biker-jack-dames-zwart-versano-360\/#breadcrumb","itemListElement":[{"@type":"ListItem","position":1,"name":"Home","item":"https:\/\/versano.nl\/"},{"@type":"ListItem","position":2,"name":"Shop","item":"https:\/\/versano.nl\/shop\/"},{"@type":"ListItem","position":3,"name":"Leren dames biker jas 360 zwart Versano"}]},{"@type":"WebSite","@id":"https:\/\/versano.nl\/#website","url":"https:\/\/versano.nl\/","name":"Versano","description":"manteaux d&#039;hiver avec col en fourrure | vestes femme en cuir | vestes en cuir pour hommes","potentialAction":[{"@type":"SearchAction","target":{"@type":"EntryPoint","urlTemplate":"https:\/\/versano.nl\/?s={search_term_string}"},"query-input":{"@type":"PropertyValueSpecification","valueRequired":true,"valueName":"search_term_string"}}],"inLanguage":"fr-FR"}]}},"_links":{"self":[{"href":"https:\/\/versano.nl\/fr\/wp-json\/wp\/v2\/product\/391","targetHints":{"allow":["GET"]}}],"collection":[{"href":"https:\/\/versano.nl\/fr\/wp-json\/wp\/v2\/product"}],"about":[{"href":"https:\/\/versano.nl\/fr\/wp-json\/wp\/v2\/types\/product"}],"replies":[{"embeddable":true,"href":"https:\/\/versano.nl\/fr\/wp-json\/wp\/v2\/comments?post=391"}],"wp:featuredmedia":[{"embeddable":true,"href":"https:\/\/versano.nl\/fr\/wp-json\/wp\/v2\/media\/20339"}],"wp:attachment":[{"href":"https:\/\/versano.nl\/fr\/wp-json\/wp\/v2\/media?parent=391"}],"wp:term":[{"taxonomy":"product_brand","embeddable":true,"href":"https:\/\/versano.nl\/fr\/wp-json\/wp\/v2\/product_brand?post=391"},{"taxonomy":"product_cat","embeddable":true,"href":"https:\/\/versano.nl\/fr\/wp-json\/wp\/v2\/product_cat?post=391"},{"taxonomy":"product_tag","embeddable":true,"href":"https:\/\/versano.nl\/fr\/wp-json\/wp\/v2\/product_tag?post=391"}],"curies":[{"name":"wp","href":"https:\/\/api.w.org\/{rel}","templated":true}]}}

<h2>Veste motard femme en cuir 360 noir Versano</h2>
<p>Vous recherchez une veste de motard qui a l&#039;air cool, mais qui est également très confortable? Ensuite, nous vous conseillons de simplement passer cette magnifique veste de motard en cuir pour femme 360 Versano noire à un examen. La veste de motard en cuir pour femme avec col montant rond peut être portée de deux manières différentes. Cela vous donne une veste où vous pouvez choisir lequel des deux styles que vous voulez essayer tous les jours. Nous parlons d&#039;une veste très cool. Il y a deux poches zippées sur le côté, il y a aussi une poche intérieure pratique.</p>
<h2>Commandez le modèle 360 de Versano</h2>
<p>Les designers néerlandais travaillent chez Versano, qui ont beaucoup concentré leur style sur l&#039;Italie. Aujourd&#039;hui aussi, vous pouvez compter sur cette veste non seulement pour être parfaite, mais aussi pour être exceptionnellement confortable. Cela est également dû au matériau utilisé, le cuir d&#039;agneau souple. Les vestes de motard en cuir de Versano sont vraiment cool et ont un beau design. Cette veste de motard est bien sûr non seulement à porter sur la moto, mais elle est appelée ainsi en raison de son apparence robuste. Cette veste se porte généralement au quotidien pour rendre votre tenue plus à la mode. Si vous commandez cette veste chez nous, vous obtiendrez une veste qui restera belle toute une vie. La couleur noire est facile à combiner et correspond à presque toutes vos tenues. Son design italien garantit que la veste a une coupe ajustée et reste confortable à porter. Vous pouvez facilement commander sur notre site Web. Fortement recommandé de la gamme Versano!</p>
<p>marque: <a href="https://versano.nl/">Versano</a><br />
Matériel: lambskin<br />
Doublure: 100% polyester<br />
Longueur: court<br />
Coupe: ajustée<br />
Fermeture: fermeture éclair<br />
Poches: poches avec zip<br />
Col: col vers le bas<br />
Matériau couche extérieure: lambskin<br />
Délai de livraison: 2-3 jours ouvrables</p>

<p><span style="color: #ff0000;">Conseils d&#039;ajustement:</span> La coupe de cette veste est bien ajustée. Notre mannequin mesure 1,80 cm et porte une taille S.</p>
<p>Si vous n&#039;êtes pas sûr de vos mesures, nous vous recommandons de commencer par mesurer vos mesures de taille et de les comparer avec notre tableau des tailles. Si vous n&#039;avez aucune expérience dans la mesure des tailles de circonférence, cliquez sur <a href="https://www.youtube.com/watch?v=3ZSfY87v6pM"><em>ICI</em> </a> à <span style="color: #ff0000;"><a style="color: #ff0000;" href="https://www.youtube.com/watch?v=3ZSfY87v6pM"><em>VIDEO</em></a> </span> avec des instructions. Vous pouvez également nous appeler ou nous appliquer directement! Nos employés sont toujours disponibles pour vous aider.</p>
<p><strong>HEURE DE LIVRAISON :</strong> 2 à 3 jours ouvrés.</p>

<!-- This site is optimized with the Yoast SEO plugin v27.2 - https://yoast.com/product/yoast-seo-wordpress/ -->
<title>Leren dames biker jas 360 zwart Versano, biker jas zwart</title>
<meta name="description" content="Bent u op zoek naar een Leren dames biker jas 360 zwart Versano? Dan bent u bij het bekende jassen merk Versano aan het juiste adres." />
<meta name="robots" content="index, follow, max-snippet:-1, max-image-preview:large, max-video-preview:-1" />
<link rel="canonical" href="https://versano.nl/fr/shop/leren-biker-jack-dames-zwart-versano-360/" />
<meta property="og:locale" content="fr_FR" />
<meta property="og:type" content="article" />
<meta property="og:title" content="Leren dames biker jas 360 zwart Versano, biker jas zwart" />
<meta property="og:description" content="Bent u op zoek naar een Leren dames biker jas 360 zwart Versano? Dan bent u bij het bekende jassen merk Versano aan het juiste adres." />
<meta property="og:url" content="https://versano.nl/fr/shop/leren-biker-jack-dames-zwart-versano-360/" />
<meta property="og:site_name" content="Versano" />
<meta property="article:modified_time" content="2025-11-25T16:23:03+00:00" />
<meta property="og:image" content="https://versano.nl/wp-content/uploads/2017/02/leren-bikerjack-met-dubbele-rits-dames-zwart-versano-360-model1.jpg" />
	<meta property="og:image:width" content="900" />
	<meta property="og:image:height" content="1176" />
	<meta property="og:image:type" content="image/jpeg" />
<meta name="twitter:card" content="summary_large_image" />
<meta name="twitter:label1" content="Durée de lecture estimée" />
	<meta name="twitter:data1" content="2 minutes" />
<script type="application/ld+json" class="yoast-schema-graph">{"@context":"https://schema.org","@graph":[{"@type":"WebPage","@id":"https://versano.nl/shop/leren-biker-jack-dames-zwart-versano-360/","url":"https://versano.nl/shop/leren-biker-jack-dames-zwart-versano-360/","name":"Leren dames biker jas 360 zwart Versano, biker jas zwart","isPartOf":{"@id":"https://versano.nl/#website"},"primaryImageOfPage":{"@id":"https://versano.nl/shop/leren-biker-jack-dames-zwart-versano-360/#primaryimage"},"image":{"@id":"https://versano.nl/shop/leren-biker-jack-dames-zwart-versano-360/#primaryimage"},"thumbnailUrl":"https://versano.nl/wp-content/uploads/2017/02/leren-bikerjack-met-dubbele-rits-dames-zwart-versano-360-model1.jpg","datePublished":"2017-02-28T00:03:19+00:00","dateModified":"2025-11-25T16:23:03+00:00","description":"Bent u op zoek naar een Leren dames biker jas 360 zwart Versano? Dan bent u bij het bekende jassen merk Versano aan het juiste adres.","breadcrumb":{"@id":"https://versano.nl/shop/leren-biker-jack-dames-zwart-versano-360/#breadcrumb"},"inLanguage":"fr-FR","potentialAction":[{"@type":"ReadAction","target":["https://versano.nl/shop/leren-biker-jack-dames-zwart-versano-360/"]}]},{"@type":"ImageObject","inLanguage":"fr-FR","@id":"https://versano.nl/shop/leren-biker-jack-dames-zwart-versano-360/#primaryimage","url":"https://versano.nl/wp-content/uploads/2017/02/leren-bikerjack-met-dubbele-rits-dames-zwart-versano-360-model1.jpg","contentUrl":"https://versano.nl/wp-content/uploads/2017/02/leren-bikerjack-met-dubbele-rits-dames-zwart-versano-360-model1.jpg","width":900,"height":1176,"caption":"Leren dames biker jas 360 zwart Versano"},{"@type":"BreadcrumbList","@id":"https://versano.nl/shop/leren-biker-jack-dames-zwart-versano-360/#breadcrumb","itemListElement":[{"@type":"ListItem","position":1,"name":"Home","item":"https://versano.nl/"},{"@type":"ListItem","position":2,"name":"Shop","item":"https://versano.nl/shop/"},{"@type":"ListItem","position":3,"name":"Leren dames biker jas 360 zwart Versano"}]},{"@type":"WebSite","@id":"https://versano.nl/#website","url":"https://versano.nl/","name":"Versano","description":"winterjassen met bontkraag | leren dames jassen | leren heren jassen","potentialAction":[{"@type":"SearchAction","target":{"@type":"EntryPoint","urlTemplate":"https://versano.nl/?s={search_term_string}"},"query-input":{"@type":"PropertyValueSpecification","valueRequired":true,"valueName":"search_term_string"}}],"inLanguage":"fr-FR"}]}</script>
<!-- / Yoast SEO plugin. -->

Vous cherchez une veste de motard en cuir pour femme 360 noir Versano ? Alors vous êtes au bon endroit chez la célèbre marque de vestes Versano.
