{"id":34813,"date":"2025-03-21T15:07:41","date_gmt":"2025-03-21T15:07:41","guid":{"rendered":"https:\/\/versano.nl\/?post_type=product&#038;p=34813"},"modified":"2026-03-31T16:53:23","modified_gmt":"2026-03-31T16:53:23","slug":"dames-mantel-jas-grijs-violet-ng-versano","status":"publish","type":"product","link":"https:\/\/versano.nl\/fr\/shop\/dames-mantel-jas-grijs-violet-ng-versano\/","title":{"rendered":"Dames mantel jas grijs Violet NG Versano"},"content":{"rendered":"<h2>Dames mantel jas grijs Violet NG Versano<\/h2>\n<p>Ben je toevallig op zoek naar een mooie dames mantel jas in de kleur grijs? Kijk niet verder want je bent bij het bekende jassen merk versano aan het juiste adres. De Violet is de perfecte dames mantel jas die je lekker warm houd en je kan hem in meerdere seizoenen dragen! De Dames mantel jas grijs Violet NG van het bekende jassen merk Versano is niet alleen stijlvol maar hij heeft ook een mooi getailleerde pasvorm. deze nieuwe model van Versano is een 3 kwart lange model met zakken die zich op heuphoogte bevinden. \u00a0De jas gaat dicht door middel van een knoopsluiting. Het is \u00e9\u00e9n model van de nieuwe collectie van Versano tegen een scherpe prijs. We hebben de Violet ook in de kleuren cr\u00e8me, zwart en camel te koop.<\/p>\n<h2>Un manteau cape avec un beau design<\/h2>\n<p>Ben jij al bekend met Versano? Het merk Versano is vooral bekend om de mooie en aparte modellen jassen met getailleerde Italiaanse pasvormen, maar dit is niet zomaar een ontwerp, wij noemen het \u201cA STATE OF ART \u201c.\u00a0 Met zo\u2019n mooie mantel jas van Versano weet u zeker dat u er de hele winter patent bij loopt. Dit zijn mooie jassen die niet alleen perfect zijn ontworpen, maar die ook nog eens van de beste materialen zijn gemaakt. U bestelt de Dames mantel jas Violet in de kleur grijs eenvoudig via onze webshop van Versano. We hebben al onze jassen hier overzichtelijk voor u bij elkaar gezet, zodat u eenvoudig een bestelling kunt maken. Bij Versano bent u er altijd zeker van dat u een mooie jas koopt waar met zorg aan is gewerkt en waar u veel plezier van gaat krijgen.<\/p>\n<p>&nbsp;<\/p>\n<p>Marque : Versano<br \/>\nlongueur : 3 quarts<br \/>\nmat\u00e9riau : polyester 64%, viscon 34%, lycra 2%, synth\u00e9tique<br \/>\nCoupe: ajust\u00e9e<br \/>\nDoublure: 100% polyester<br \/>\nfermeture: fermeture \u00e0 boutons<br \/>\npoches : poches lat\u00e9rales<br \/>\nFonction: imperm\u00e9able, coupe-vent<\/p>","protected":false},"excerpt":{"rendered":"<p><span style=\"color: #ff0000;\"><strong>Conseils d&#039;ajustement:<\/strong><\/span><\/p>\n<p><span style=\"color: #ff0000;\">Getailleerde pasvorm, bekijk de maattabel voor de juiste maat.<\/span><\/p>\n<p><span style=\"color: #ff0000;\">Onze model is 1,68 m en weegt 60 kg, ze draagt maat Small.<\/span><\/p>\n<p>Si vous n&#039;\u00eates pas s\u00fbr de vos mesures, nous vous recommandons de commencer par mesurer vos mesures de taille et de les comparer avec notre tableau des tailles. Si vous n&#039;avez aucune exp\u00e9rience dans la mesure des tailles de circonf\u00e9rence, cliquez sur <a href=\"https:\/\/www.youtube.com\/watch?v=3ZSfY87v6pM\"><em>ICI<\/em>\u00a0<\/a>\u00a0\u00e0 <span style=\"color: #ff0000;\"><a style=\"color: #ff0000;\" href=\"https:\/\/www.youtube.com\/watch?v=3ZSfY87v6pM\"><em>VIDEO<\/em><\/a>\u00a0<\/span> avec des instructions. Vous pouvez \u00e9galement nous appeler ou nous appliquer directement! Nos employ\u00e9s sont toujours disponibles pour vous aider.<\/p>\n<p><strong><span style=\"color: #000000;\">HEURE DE LIVRAISON<\/span> :<\/strong> 2 \u00e0 3 jours ouvr\u00e9s.<\/p>","protected":false},"featured_media":35091,"comment_status":"closed","ping_status":"closed","template":"","meta":[],"product_brand":[],"product_cat":[1145,1382,2151,882,1143,1144,1404,1339],"product_tag":[],"class_list":{"0":"post-34813","1":"product","2":"type-product","3":"status-publish","4":"has-post-thumbnail","6":"product_cat-dames-winterjas","7":"product_cat-dames-winterjassen","8":"product_cat-dames-mantel-jassen","9":"product_cat-versano","10":"product_cat-winterjas","11":"product_cat-winterjas-dames","12":"product_cat-winterjassen","13":"product_cat-winterjassen-dames","14":"product_shipping_class-verzendkosten-1","15":"tm-no-options","17":"first","18":"instock","19":"sale","20":"taxable","21":"shipping-taxable","22":"purchasable","23":"product-type-variable"},"yoast_head":"<!-- This site is optimized with the Yoast SEO plugin v27.2 - https:\/\/yoast.com\/product\/yoast-seo-wordpress\/ -->\n<title>Dames mantel jas grijs Violet NG Versano<\/title>\n<meta name=\"description\" content=\"Bent u op zoek naar een nieuwe dames mantel jas in de kleur GRIJS? Zoek niet verder en bekijk nu de Violet NG van Versano!\" \/>\n<meta name=\"robots\" content=\"index, follow, max-snippet:-1, max-image-preview:large, max-video-preview:-1\" \/>\n<link rel=\"canonical\" href=\"https:\/\/versano.nl\/fr\/shop\/dames-mantel-jas-grijs-violet-ng-versano\/\" \/>\n<meta property=\"og:locale\" content=\"fr_FR\" \/>\n<meta property=\"og:type\" content=\"article\" \/>\n<meta property=\"og:title\" content=\"Dames mantel jas grijs Violet NG Versano\" \/>\n<meta property=\"og:description\" content=\"Bent u op zoek naar een nieuwe dames mantel jas in de kleur GRIJS? Zoek niet verder en bekijk nu de Violet NG van Versano!\" \/>\n<meta property=\"og:url\" content=\"https:\/\/versano.nl\/fr\/shop\/dames-mantel-jas-grijs-violet-ng-versano\/\" \/>\n<meta property=\"og:site_name\" content=\"Versano\" \/>\n<meta property=\"article:modified_time\" content=\"2026-03-31T16:53:23+00:00\" \/>\n<meta property=\"og:image\" content=\"https:\/\/versano.nl\/wp-content\/uploads\/2025\/03\/Dames-mantel-jas-grijs-Violet-NG-Versano-5.jpg\" \/>\n\t<meta property=\"og:image:width\" content=\"803\" \/>\n\t<meta property=\"og:image:height\" content=\"1198\" \/>\n\t<meta property=\"og:image:type\" content=\"image\/jpeg\" \/>\n<meta name=\"twitter:card\" content=\"summary_large_image\" \/>\n<meta name=\"twitter:label1\" content=\"Dur\u00e9e de lecture estim\u00e9e\" \/>\n\t<meta name=\"twitter:data1\" content=\"2 minutes\" \/>\n<script type=\"application\/ld+json\" class=\"yoast-schema-graph\">{\"@context\":\"https:\/\/schema.org\",\"@graph\":[{\"@type\":\"WebPage\",\"@id\":\"https:\/\/versano.nl\/shop\/dames-mantel-jas-grijs-violet-ng-versano\/\",\"url\":\"https:\/\/versano.nl\/shop\/dames-mantel-jas-grijs-violet-ng-versano\/\",\"name\":\"Dames mantel jas grijs Violet NG Versano\",\"isPartOf\":{\"@id\":\"https:\/\/versano.nl\/#website\"},\"primaryImageOfPage\":{\"@id\":\"https:\/\/versano.nl\/shop\/dames-mantel-jas-grijs-violet-ng-versano\/#primaryimage\"},\"image\":{\"@id\":\"https:\/\/versano.nl\/shop\/dames-mantel-jas-grijs-violet-ng-versano\/#primaryimage\"},\"thumbnailUrl\":\"https:\/\/versano.nl\/wp-content\/uploads\/2025\/03\/Dames-mantel-jas-grijs-Violet-NG-Versano-5.jpg\",\"datePublished\":\"2025-03-21T15:07:41+00:00\",\"dateModified\":\"2026-03-31T16:53:23+00:00\",\"description\":\"Bent u op zoek naar een nieuwe dames mantel jas in de kleur GRIJS? Zoek niet verder en bekijk nu de Violet NG van Versano!\",\"breadcrumb\":{\"@id\":\"https:\/\/versano.nl\/shop\/dames-mantel-jas-grijs-violet-ng-versano\/#breadcrumb\"},\"inLanguage\":\"fr-FR\",\"potentialAction\":[{\"@type\":\"ReadAction\",\"target\":[\"https:\/\/versano.nl\/shop\/dames-mantel-jas-grijs-violet-ng-versano\/\"]}]},{\"@type\":\"ImageObject\",\"inLanguage\":\"fr-FR\",\"@id\":\"https:\/\/versano.nl\/shop\/dames-mantel-jas-grijs-violet-ng-versano\/#primaryimage\",\"url\":\"https:\/\/versano.nl\/wp-content\/uploads\/2025\/03\/Dames-mantel-jas-grijs-Violet-NG-Versano-5.jpg\",\"contentUrl\":\"https:\/\/versano.nl\/wp-content\/uploads\/2025\/03\/Dames-mantel-jas-grijs-Violet-NG-Versano-5.jpg\",\"width\":803,\"height\":1198,\"caption\":\"Dames mantel jas grijs Violet NG Versano\"},{\"@type\":\"BreadcrumbList\",\"@id\":\"https:\/\/versano.nl\/shop\/dames-mantel-jas-grijs-violet-ng-versano\/#breadcrumb\",\"itemListElement\":[{\"@type\":\"ListItem\",\"position\":1,\"name\":\"Home\",\"item\":\"https:\/\/versano.nl\/\"},{\"@type\":\"ListItem\",\"position\":2,\"name\":\"Shop\",\"item\":\"https:\/\/versano.nl\/shop\/\"},{\"@type\":\"ListItem\",\"position\":3,\"name\":\"Dames mantel jas grijs Violet NG Versano\"}]},{\"@type\":\"WebSite\",\"@id\":\"https:\/\/versano.nl\/#website\",\"url\":\"https:\/\/versano.nl\/\",\"name\":\"Versano\",\"description\":\"winterjassen met bontkraag | leren dames jassen | leren heren jassen\",\"potentialAction\":[{\"@type\":\"SearchAction\",\"target\":{\"@type\":\"EntryPoint\",\"urlTemplate\":\"https:\/\/versano.nl\/?s={search_term_string}\"},\"query-input\":{\"@type\":\"PropertyValueSpecification\",\"valueRequired\":true,\"valueName\":\"search_term_string\"}}],\"inLanguage\":\"fr-FR\"}]}<\/script>\n<!-- \/ Yoast SEO plugin. -->","yoast_head_json":{"title":"Dames mantel jas grijs Violet NG Versano","description":"Bent u op zoek naar een nieuwe dames mantel jas in de kleur GRIJS? Zoek niet verder en bekijk nu de Violet NG van Versano!","robots":{"index":"index","follow":"follow","max-snippet":"max-snippet:-1","max-image-preview":"max-image-preview:large","max-video-preview":"max-video-preview:-1"},"canonical":"https:\/\/versano.nl\/fr\/shop\/dames-mantel-jas-grijs-violet-ng-versano\/","og_locale":"fr_FR","og_type":"article","og_title":"Dames mantel jas grijs Violet NG Versano","og_description":"Bent u op zoek naar een nieuwe dames mantel jas in de kleur GRIJS? Zoek niet verder en bekijk nu de Violet NG van Versano!","og_url":"https:\/\/versano.nl\/fr\/shop\/dames-mantel-jas-grijs-violet-ng-versano\/","og_site_name":"Versano","article_modified_time":"2026-03-31T16:53:23+00:00","og_image":[{"width":803,"height":1198,"url":"https:\/\/versano.nl\/wp-content\/uploads\/2025\/03\/Dames-mantel-jas-grijs-Violet-NG-Versano-5.jpg","type":"image\/jpeg"}],"twitter_card":"summary_large_image","twitter_misc":{"Dur\u00e9e de lecture estim\u00e9e":"2 minutes"},"schema":{"@context":"https:\/\/schema.org","@graph":[{"@type":"WebPage","@id":"https:\/\/versano.nl\/shop\/dames-mantel-jas-grijs-violet-ng-versano\/","url":"https:\/\/versano.nl\/shop\/dames-mantel-jas-grijs-violet-ng-versano\/","name":"Dames mantel jas grijs Violet NG Versano","isPartOf":{"@id":"https:\/\/versano.nl\/#website"},"primaryImageOfPage":{"@id":"https:\/\/versano.nl\/shop\/dames-mantel-jas-grijs-violet-ng-versano\/#primaryimage"},"image":{"@id":"https:\/\/versano.nl\/shop\/dames-mantel-jas-grijs-violet-ng-versano\/#primaryimage"},"thumbnailUrl":"https:\/\/versano.nl\/wp-content\/uploads\/2025\/03\/Dames-mantel-jas-grijs-Violet-NG-Versano-5.jpg","datePublished":"2025-03-21T15:07:41+00:00","dateModified":"2026-03-31T16:53:23+00:00","description":"Bent u op zoek naar een nieuwe dames mantel jas in de kleur GRIJS? Zoek niet verder en bekijk nu de Violet NG van Versano!","breadcrumb":{"@id":"https:\/\/versano.nl\/shop\/dames-mantel-jas-grijs-violet-ng-versano\/#breadcrumb"},"inLanguage":"fr-FR","potentialAction":[{"@type":"ReadAction","target":["https:\/\/versano.nl\/shop\/dames-mantel-jas-grijs-violet-ng-versano\/"]}]},{"@type":"ImageObject","inLanguage":"fr-FR","@id":"https:\/\/versano.nl\/shop\/dames-mantel-jas-grijs-violet-ng-versano\/#primaryimage","url":"https:\/\/versano.nl\/wp-content\/uploads\/2025\/03\/Dames-mantel-jas-grijs-Violet-NG-Versano-5.jpg","contentUrl":"https:\/\/versano.nl\/wp-content\/uploads\/2025\/03\/Dames-mantel-jas-grijs-Violet-NG-Versano-5.jpg","width":803,"height":1198,"caption":"Dames mantel jas grijs Violet NG Versano"},{"@type":"BreadcrumbList","@id":"https:\/\/versano.nl\/shop\/dames-mantel-jas-grijs-violet-ng-versano\/#breadcrumb","itemListElement":[{"@type":"ListItem","position":1,"name":"Home","item":"https:\/\/versano.nl\/"},{"@type":"ListItem","position":2,"name":"Shop","item":"https:\/\/versano.nl\/shop\/"},{"@type":"ListItem","position":3,"name":"Dames mantel jas grijs Violet NG Versano"}]},{"@type":"WebSite","@id":"https:\/\/versano.nl\/#website","url":"https:\/\/versano.nl\/","name":"Versano","description":"manteaux d&#039;hiver avec col en fourrure | vestes femme en cuir | vestes en cuir pour hommes","potentialAction":[{"@type":"SearchAction","target":{"@type":"EntryPoint","urlTemplate":"https:\/\/versano.nl\/?s={search_term_string}"},"query-input":{"@type":"PropertyValueSpecification","valueRequired":true,"valueName":"search_term_string"}}],"inLanguage":"fr-FR"}]}},"_links":{"self":[{"href":"https:\/\/versano.nl\/fr\/wp-json\/wp\/v2\/product\/34813","targetHints":{"allow":["GET"]}}],"collection":[{"href":"https:\/\/versano.nl\/fr\/wp-json\/wp\/v2\/product"}],"about":[{"href":"https:\/\/versano.nl\/fr\/wp-json\/wp\/v2\/types\/product"}],"replies":[{"embeddable":true,"href":"https:\/\/versano.nl\/fr\/wp-json\/wp\/v2\/comments?post=34813"}],"wp:featuredmedia":[{"embeddable":true,"href":"https:\/\/versano.nl\/fr\/wp-json\/wp\/v2\/media\/35091"}],"wp:attachment":[{"href":"https:\/\/versano.nl\/fr\/wp-json\/wp\/v2\/media?parent=34813"}],"wp:term":[{"taxonomy":"product_brand","embeddable":true,"href":"https:\/\/versano.nl\/fr\/wp-json\/wp\/v2\/product_brand?post=34813"},{"taxonomy":"product_cat","embeddable":true,"href":"https:\/\/versano.nl\/fr\/wp-json\/wp\/v2\/product_cat?post=34813"},{"taxonomy":"product_tag","embeddable":true,"href":"https:\/\/versano.nl\/fr\/wp-json\/wp\/v2\/product_tag?post=34813"}],"curies":[{"name":"wp","href":"https:\/\/api.w.org\/{rel}","templated":true}]}}

<h2>Dames mantel jas grijs Violet NG Versano</h2>
<p>Ben je toevallig op zoek naar een mooie dames mantel jas in de kleur grijs? Kijk niet verder want je bent bij het bekende jassen merk versano aan het juiste adres. De Violet is de perfecte dames mantel jas die je lekker warm houd en je kan hem in meerdere seizoenen dragen! De Dames mantel jas grijs Violet NG van het bekende jassen merk Versano is niet alleen stijlvol maar hij heeft ook een mooi getailleerde pasvorm. deze nieuwe model van Versano is een 3 kwart lange model met zakken die zich op heuphoogte bevinden.  De jas gaat dicht door middel van een knoopsluiting. Het is één model van de nieuwe collectie van Versano tegen een scherpe prijs. We hebben de Violet ook in de kleuren crème, zwart en camel te koop.</p>
<h2>Un manteau cape avec un beau design</h2>
<p>Ben jij al bekend met Versano? Het merk Versano is vooral bekend om de mooie en aparte modellen jassen met getailleerde Italiaanse pasvormen, maar dit is niet zomaar een ontwerp, wij noemen het “A STATE OF ART “.  Met zo’n mooie mantel jas van Versano weet u zeker dat u er de hele winter patent bij loopt. Dit zijn mooie jassen die niet alleen perfect zijn ontworpen, maar die ook nog eens van de beste materialen zijn gemaakt. U bestelt de Dames mantel jas Violet in de kleur grijs eenvoudig via onze webshop van Versano. We hebben al onze jassen hier overzichtelijk voor u bij elkaar gezet, zodat u eenvoudig een bestelling kunt maken. Bij Versano bent u er altijd zeker van dat u een mooie jas koopt waar met zorg aan is gewerkt en waar u veel plezier van gaat krijgen.</p>
<p>&nbsp;</p>
<p>Marque : Versano<br />
longueur : 3 quarts<br />
matériau : polyester 64%, viscon 34%, lycra 2%, synthétique<br />
Coupe: ajustée<br />
Doublure: 100% polyester<br />
fermeture: fermeture à boutons<br />
poches : poches latérales<br />
Fonction: imperméable, coupe-vent</p>

<p><span style="color: #ff0000;"><strong>Conseils d&#039;ajustement:</strong></span></p>
<p><span style="color: #ff0000;">Getailleerde pasvorm, bekijk de maattabel voor de juiste maat.</span></p>
<p><span style="color: #ff0000;">Onze model is 1,68 m en weegt 60 kg, ze draagt maat Small.</span></p>
<p>Si vous n&#039;êtes pas sûr de vos mesures, nous vous recommandons de commencer par mesurer vos mesures de taille et de les comparer avec notre tableau des tailles. Si vous n&#039;avez aucune expérience dans la mesure des tailles de circonférence, cliquez sur <a href="https://www.youtube.com/watch?v=3ZSfY87v6pM"><em>ICI</em> </a> à <span style="color: #ff0000;"><a style="color: #ff0000;" href="https://www.youtube.com/watch?v=3ZSfY87v6pM"><em>VIDEO</em></a> </span> avec des instructions. Vous pouvez également nous appeler ou nous appliquer directement! Nos employés sont toujours disponibles pour vous aider.</p>
<p><strong><span style="color: #000000;">HEURE DE LIVRAISON</span> :</strong> 2 à 3 jours ouvrés.</p>

<!-- This site is optimized with the Yoast SEO plugin v27.2 - https://yoast.com/product/yoast-seo-wordpress/ -->
<title>Dames mantel jas grijs Violet NG Versano</title>
<meta name="description" content="Bent u op zoek naar een nieuwe dames mantel jas in de kleur GRIJS? Zoek niet verder en bekijk nu de Violet NG van Versano!" />
<meta name="robots" content="index, follow, max-snippet:-1, max-image-preview:large, max-video-preview:-1" />
<link rel="canonical" href="https://versano.nl/fr/shop/dames-mantel-jas-grijs-violet-ng-versano/" />
<meta property="og:locale" content="fr_FR" />
<meta property="og:type" content="article" />
<meta property="og:title" content="Dames mantel jas grijs Violet NG Versano" />
<meta property="og:description" content="Bent u op zoek naar een nieuwe dames mantel jas in de kleur GRIJS? Zoek niet verder en bekijk nu de Violet NG van Versano!" />
<meta property="og:url" content="https://versano.nl/fr/shop/dames-mantel-jas-grijs-violet-ng-versano/" />
<meta property="og:site_name" content="Versano" />
<meta property="article:modified_time" content="2026-03-31T16:53:23+00:00" />
<meta property="og:image" content="https://versano.nl/wp-content/uploads/2025/03/Dames-mantel-jas-grijs-Violet-NG-Versano-5.jpg" />
	<meta property="og:image:width" content="803" />
	<meta property="og:image:height" content="1198" />
	<meta property="og:image:type" content="image/jpeg" />
<meta name="twitter:card" content="summary_large_image" />
<meta name="twitter:label1" content="Durée de lecture estimée" />
	<meta name="twitter:data1" content="2 minutes" />
<script type="application/ld+json" class="yoast-schema-graph">{"@context":"https://schema.org","@graph":[{"@type":"WebPage","@id":"https://versano.nl/shop/dames-mantel-jas-grijs-violet-ng-versano/","url":"https://versano.nl/shop/dames-mantel-jas-grijs-violet-ng-versano/","name":"Dames mantel jas grijs Violet NG Versano","isPartOf":{"@id":"https://versano.nl/#website"},"primaryImageOfPage":{"@id":"https://versano.nl/shop/dames-mantel-jas-grijs-violet-ng-versano/#primaryimage"},"image":{"@id":"https://versano.nl/shop/dames-mantel-jas-grijs-violet-ng-versano/#primaryimage"},"thumbnailUrl":"https://versano.nl/wp-content/uploads/2025/03/Dames-mantel-jas-grijs-Violet-NG-Versano-5.jpg","datePublished":"2025-03-21T15:07:41+00:00","dateModified":"2026-03-31T16:53:23+00:00","description":"Bent u op zoek naar een nieuwe dames mantel jas in de kleur GRIJS? Zoek niet verder en bekijk nu de Violet NG van Versano!","breadcrumb":{"@id":"https://versano.nl/shop/dames-mantel-jas-grijs-violet-ng-versano/#breadcrumb"},"inLanguage":"fr-FR","potentialAction":[{"@type":"ReadAction","target":["https://versano.nl/shop/dames-mantel-jas-grijs-violet-ng-versano/"]}]},{"@type":"ImageObject","inLanguage":"fr-FR","@id":"https://versano.nl/shop/dames-mantel-jas-grijs-violet-ng-versano/#primaryimage","url":"https://versano.nl/wp-content/uploads/2025/03/Dames-mantel-jas-grijs-Violet-NG-Versano-5.jpg","contentUrl":"https://versano.nl/wp-content/uploads/2025/03/Dames-mantel-jas-grijs-Violet-NG-Versano-5.jpg","width":803,"height":1198,"caption":"Dames mantel jas grijs Violet NG Versano"},{"@type":"BreadcrumbList","@id":"https://versano.nl/shop/dames-mantel-jas-grijs-violet-ng-versano/#breadcrumb","itemListElement":[{"@type":"ListItem","position":1,"name":"Home","item":"https://versano.nl/"},{"@type":"ListItem","position":2,"name":"Shop","item":"https://versano.nl/shop/"},{"@type":"ListItem","position":3,"name":"Dames mantel jas grijs Violet NG Versano"}]},{"@type":"WebSite","@id":"https://versano.nl/#website","url":"https://versano.nl/","name":"Versano","description":"winterjassen met bontkraag | leren dames jassen | leren heren jassen","potentialAction":[{"@type":"SearchAction","target":{"@type":"EntryPoint","urlTemplate":"https://versano.nl/?s={search_term_string}"},"query-input":{"@type":"PropertyValueSpecification","valueRequired":true,"valueName":"search_term_string"}}],"inLanguage":"fr-FR"}]}</script>
<!-- / Yoast SEO plugin. -->
