{"id":28311,"date":"2023-01-01T21:29:07","date_gmt":"2023-01-01T21:29:07","guid":{"rendered":"https:\/\/versano.nl\/shop\/lange-dames-mantel-jas-versano-delfin-zwart\/"},"modified":"2026-04-05T10:47:31","modified_gmt":"2026-04-05T10:47:31","slug":"lange-dames-mantel-jas-versano-delfin-zwart","status":"publish","type":"product","link":"https:\/\/versano.nl\/fr\/shop\/lange-dames-mantel-jas-versano-delfin-zwart\/","title":{"rendered":"Manteau long en laine pour femme Versano Delfin noir"},"content":{"rendered":"<h2>Manteau long en laine pour femme Versano Delfin noir<\/h2>\n<p>Ben je toevallig op zoek naar een mooie dames mantel jas? Kijk niet verder want je bent bij het bekende jassen merk versano aan het juiste adres. De Delfin is de perfecte dames mantel jas die je lekker warm houd en je kan hem in meerdere seizoenen dragen! De Lange Dames wol jas lang Delfin zwart van het bekende jassen merk Versano zijn niet alleen stijlvol maar hij heeft ook een mooi getailleerde pasvorm. deze nieuwe model van Versano is een lange model met zakken die zich op heuphoogte bevinden. \u00a0De jas gaat dicht door middel van een knoopsluiting. Het is \u00e9\u00e9n model van de nieuwe collectie van Versano tegen een scherpe prijs. We hebben de Delfin ook in de kleur camel te koop.<\/p>\n<h2>Un manteau cape avec un beau design<\/h2>\n<p>Connaissez-vous d\u00e9j\u00e0 Versano ? La marque Versano est surtout connue pour ses beaux mod\u00e8les sp\u00e9ciaux de vestes aux coupes italiennes sur mesure, mais ce n&#039;est pas seulement un design, nous l&#039;appelons &quot;UN \u00c9TAT DE L&#039;ART&quot;. Avec un si beau manteau de Versano, vous pouvez \u00eatre s\u00fbr que vous le porterez tout l&#039;hiver. Ce sont de belles vestes qui sont non seulement parfaitement con\u00e7ues, mais qui sont \u00e9galement fabriqu\u00e9es avec les meilleurs mat\u00e9riaux. Vous pouvez facilement commander la veste manteau longue femme Versano Delfin noir via notre boutique en ligne Versano. Nous avons rassembl\u00e9 ici toutes nos vestes pour vous afin que vous puissiez facilement passer une commande. Chez Versano, vous pouvez toujours \u00eatre s\u00fbr que vous achetez une belle veste qui a \u00e9t\u00e9 travaill\u00e9e avec soin et que vous appr\u00e9cierez beaucoup.<\/p>\n<p>&nbsp;<\/p>\n<p>Marque : Versano<br \/>\nlongueur: longue<br \/>\nmat\u00e9riau : polyester 64%, viscon 34%, lycra 2%, synth\u00e9tique<br \/>\nCoupe: ajust\u00e9e<br \/>\nDoublure: 100% polyester<br \/>\nfermeture: fermeture \u00e0 boutons<br \/>\npoches : poches lat\u00e9rales<br \/>\nFonction: imperm\u00e9able, coupe-vent<\/p>","protected":false},"excerpt":{"rendered":"<p><span style=\"color: #ff0000;\"><strong>Conseils d&#039;ajustement:<\/strong><\/span><\/p>\n<p><span style=\"color: #ff0000;\">Slim fit pasvorm, bekijk de maattabel voor de juiste maat.<\/span><\/p>\n<p><span style=\"color: #ff0000;\">Onze model is 1,70 m en weegt 62 kg, ze draagt maat Small.<\/span><\/p>\n<p>Si vous n&#039;\u00eates pas s\u00fbr de vos mesures, nous vous recommandons de commencer par mesurer vos mesures de taille et de les comparer avec notre tableau des tailles. Si vous n&#039;avez aucune exp\u00e9rience dans la mesure des tailles de circonf\u00e9rence, cliquez sur <a href=\"https:\/\/www.youtube.com\/watch?v=3ZSfY87v6pM\"><em>ICI<\/em>\u00a0<\/a>\u00a0\u00e0 <span style=\"color: #ff0000;\"><a style=\"color: #ff0000;\" href=\"https:\/\/www.youtube.com\/watch?v=3ZSfY87v6pM\"><em>VIDEO<\/em><\/a>\u00a0<\/span> avec des instructions. Vous pouvez \u00e9galement nous appeler ou nous appliquer directement! Nos employ\u00e9s sont toujours disponibles pour vous aider.<\/p>\n<p>&nbsp;<\/p>\n<p><strong><span style=\"color: #000000;\">HEURE DE LIVRAISON<\/span> :<\/strong> 2 \u00e0 3 jours ouvr\u00e9s.<\/p>","protected":false},"featured_media":35181,"comment_status":"closed","ping_status":"closed","template":"","meta":[],"product_brand":[],"product_cat":[2211,2207,2209,2208,2151,1339,2210],"product_tag":[2174,2175,2176],"class_list":{"0":"post-28311","1":"product","2":"type-product","3":"status-publish","4":"has-post-thumbnail","6":"product_cat-dames-getailleerde-manteljas","7":"product_cat-dames-manteljas","8":"product_cat-dames-wollen-jas","9":"product_cat-lange-manteljas-dames","10":"product_cat-dames-mantel-jassen","11":"product_cat-winterjassen-dames","12":"product_cat-wollen-jas-dames","13":"product_tag-extra-lange-dames-mantel-zwart","14":"product_tag-lange-dames-mantel-zwart","15":"product_tag-zwarte-lange-dames-mantel","16":"tm-no-options","18":"first","19":"instock","20":"sale","21":"taxable","22":"shipping-taxable","23":"purchasable","24":"product-type-variable"},"yoast_head":"<!-- This site is optimized with the Yoast SEO plugin v27.2 - https:\/\/yoast.com\/product\/yoast-seo-wordpress\/ -->\n<title>Dames wol jas lang Versano Delfin zwart<\/title>\n<meta name=\"description\" content=\"Ben je op zoek naar een mooie Dames wol jas lang Versano Delfin zwart? Dan ben je bij Versano aan het juiste adres.\" \/>\n<meta name=\"robots\" content=\"index, follow, max-snippet:-1, max-image-preview:large, max-video-preview:-1\" \/>\n<link rel=\"canonical\" href=\"https:\/\/versano.nl\/fr\/shop\/lange-dames-mantel-jas-versano-delfin-zwart\/\" \/>\n<meta property=\"og:locale\" content=\"fr_FR\" \/>\n<meta property=\"og:type\" content=\"article\" \/>\n<meta property=\"og:title\" content=\"Dames wol jas lang Versano Delfin zwart\" \/>\n<meta property=\"og:description\" content=\"Ben je op zoek naar een mooie Dames wol jas lang Versano Delfin zwart? Dan ben je bij Versano aan het juiste adres.\" \/>\n<meta property=\"og:url\" content=\"https:\/\/versano.nl\/fr\/shop\/lange-dames-mantel-jas-versano-delfin-zwart\/\" \/>\n<meta property=\"og:site_name\" content=\"Versano\" \/>\n<meta property=\"article:modified_time\" content=\"2026-04-05T10:47:31+00:00\" \/>\n<meta property=\"og:image\" content=\"https:\/\/versano.nl\/wp-content\/uploads\/2023\/01\/thumbnail_Delfin-manteljas-3.jpg\" \/>\n\t<meta property=\"og:image:width\" content=\"800\" \/>\n\t<meta property=\"og:image:height\" content=\"1201\" \/>\n\t<meta property=\"og:image:type\" content=\"image\/jpeg\" \/>\n<meta name=\"twitter:card\" content=\"summary_large_image\" \/>\n<meta name=\"twitter:label1\" content=\"Dur\u00e9e de lecture estim\u00e9e\" \/>\n\t<meta name=\"twitter:data1\" content=\"2 minutes\" \/>\n<script type=\"application\/ld+json\" class=\"yoast-schema-graph\">{\"@context\":\"https:\/\/schema.org\",\"@graph\":[{\"@type\":\"WebPage\",\"@id\":\"https:\/\/versano.nl\/shop\/lange-dames-mantel-jas-versano-delfin-zwart\/\",\"url\":\"https:\/\/versano.nl\/shop\/lange-dames-mantel-jas-versano-delfin-zwart\/\",\"name\":\"Dames wol jas lang Versano Delfin zwart\",\"isPartOf\":{\"@id\":\"https:\/\/versano.nl\/#website\"},\"primaryImageOfPage\":{\"@id\":\"https:\/\/versano.nl\/shop\/lange-dames-mantel-jas-versano-delfin-zwart\/#primaryimage\"},\"image\":{\"@id\":\"https:\/\/versano.nl\/shop\/lange-dames-mantel-jas-versano-delfin-zwart\/#primaryimage\"},\"thumbnailUrl\":\"https:\/\/versano.nl\/wp-content\/uploads\/2023\/01\/thumbnail_Delfin-manteljas-3.jpg\",\"datePublished\":\"2023-01-01T21:29:07+00:00\",\"dateModified\":\"2026-04-05T10:47:31+00:00\",\"description\":\"Ben je op zoek naar een mooie Dames wol jas lang Versano Delfin zwart? Dan ben je bij Versano aan het juiste adres.\",\"breadcrumb\":{\"@id\":\"https:\/\/versano.nl\/shop\/lange-dames-mantel-jas-versano-delfin-zwart\/#breadcrumb\"},\"inLanguage\":\"fr-FR\",\"potentialAction\":[{\"@type\":\"ReadAction\",\"target\":[\"https:\/\/versano.nl\/shop\/lange-dames-mantel-jas-versano-delfin-zwart\/\"]}]},{\"@type\":\"ImageObject\",\"inLanguage\":\"fr-FR\",\"@id\":\"https:\/\/versano.nl\/shop\/lange-dames-mantel-jas-versano-delfin-zwart\/#primaryimage\",\"url\":\"https:\/\/versano.nl\/wp-content\/uploads\/2023\/01\/thumbnail_Delfin-manteljas-3.jpg\",\"contentUrl\":\"https:\/\/versano.nl\/wp-content\/uploads\/2023\/01\/thumbnail_Delfin-manteljas-3.jpg\",\"width\":800,\"height\":1201,\"caption\":\"Dames wol jas lang Versano Delfin zwart\"},{\"@type\":\"BreadcrumbList\",\"@id\":\"https:\/\/versano.nl\/shop\/lange-dames-mantel-jas-versano-delfin-zwart\/#breadcrumb\",\"itemListElement\":[{\"@type\":\"ListItem\",\"position\":1,\"name\":\"Home\",\"item\":\"https:\/\/versano.nl\/\"},{\"@type\":\"ListItem\",\"position\":2,\"name\":\"Shop\",\"item\":\"https:\/\/versano.nl\/shop\/\"},{\"@type\":\"ListItem\",\"position\":3,\"name\":\"Dames wol jas lang Versano Delfin zwart\"}]},{\"@type\":\"WebSite\",\"@id\":\"https:\/\/versano.nl\/#website\",\"url\":\"https:\/\/versano.nl\/\",\"name\":\"Versano\",\"description\":\"winterjassen met bontkraag | leren dames jassen | leren heren jassen\",\"potentialAction\":[{\"@type\":\"SearchAction\",\"target\":{\"@type\":\"EntryPoint\",\"urlTemplate\":\"https:\/\/versano.nl\/?s={search_term_string}\"},\"query-input\":{\"@type\":\"PropertyValueSpecification\",\"valueRequired\":true,\"valueName\":\"search_term_string\"}}],\"inLanguage\":\"fr-FR\"}]}<\/script>\n<!-- \/ Yoast SEO plugin. -->","yoast_head_json":{"title":"Manteau long en laine pour femme Versano Delfin noir","description":"Ben je op zoek naar een mooie Dames wol jas lang Versano Delfin zwart? Dan ben je bij Versano aan het juiste adres.","robots":{"index":"index","follow":"follow","max-snippet":"max-snippet:-1","max-image-preview":"max-image-preview:large","max-video-preview":"max-video-preview:-1"},"canonical":"https:\/\/versano.nl\/fr\/shop\/lange-dames-mantel-jas-versano-delfin-zwart\/","og_locale":"fr_FR","og_type":"article","og_title":"Dames wol jas lang Versano Delfin zwart","og_description":"Ben je op zoek naar een mooie Dames wol jas lang Versano Delfin zwart? Dan ben je bij Versano aan het juiste adres.","og_url":"https:\/\/versano.nl\/fr\/shop\/lange-dames-mantel-jas-versano-delfin-zwart\/","og_site_name":"Versano","article_modified_time":"2026-04-05T10:47:31+00:00","og_image":[{"width":800,"height":1201,"url":"https:\/\/versano.nl\/wp-content\/uploads\/2023\/01\/thumbnail_Delfin-manteljas-3.jpg","type":"image\/jpeg"}],"twitter_card":"summary_large_image","twitter_misc":{"Dur\u00e9e de lecture estim\u00e9e":"2 minutes"},"schema":{"@context":"https:\/\/schema.org","@graph":[{"@type":"WebPage","@id":"https:\/\/versano.nl\/shop\/lange-dames-mantel-jas-versano-delfin-zwart\/","url":"https:\/\/versano.nl\/shop\/lange-dames-mantel-jas-versano-delfin-zwart\/","name":"Manteau long en laine pour femme Versano Delfin noir","isPartOf":{"@id":"https:\/\/versano.nl\/#website"},"primaryImageOfPage":{"@id":"https:\/\/versano.nl\/shop\/lange-dames-mantel-jas-versano-delfin-zwart\/#primaryimage"},"image":{"@id":"https:\/\/versano.nl\/shop\/lange-dames-mantel-jas-versano-delfin-zwart\/#primaryimage"},"thumbnailUrl":"https:\/\/versano.nl\/wp-content\/uploads\/2023\/01\/thumbnail_Delfin-manteljas-3.jpg","datePublished":"2023-01-01T21:29:07+00:00","dateModified":"2026-04-05T10:47:31+00:00","description":"Ben je op zoek naar een mooie Dames wol jas lang Versano Delfin zwart? Dan ben je bij Versano aan het juiste adres.","breadcrumb":{"@id":"https:\/\/versano.nl\/shop\/lange-dames-mantel-jas-versano-delfin-zwart\/#breadcrumb"},"inLanguage":"fr-FR","potentialAction":[{"@type":"ReadAction","target":["https:\/\/versano.nl\/shop\/lange-dames-mantel-jas-versano-delfin-zwart\/"]}]},{"@type":"ImageObject","inLanguage":"fr-FR","@id":"https:\/\/versano.nl\/shop\/lange-dames-mantel-jas-versano-delfin-zwart\/#primaryimage","url":"https:\/\/versano.nl\/wp-content\/uploads\/2023\/01\/thumbnail_Delfin-manteljas-3.jpg","contentUrl":"https:\/\/versano.nl\/wp-content\/uploads\/2023\/01\/thumbnail_Delfin-manteljas-3.jpg","width":800,"height":1201,"caption":"Dames wol jas lang Versano Delfin zwart"},{"@type":"BreadcrumbList","@id":"https:\/\/versano.nl\/shop\/lange-dames-mantel-jas-versano-delfin-zwart\/#breadcrumb","itemListElement":[{"@type":"ListItem","position":1,"name":"Home","item":"https:\/\/versano.nl\/"},{"@type":"ListItem","position":2,"name":"Shop","item":"https:\/\/versano.nl\/shop\/"},{"@type":"ListItem","position":3,"name":"Dames wol jas lang Versano Delfin zwart"}]},{"@type":"WebSite","@id":"https:\/\/versano.nl\/#website","url":"https:\/\/versano.nl\/","name":"Versano","description":"manteaux d&#039;hiver avec col en fourrure | vestes femme en cuir | vestes en cuir pour hommes","potentialAction":[{"@type":"SearchAction","target":{"@type":"EntryPoint","urlTemplate":"https:\/\/versano.nl\/?s={search_term_string}"},"query-input":{"@type":"PropertyValueSpecification","valueRequired":true,"valueName":"search_term_string"}}],"inLanguage":"fr-FR"}]}},"_links":{"self":[{"href":"https:\/\/versano.nl\/fr\/wp-json\/wp\/v2\/product\/28311","targetHints":{"allow":["GET"]}}],"collection":[{"href":"https:\/\/versano.nl\/fr\/wp-json\/wp\/v2\/product"}],"about":[{"href":"https:\/\/versano.nl\/fr\/wp-json\/wp\/v2\/types\/product"}],"replies":[{"embeddable":true,"href":"https:\/\/versano.nl\/fr\/wp-json\/wp\/v2\/comments?post=28311"}],"wp:featuredmedia":[{"embeddable":true,"href":"https:\/\/versano.nl\/fr\/wp-json\/wp\/v2\/media\/35181"}],"wp:attachment":[{"href":"https:\/\/versano.nl\/fr\/wp-json\/wp\/v2\/media?parent=28311"}],"wp:term":[{"taxonomy":"product_brand","embeddable":true,"href":"https:\/\/versano.nl\/fr\/wp-json\/wp\/v2\/product_brand?post=28311"},{"taxonomy":"product_cat","embeddable":true,"href":"https:\/\/versano.nl\/fr\/wp-json\/wp\/v2\/product_cat?post=28311"},{"taxonomy":"product_tag","embeddable":true,"href":"https:\/\/versano.nl\/fr\/wp-json\/wp\/v2\/product_tag?post=28311"}],"curies":[{"name":"wp","href":"https:\/\/api.w.org\/{rel}","templated":true}]}}

<h2>Manteau long en laine pour femme Versano Delfin noir</h2>
<p>Ben je toevallig op zoek naar een mooie dames mantel jas? Kijk niet verder want je bent bij het bekende jassen merk versano aan het juiste adres. De Delfin is de perfecte dames mantel jas die je lekker warm houd en je kan hem in meerdere seizoenen dragen! De Lange Dames wol jas lang Delfin zwart van het bekende jassen merk Versano zijn niet alleen stijlvol maar hij heeft ook een mooi getailleerde pasvorm. deze nieuwe model van Versano is een lange model met zakken die zich op heuphoogte bevinden.  De jas gaat dicht door middel van een knoopsluiting. Het is één model van de nieuwe collectie van Versano tegen een scherpe prijs. We hebben de Delfin ook in de kleur camel te koop.</p>
<h2>Un manteau cape avec un beau design</h2>
<p>Connaissez-vous déjà Versano ? La marque Versano est surtout connue pour ses beaux modèles spéciaux de vestes aux coupes italiennes sur mesure, mais ce n&#039;est pas seulement un design, nous l&#039;appelons &quot;UN ÉTAT DE L&#039;ART&quot;. Avec un si beau manteau de Versano, vous pouvez être sûr que vous le porterez tout l&#039;hiver. Ce sont de belles vestes qui sont non seulement parfaitement conçues, mais qui sont également fabriquées avec les meilleurs matériaux. Vous pouvez facilement commander la veste manteau longue femme Versano Delfin noir via notre boutique en ligne Versano. Nous avons rassemblé ici toutes nos vestes pour vous afin que vous puissiez facilement passer une commande. Chez Versano, vous pouvez toujours être sûr que vous achetez une belle veste qui a été travaillée avec soin et que vous apprécierez beaucoup.</p>
<p>&nbsp;</p>
<p>Marque : Versano<br />
longueur: longue<br />
matériau : polyester 64%, viscon 34%, lycra 2%, synthétique<br />
Coupe: ajustée<br />
Doublure: 100% polyester<br />
fermeture: fermeture à boutons<br />
poches : poches latérales<br />
Fonction: imperméable, coupe-vent</p>

<p><span style="color: #ff0000;"><strong>Conseils d&#039;ajustement:</strong></span></p>
<p><span style="color: #ff0000;">Slim fit pasvorm, bekijk de maattabel voor de juiste maat.</span></p>
<p><span style="color: #ff0000;">Onze model is 1,70 m en weegt 62 kg, ze draagt maat Small.</span></p>
<p>Si vous n&#039;êtes pas sûr de vos mesures, nous vous recommandons de commencer par mesurer vos mesures de taille et de les comparer avec notre tableau des tailles. Si vous n&#039;avez aucune expérience dans la mesure des tailles de circonférence, cliquez sur <a href="https://www.youtube.com/watch?v=3ZSfY87v6pM"><em>ICI</em> </a> à <span style="color: #ff0000;"><a style="color: #ff0000;" href="https://www.youtube.com/watch?v=3ZSfY87v6pM"><em>VIDEO</em></a> </span> avec des instructions. Vous pouvez également nous appeler ou nous appliquer directement! Nos employés sont toujours disponibles pour vous aider.</p>
<p>&nbsp;</p>
<p><strong><span style="color: #000000;">HEURE DE LIVRAISON</span> :</strong> 2 à 3 jours ouvrés.</p>

<!-- This site is optimized with the Yoast SEO plugin v27.2 - https://yoast.com/product/yoast-seo-wordpress/ -->
<title>Dames wol jas lang Versano Delfin zwart</title>
<meta name="description" content="Ben je op zoek naar een mooie Dames wol jas lang Versano Delfin zwart? Dan ben je bij Versano aan het juiste adres." />
<meta name="robots" content="index, follow, max-snippet:-1, max-image-preview:large, max-video-preview:-1" />
<link rel="canonical" href="https://versano.nl/fr/shop/lange-dames-mantel-jas-versano-delfin-zwart/" />
<meta property="og:locale" content="fr_FR" />
<meta property="og:type" content="article" />
<meta property="og:title" content="Dames wol jas lang Versano Delfin zwart" />
<meta property="og:description" content="Ben je op zoek naar een mooie Dames wol jas lang Versano Delfin zwart? Dan ben je bij Versano aan het juiste adres." />
<meta property="og:url" content="https://versano.nl/fr/shop/lange-dames-mantel-jas-versano-delfin-zwart/" />
<meta property="og:site_name" content="Versano" />
<meta property="article:modified_time" content="2026-04-05T10:47:31+00:00" />
<meta property="og:image" content="https://versano.nl/wp-content/uploads/2023/01/thumbnail_Delfin-manteljas-3.jpg" />
	<meta property="og:image:width" content="800" />
	<meta property="og:image:height" content="1201" />
	<meta property="og:image:type" content="image/jpeg" />
<meta name="twitter:card" content="summary_large_image" />
<meta name="twitter:label1" content="Durée de lecture estimée" />
	<meta name="twitter:data1" content="2 minutes" />
<script type="application/ld+json" class="yoast-schema-graph">{"@context":"https://schema.org","@graph":[{"@type":"WebPage","@id":"https://versano.nl/shop/lange-dames-mantel-jas-versano-delfin-zwart/","url":"https://versano.nl/shop/lange-dames-mantel-jas-versano-delfin-zwart/","name":"Dames wol jas lang Versano Delfin zwart","isPartOf":{"@id":"https://versano.nl/#website"},"primaryImageOfPage":{"@id":"https://versano.nl/shop/lange-dames-mantel-jas-versano-delfin-zwart/#primaryimage"},"image":{"@id":"https://versano.nl/shop/lange-dames-mantel-jas-versano-delfin-zwart/#primaryimage"},"thumbnailUrl":"https://versano.nl/wp-content/uploads/2023/01/thumbnail_Delfin-manteljas-3.jpg","datePublished":"2023-01-01T21:29:07+00:00","dateModified":"2026-04-05T10:47:31+00:00","description":"Ben je op zoek naar een mooie Dames wol jas lang Versano Delfin zwart? Dan ben je bij Versano aan het juiste adres.","breadcrumb":{"@id":"https://versano.nl/shop/lange-dames-mantel-jas-versano-delfin-zwart/#breadcrumb"},"inLanguage":"fr-FR","potentialAction":[{"@type":"ReadAction","target":["https://versano.nl/shop/lange-dames-mantel-jas-versano-delfin-zwart/"]}]},{"@type":"ImageObject","inLanguage":"fr-FR","@id":"https://versano.nl/shop/lange-dames-mantel-jas-versano-delfin-zwart/#primaryimage","url":"https://versano.nl/wp-content/uploads/2023/01/thumbnail_Delfin-manteljas-3.jpg","contentUrl":"https://versano.nl/wp-content/uploads/2023/01/thumbnail_Delfin-manteljas-3.jpg","width":800,"height":1201,"caption":"Dames wol jas lang Versano Delfin zwart"},{"@type":"BreadcrumbList","@id":"https://versano.nl/shop/lange-dames-mantel-jas-versano-delfin-zwart/#breadcrumb","itemListElement":[{"@type":"ListItem","position":1,"name":"Home","item":"https://versano.nl/"},{"@type":"ListItem","position":2,"name":"Shop","item":"https://versano.nl/shop/"},{"@type":"ListItem","position":3,"name":"Dames wol jas lang Versano Delfin zwart"}]},{"@type":"WebSite","@id":"https://versano.nl/#website","url":"https://versano.nl/","name":"Versano","description":"winterjassen met bontkraag | leren dames jassen | leren heren jassen","potentialAction":[{"@type":"SearchAction","target":{"@type":"EntryPoint","urlTemplate":"https://versano.nl/?s={search_term_string}"},"query-input":{"@type":"PropertyValueSpecification","valueRequired":true,"valueName":"search_term_string"}}],"inLanguage":"fr-FR"}]}</script>
<!-- / Yoast SEO plugin. -->
