{"id":4909,"date":"2016-04-07T14:28:14","date_gmt":"2016-04-07T14:28:14","guid":{"rendered":"http:\/\/leathershopdoci.nl\/?post_type=product&#038;p=10383"},"modified":"2024-05-05T18:23:01","modified_gmt":"2024-05-05T18:23:01","slug":"leren-bikerjack-heren-versano-tr40-zwart","status":"publish","type":"product","link":"https:\/\/versano.nl\/es\/shop\/leren-bikerjack-heren-versano-tr40-zwart\/","title":{"rendered":"Chaqueta biker hombre negra TR40 Versano"},"content":{"rendered":"<h2>Chaqueta biker hombre negra TR40 Versano<\/h2>\n<p>Esta chaqueta de cuero es realmente llamativa y destaca por su comodidad y modelo. Estamos ante una chaqueta que parece dura. Esta chaqueta est\u00e1 hecha de piel de cordero y es una chaqueta de motociclista realmente genial. La chaqueta tiene dos bolsillos laterales profundos con cremallera y un bolsillo interior. Esta chaqueta de cuero para hombre tiene un excelente acabado y un corte ce\u00f1ido. No es necesario que seas motociclista para usar esta chaqueta. Le ir\u00e1 igual de bien cuando salga por la noche o vaya a una ocasi\u00f3n especial. Es una chaqueta de cuero que puedes llevar en todas las estaciones del a\u00f1o. Con la chaqueta Biker hombre negra TR40 Versano obtienes una chaqueta que sin duda te gustar\u00e1. Puede solicitar este modelo f\u00e1cilmente en nuestro sitio web My-Versano.<\/p>\n<h2>Solicite el modelo TR40 en negro<\/h2>\n<p>\u00bfBuscas una chaqueta de motociclista de cuero genial? Entonces es bueno echar un vistazo a la gama My-Versano. Vendemos las chaquetas de cuero de la conocida marca Versano. Aqu\u00ed se utilizan los materiales m\u00e1s hermosos, que son moldeados por los mejores dise\u00f1adores en un modelo atractivo y resistente. El TR40 est\u00e1 disponible en negro. Tambi\u00e9n te recomendamos que eches un vistazo a m\u00e1s modelos de motociclistas para ver cu\u00e1l crees que se adapta mejor a tu propio estilo. Con nosotros, puede elegir f\u00e1cilmente el tama\u00f1o correcto seg\u00fan nuestros videos de instrucciones inteligentes. Entonces siempre puede contactarnos por correo o WhatsApp. \u00a1Nuestros empleados desean ayudarlo!<\/p>\n<p>marca:\u00a0<a href=\"https:\/\/versano.nl\/\">Versano<\/a><br \/>\nMaterial: 100% piel de cordero<br \/>\nForro: 100% poli\u00e9ster<br \/>\nlongitud: corto<br \/>\nAjuste: corte ce\u00f1ido<br \/>\nCierre: cremallera<br \/>\nBolsillos: bolsillo con cremallera<br \/>\nCollar: de pie cuello<br \/>\nMaterial de la capa exterior: piel de cabra de muy alta calidad.<br \/>\nPlazo de entrega: 2-3 d\u00edas laborables<\/p>","protected":false},"excerpt":{"rendered":"<p><span style=\"color: #ff0000;\">Consejos de ajuste:<\/span>\u00a0El ajuste de esta chaqueta es ajustado. Nuestro modelo mide 1,75 cm y lleva una talla M.<\/p>\n<p>Si no est\u00e1 seguro de sus medidas, le recomendamos que primero mida las medidas de su talla y las compare con nuestra tabla de tallas. Si no tiene experiencia en medir tama\u00f1os de circunferencia, haga clic en\u00a0<a href=\"https:\/\/www.youtube.com\/watch?v=3ZSfY87v6pM\"><em>AQU\u00cd<\/em>\u00a0<\/a>\u00a0para\u00a0<a href=\"https:\/\/www.youtube.com\/watch?v=3ZSfY87v6pM\"><em><span style=\"color: #ff0000;\">VIDEO<\/span><\/em><\/a>\u00a0 con instrucciones. \u00a1Tambi\u00e9n puede llamarnos o enviarnos una aplicaci\u00f3n directamente! Nuestros empleados est\u00e1n siempre disponibles para ayudar.<\/p>\n<p><strong>EL TIEMPO DE ENTREGA :<\/strong>\u00a02 a 3 d\u00edas laborables.<\/p>","protected":false},"featured_media":8069,"comment_status":"closed","ping_status":"closed","template":"","meta":[],"product_brand":[],"product_cat":[1672,1670,147,874,907,912,1671,908,1669,1712,913,910,882],"product_tag":[737,1729,300,648,1738,656,738,649,650,651,23,647,24,1737,653,515,654],"class_list":{"0":"post-4909","1":"product","2":"type-product","3":"status-publish","4":"has-post-thumbnail","6":"product_cat-biker-jas-heren","7":"product_cat-heren-leren-jas","8":"product_cat-heren-leren-jassen","9":"product_cat-kort-leren-jasje","10":"product_cat-kort-leren-jasje-heren","11":"product_cat-leren-bikerjacks-heren","12":"product_cat-leren-heren-jas","13":"product_cat-leren-heren-jassen","14":"product_cat-leren-jas-heren","15":"product_cat-leren-jassen","16":"product_cat-leren-jassen-heren-uitverkoop","17":"product_cat-leren-jassen-heren","18":"product_cat-versano","19":"product_tag-biker-jack-zwart-leer","20":"product_tag-biker-jas-heren-sale","21":"product_tag-bikerjack-heren","22":"product_tag-bikerjack-leer-heren","23":"product_tag-echt-leer-biker-jas-zwart","24":"product_tag-heren-bikerjack-in-geitenleer","25":"product_tag-leren-biker-jack-heren-zwart","26":"product_tag-leren-heren-bikerjack","27":"product_tag-leren-heren-bikerjack-zwart","28":"product_tag-leren-jack-zwart","29":"product_tag-motorjacks-heren","30":"product_tag-online-heren-bikerjacks","31":"product_tag-stoer-jasje-heren","32":"product_tag-uitverkoop-biker-jassen-heren","33":"product_tag-zwarte-bikerjack-heren","34":"product_tag-zwarte-heren-bikerjack","35":"product_tag-zwarte-leren-bikerjack-heren","36":"tm-no-options","38":"first","39":"instock","40":"sale","41":"taxable","42":"shipping-taxable","43":"purchasable","44":"product-type-variable","45":"has-default-attributes"},"yoast_head":"<!-- This site is optimized with the Yoast SEO plugin v27.2 - https:\/\/yoast.com\/product\/yoast-seo-wordpress\/ -->\n<title>Biker jas heren zwart TR40 Versano, bikerjassen voor heren<\/title>\n<meta name=\"description\" content=\"Bent u op zoek naar een Biker jas heren zwart TR40 Versano? Dan zit u bij ons goed want Versano maakt de stoerste biker jassen in leer.\" \/>\n<meta name=\"robots\" content=\"index, follow, max-snippet:-1, max-image-preview:large, max-video-preview:-1\" \/>\n<link rel=\"canonical\" href=\"https:\/\/versano.nl\/es\/shop\/leren-bikerjack-heren-versano-tr40-zwart\/\" \/>\n<meta property=\"og:locale\" content=\"es_ES\" \/>\n<meta property=\"og:type\" content=\"article\" \/>\n<meta property=\"og:title\" content=\"Biker jas heren zwart TR40 Versano, bikerjassen voor heren\" \/>\n<meta property=\"og:description\" content=\"Bent u op zoek naar een Biker jas heren zwart TR40 Versano? Dan zit u bij ons goed want Versano maakt de stoerste biker jassen in leer.\" \/>\n<meta property=\"og:url\" content=\"https:\/\/versano.nl\/es\/shop\/leren-bikerjack-heren-versano-tr40-zwart\/\" \/>\n<meta property=\"og:site_name\" content=\"Versano\" \/>\n<meta property=\"article:modified_time\" content=\"2024-05-05T18:23:01+00:00\" \/>\n<meta property=\"og:image\" content=\"https:\/\/versano.nl\/wp-content\/uploads\/2016\/04\/bikerjack-heren-zwart-versano-tr40-model.jpg\" \/>\n\t<meta property=\"og:image:width\" content=\"900\" \/>\n\t<meta property=\"og:image:height\" content=\"1176\" \/>\n\t<meta property=\"og:image:type\" content=\"image\/jpeg\" \/>\n<meta name=\"twitter:card\" content=\"summary_large_image\" \/>\n<meta name=\"twitter:label1\" content=\"Tiempo de lectura\" \/>\n\t<meta name=\"twitter:data1\" content=\"1 minuto\" \/>\n<script type=\"application\/ld+json\" class=\"yoast-schema-graph\">{\"@context\":\"https:\/\/schema.org\",\"@graph\":[{\"@type\":\"WebPage\",\"@id\":\"https:\/\/versano.nl\/shop\/leren-bikerjack-heren-versano-tr40-zwart\/\",\"url\":\"https:\/\/versano.nl\/shop\/leren-bikerjack-heren-versano-tr40-zwart\/\",\"name\":\"Biker jas heren zwart TR40 Versano, bikerjassen voor heren\",\"isPartOf\":{\"@id\":\"https:\/\/versano.nl\/#website\"},\"primaryImageOfPage\":{\"@id\":\"https:\/\/versano.nl\/shop\/leren-bikerjack-heren-versano-tr40-zwart\/#primaryimage\"},\"image\":{\"@id\":\"https:\/\/versano.nl\/shop\/leren-bikerjack-heren-versano-tr40-zwart\/#primaryimage\"},\"thumbnailUrl\":\"https:\/\/versano.nl\/wp-content\/uploads\/2016\/04\/bikerjack-heren-zwart-versano-tr40-model.jpg\",\"datePublished\":\"2016-04-07T14:28:14+00:00\",\"dateModified\":\"2024-05-05T18:23:01+00:00\",\"description\":\"Bent u op zoek naar een Biker jas heren zwart TR40 Versano? Dan zit u bij ons goed want Versano maakt de stoerste biker jassen in leer.\",\"breadcrumb\":{\"@id\":\"https:\/\/versano.nl\/shop\/leren-bikerjack-heren-versano-tr40-zwart\/#breadcrumb\"},\"inLanguage\":\"es\",\"potentialAction\":[{\"@type\":\"ReadAction\",\"target\":[\"https:\/\/versano.nl\/shop\/leren-bikerjack-heren-versano-tr40-zwart\/\"]}]},{\"@type\":\"ImageObject\",\"inLanguage\":\"es\",\"@id\":\"https:\/\/versano.nl\/shop\/leren-bikerjack-heren-versano-tr40-zwart\/#primaryimage\",\"url\":\"https:\/\/versano.nl\/wp-content\/uploads\/2016\/04\/bikerjack-heren-zwart-versano-tr40-model.jpg\",\"contentUrl\":\"https:\/\/versano.nl\/wp-content\/uploads\/2016\/04\/bikerjack-heren-zwart-versano-tr40-model.jpg\",\"width\":900,\"height\":1176,\"caption\":\"Biker jas heren zwart TR40 Versano\"},{\"@type\":\"BreadcrumbList\",\"@id\":\"https:\/\/versano.nl\/shop\/leren-bikerjack-heren-versano-tr40-zwart\/#breadcrumb\",\"itemListElement\":[{\"@type\":\"ListItem\",\"position\":1,\"name\":\"Home\",\"item\":\"https:\/\/versano.nl\/\"},{\"@type\":\"ListItem\",\"position\":2,\"name\":\"Shop\",\"item\":\"https:\/\/versano.nl\/shop\/\"},{\"@type\":\"ListItem\",\"position\":3,\"name\":\"Biker jas heren zwart TR40 Versano\"}]},{\"@type\":\"WebSite\",\"@id\":\"https:\/\/versano.nl\/#website\",\"url\":\"https:\/\/versano.nl\/\",\"name\":\"Versano\",\"description\":\"winterjassen met bontkraag | leren dames jassen | leren heren jassen\",\"potentialAction\":[{\"@type\":\"SearchAction\",\"target\":{\"@type\":\"EntryPoint\",\"urlTemplate\":\"https:\/\/versano.nl\/?s={search_term_string}\"},\"query-input\":{\"@type\":\"PropertyValueSpecification\",\"valueRequired\":true,\"valueName\":\"search_term_string\"}}],\"inLanguage\":\"es\"}]}<\/script>\n<!-- \/ Yoast SEO plugin. -->","yoast_head_json":{"title":"Chaqueta biker hombre negro TR40 Versano, chaquetas biker para hombre","description":"\u00bfBuscas una chaqueta biker para hombre negra TR40 Versano? Entonces has venido al lugar correcto porque Versano fabrica las mejores chaquetas de motociclista en cuero.","robots":{"index":"index","follow":"follow","max-snippet":"max-snippet:-1","max-image-preview":"max-image-preview:large","max-video-preview":"max-video-preview:-1"},"canonical":"https:\/\/versano.nl\/es\/shop\/leren-bikerjack-heren-versano-tr40-zwart\/","og_locale":"es_ES","og_type":"article","og_title":"Biker jas heren zwart TR40 Versano, bikerjassen voor heren","og_description":"Bent u op zoek naar een Biker jas heren zwart TR40 Versano? Dan zit u bij ons goed want Versano maakt de stoerste biker jassen in leer.","og_url":"https:\/\/versano.nl\/es\/shop\/leren-bikerjack-heren-versano-tr40-zwart\/","og_site_name":"Versano","article_modified_time":"2024-05-05T18:23:01+00:00","og_image":[{"width":900,"height":1176,"url":"https:\/\/versano.nl\/wp-content\/uploads\/2016\/04\/bikerjack-heren-zwart-versano-tr40-model.jpg","type":"image\/jpeg"}],"twitter_card":"summary_large_image","twitter_misc":{"Tiempo de lectura":"1 minuto"},"schema":{"@context":"https:\/\/schema.org","@graph":[{"@type":"WebPage","@id":"https:\/\/versano.nl\/shop\/leren-bikerjack-heren-versano-tr40-zwart\/","url":"https:\/\/versano.nl\/shop\/leren-bikerjack-heren-versano-tr40-zwart\/","name":"Chaqueta biker hombre negro TR40 Versano, chaquetas biker para hombre","isPartOf":{"@id":"https:\/\/versano.nl\/#website"},"primaryImageOfPage":{"@id":"https:\/\/versano.nl\/shop\/leren-bikerjack-heren-versano-tr40-zwart\/#primaryimage"},"image":{"@id":"https:\/\/versano.nl\/shop\/leren-bikerjack-heren-versano-tr40-zwart\/#primaryimage"},"thumbnailUrl":"https:\/\/versano.nl\/wp-content\/uploads\/2016\/04\/bikerjack-heren-zwart-versano-tr40-model.jpg","datePublished":"2016-04-07T14:28:14+00:00","dateModified":"2024-05-05T18:23:01+00:00","description":"\u00bfBuscas una chaqueta biker para hombre negra TR40 Versano? Entonces has venido al lugar correcto porque Versano fabrica las mejores chaquetas de motociclista en cuero.","breadcrumb":{"@id":"https:\/\/versano.nl\/shop\/leren-bikerjack-heren-versano-tr40-zwart\/#breadcrumb"},"inLanguage":"es","potentialAction":[{"@type":"ReadAction","target":["https:\/\/versano.nl\/shop\/leren-bikerjack-heren-versano-tr40-zwart\/"]}]},{"@type":"ImageObject","inLanguage":"es","@id":"https:\/\/versano.nl\/shop\/leren-bikerjack-heren-versano-tr40-zwart\/#primaryimage","url":"https:\/\/versano.nl\/wp-content\/uploads\/2016\/04\/bikerjack-heren-zwart-versano-tr40-model.jpg","contentUrl":"https:\/\/versano.nl\/wp-content\/uploads\/2016\/04\/bikerjack-heren-zwart-versano-tr40-model.jpg","width":900,"height":1176,"caption":"Biker jas heren zwart TR40 Versano"},{"@type":"BreadcrumbList","@id":"https:\/\/versano.nl\/shop\/leren-bikerjack-heren-versano-tr40-zwart\/#breadcrumb","itemListElement":[{"@type":"ListItem","position":1,"name":"Home","item":"https:\/\/versano.nl\/"},{"@type":"ListItem","position":2,"name":"Shop","item":"https:\/\/versano.nl\/shop\/"},{"@type":"ListItem","position":3,"name":"Biker jas heren zwart TR40 Versano"}]},{"@type":"WebSite","@id":"https:\/\/versano.nl\/#website","url":"https:\/\/versano.nl\/","name":"Versano","description":"abrigos de invierno con cuello de piel | chaquetas de cuero para mujer | chaquetas de cuero para hombre","potentialAction":[{"@type":"SearchAction","target":{"@type":"EntryPoint","urlTemplate":"https:\/\/versano.nl\/?s={search_term_string}"},"query-input":{"@type":"PropertyValueSpecification","valueRequired":true,"valueName":"search_term_string"}}],"inLanguage":"es"}]}},"_links":{"self":[{"href":"https:\/\/versano.nl\/es\/wp-json\/wp\/v2\/product\/4909","targetHints":{"allow":["GET"]}}],"collection":[{"href":"https:\/\/versano.nl\/es\/wp-json\/wp\/v2\/product"}],"about":[{"href":"https:\/\/versano.nl\/es\/wp-json\/wp\/v2\/types\/product"}],"replies":[{"embeddable":true,"href":"https:\/\/versano.nl\/es\/wp-json\/wp\/v2\/comments?post=4909"}],"wp:featuredmedia":[{"embeddable":true,"href":"https:\/\/versano.nl\/es\/wp-json\/wp\/v2\/media\/8069"}],"wp:attachment":[{"href":"https:\/\/versano.nl\/es\/wp-json\/wp\/v2\/media?parent=4909"}],"wp:term":[{"taxonomy":"product_brand","embeddable":true,"href":"https:\/\/versano.nl\/es\/wp-json\/wp\/v2\/product_brand?post=4909"},{"taxonomy":"product_cat","embeddable":true,"href":"https:\/\/versano.nl\/es\/wp-json\/wp\/v2\/product_cat?post=4909"},{"taxonomy":"product_tag","embeddable":true,"href":"https:\/\/versano.nl\/es\/wp-json\/wp\/v2\/product_tag?post=4909"}],"curies":[{"name":"wp","href":"https:\/\/api.w.org\/{rel}","templated":true}]}}

<h2>Chaqueta biker hombre negra TR40 Versano</h2>
<p>Esta chaqueta de cuero es realmente llamativa y destaca por su comodidad y modelo. Estamos ante una chaqueta que parece dura. Esta chaqueta está hecha de piel de cordero y es una chaqueta de motociclista realmente genial. La chaqueta tiene dos bolsillos laterales profundos con cremallera y un bolsillo interior. Esta chaqueta de cuero para hombre tiene un excelente acabado y un corte ceñido. No es necesario que seas motociclista para usar esta chaqueta. Le irá igual de bien cuando salga por la noche o vaya a una ocasión especial. Es una chaqueta de cuero que puedes llevar en todas las estaciones del año. Con la chaqueta Biker hombre negra TR40 Versano obtienes una chaqueta que sin duda te gustará. Puede solicitar este modelo fácilmente en nuestro sitio web My-Versano.</p>
<h2>Solicite el modelo TR40 en negro</h2>
<p>¿Buscas una chaqueta de motociclista de cuero genial? Entonces es bueno echar un vistazo a la gama My-Versano. Vendemos las chaquetas de cuero de la conocida marca Versano. Aquí se utilizan los materiales más hermosos, que son moldeados por los mejores diseñadores en un modelo atractivo y resistente. El TR40 está disponible en negro. También te recomendamos que eches un vistazo a más modelos de motociclistas para ver cuál crees que se adapta mejor a tu propio estilo. Con nosotros, puede elegir fácilmente el tamaño correcto según nuestros videos de instrucciones inteligentes. Entonces siempre puede contactarnos por correo o WhatsApp. ¡Nuestros empleados desean ayudarlo!</p>
<p>marca: <a href="https://versano.nl/">Versano</a><br />
Material: 100% piel de cordero<br />
Forro: 100% poliéster<br />
longitud: corto<br />
Ajuste: corte ceñido<br />
Cierre: cremallera<br />
Bolsillos: bolsillo con cremallera<br />
Collar: de pie cuello<br />
Material de la capa exterior: piel de cabra de muy alta calidad.<br />
Plazo de entrega: 2-3 días laborables</p>

<p><span style="color: #ff0000;">Consejos de ajuste:</span> El ajuste de esta chaqueta es ajustado. Nuestro modelo mide 1,75 cm y lleva una talla M.</p>
<p>Si no está seguro de sus medidas, le recomendamos que primero mida las medidas de su talla y las compare con nuestra tabla de tallas. Si no tiene experiencia en medir tamaños de circunferencia, haga clic en <a href="https://www.youtube.com/watch?v=3ZSfY87v6pM"><em>AQUÍ</em> </a> para <a href="https://www.youtube.com/watch?v=3ZSfY87v6pM"><em><span style="color: #ff0000;">VIDEO</span></em></a>  con instrucciones. ¡También puede llamarnos o enviarnos una aplicación directamente! Nuestros empleados están siempre disponibles para ayudar.</p>
<p><strong>EL TIEMPO DE ENTREGA :</strong> 2 a 3 días laborables.</p>
