{"id":391,"date":"2017-02-28T00:03:19","date_gmt":"2017-02-28T00:03:19","guid":{"rendered":"https:\/\/leathershopdoci.nl\/shop\/leren-biker-jack-dames-zwart-versano-360\/"},"modified":"2025-11-25T16:23:03","modified_gmt":"2025-11-25T16:23:03","slug":"leren-biker-jack-dames-zwart-versano-360","status":"publish","type":"product","link":"https:\/\/versano.nl\/es\/shop\/leren-biker-jack-dames-zwart-versano-360\/","title":{"rendered":"Chaqueta biker de cuero para mujer 360 negro Versano"},"content":{"rendered":"<h2>Chaqueta biker de cuero para mujer 360 negro Versano<\/h2>\n<p>\u00bfEst\u00e1s buscando una chaqueta de motociclista que se vea genial, pero que tambi\u00e9n sea muy c\u00f3moda? Entonces le recomendamos que simplemente examine esta hermosa chaqueta de motociclista de cuero para mujer 360 Versano negro. La chaqueta de motociclista de cuero para mujer con cuello alto redondo se puede usar de dos maneras diferentes. Esto te da una chaqueta donde puedes elegir cu\u00e1l de los dos estilos quieres probar todos los d\u00edas. Hablamos de una chaqueta muy resistente. Hay dos bolsillos con cremallera en el lateral, adem\u00e1s tambi\u00e9n hay un pr\u00e1ctico bolsillo interior.<\/p>\n<h2>Solicite Versano Model 360<\/h2>\n<p>En Versano trabajan dise\u00f1adores holandeses, que han centrado mucho su estilo en Italia. Hoy tambi\u00e9n puedes contar con esta chaqueta no solo para lucir perfecta, sino tambi\u00e9n excepcionalmente c\u00f3moda. Esto tambi\u00e9n se debe al material utilizado, suave piel de cordero. Las chaquetas de motociclista de cuero de Versano son realmente geniales y tienen un dise\u00f1o hermoso. Por supuesto, esta chaqueta de motociclista no solo se puede usar en la motocicleta, sino que se llama as\u00ed por su aspecto resistente. Esta chaqueta se usa generalmente para la vida diaria para hacer que su atuendo est\u00e9 m\u00e1s a la moda. Si nos encarga esta chaqueta, recibir\u00e1 una chaqueta que permanecer\u00e1 hermosa para toda la vida. El color negro es f\u00e1cil de combinar y va con casi todos tus outfits. Su dise\u00f1o italiano asegura que la chaqueta le quede bien y sea c\u00f3moda de llevar. Puede realizar pedidos f\u00e1cilmente en nuestro sitio web. \u00a1Muy recomendable de la gama Versano!<\/p>\n<p>marca: <a href=\"https:\/\/versano.nl\/\">Versano<\/a><br \/>\nMaterial: piel de cordero<br \/>\nForro: 100% poli\u00e9ster<br \/>\nlongitud: corto<br \/>\nAjuste: ajustado<br \/>\nCierre: cremallera<br \/>\nBolsillos: bolsillo con cremallera<br \/>\nCuello: cuello hacia abajo<br \/>\ncapa exterior Material: piel de cordero<br \/>\nPlazo de entrega: 2-3 d\u00edas laborables<\/p>","protected":false},"excerpt":{"rendered":"<p><span style=\"color: #ff0000;\">Consejos de ajuste:<\/span> El ajuste de esta chaqueta est\u00e1 bien ajustado. Nuestro modelo mide 1,80 cm de altura y lleva una talla S.<\/p>\n<p>Si no est\u00e1 seguro de sus medidas, le recomendamos que primero mida las medidas de su talla y las compare con nuestra tabla de tallas. Si no tiene experiencia en medir tama\u00f1os de circunferencia, haga clic en <a href=\"https:\/\/www.youtube.com\/watch?v=3ZSfY87v6pM\"><em>AQU\u00cd<\/em>\u00a0<\/a>\u00a0para <span style=\"color: #ff0000;\"><a style=\"color: #ff0000;\" href=\"https:\/\/www.youtube.com\/watch?v=3ZSfY87v6pM\"><em>VIDEO<\/em><\/a>\u00a0<\/span> con instrucciones. \u00a1Tambi\u00e9n puede llamarnos o enviarnos una aplicaci\u00f3n directamente! Nuestros empleados est\u00e1n siempre disponibles para ayudar.<\/p>\n<p><strong>EL TIEMPO DE ENTREGA :<\/strong> 2 a 3 d\u00edas laborables.<\/p>","protected":false},"featured_media":20339,"comment_status":"closed","ping_status":"closed","template":"","meta":[],"product_brand":[],"product_cat":[1472,90,874,875,1499,877,879,880,1712,881,878,882,890],"product_tag":[155,156,157,1489,158,159,1490,160,161],"class_list":{"0":"post-391","1":"product","2":"type-product","3":"status-publish","4":"has-post-thumbnail","6":"product_cat-biker-jas-dames","7":"product_cat-dames-leren-jassen","8":"product_cat-kort-leren-jasje","9":"product_cat-kort-leren-jasje-dames","10":"product_cat-leren-biker-jas-dames","11":"product_cat-leren-bikerjacks-dames","12":"product_cat-leren-dames-jassen","13":"product_cat-leren-jasje-dames","14":"product_cat-leren-jassen","15":"product_cat-leren-jassen-dames","16":"product_cat-leren-jassen-dames-uitverkoop","17":"product_cat-versano","18":"product_cat-zwarte-leren-jas-dames","19":"product_tag-bikerjack-dames-zwart","20":"product_tag-dames-bikerjack-zwart","21":"product_tag-echte-dames-biker-jack-zwart","22":"product_tag-leren-dames-biker-jas","23":"product_tag-versano-dames-biker-jack","24":"product_tag-zwarte-biker-jack-dames","25":"product_tag-zwarte-biker-jas","26":"product_tag-zwarte-dames-biker-jack","27":"product_tag-zwarte-dames-biker-jack-met-ritsen","28":"tm-no-options","30":"first","31":"instock","32":"sale","33":"taxable","34":"shipping-taxable","35":"purchasable","36":"product-type-variable","37":"has-default-attributes"},"yoast_head":"<!-- This site is optimized with the Yoast SEO plugin v27.2 - https:\/\/yoast.com\/product\/yoast-seo-wordpress\/ -->\n<title>Leren dames biker jas 360 zwart Versano, biker jas zwart<\/title>\n<meta name=\"description\" content=\"Bent u op zoek naar een Leren dames biker jas 360 zwart Versano? Dan bent u bij het bekende jassen merk Versano aan het juiste adres.\" \/>\n<meta name=\"robots\" content=\"index, follow, max-snippet:-1, max-image-preview:large, max-video-preview:-1\" \/>\n<link rel=\"canonical\" href=\"https:\/\/versano.nl\/es\/shop\/leren-biker-jack-dames-zwart-versano-360\/\" \/>\n<meta property=\"og:locale\" content=\"es_ES\" \/>\n<meta property=\"og:type\" content=\"article\" \/>\n<meta property=\"og:title\" content=\"Leren dames biker jas 360 zwart Versano, biker jas zwart\" \/>\n<meta property=\"og:description\" content=\"Bent u op zoek naar een Leren dames biker jas 360 zwart Versano? Dan bent u bij het bekende jassen merk Versano aan het juiste adres.\" \/>\n<meta property=\"og:url\" content=\"https:\/\/versano.nl\/es\/shop\/leren-biker-jack-dames-zwart-versano-360\/\" \/>\n<meta property=\"og:site_name\" content=\"Versano\" \/>\n<meta property=\"article:modified_time\" content=\"2025-11-25T16:23:03+00:00\" \/>\n<meta property=\"og:image\" content=\"https:\/\/versano.nl\/wp-content\/uploads\/2017\/02\/leren-bikerjack-met-dubbele-rits-dames-zwart-versano-360-model1.jpg\" \/>\n\t<meta property=\"og:image:width\" content=\"900\" \/>\n\t<meta property=\"og:image:height\" content=\"1176\" \/>\n\t<meta property=\"og:image:type\" content=\"image\/jpeg\" \/>\n<meta name=\"twitter:card\" content=\"summary_large_image\" \/>\n<meta name=\"twitter:label1\" content=\"Tiempo de lectura\" \/>\n\t<meta name=\"twitter:data1\" content=\"2 minutos\" \/>\n<script type=\"application\/ld+json\" class=\"yoast-schema-graph\">{\"@context\":\"https:\/\/schema.org\",\"@graph\":[{\"@type\":\"WebPage\",\"@id\":\"https:\/\/versano.nl\/shop\/leren-biker-jack-dames-zwart-versano-360\/\",\"url\":\"https:\/\/versano.nl\/shop\/leren-biker-jack-dames-zwart-versano-360\/\",\"name\":\"Leren dames biker jas 360 zwart Versano, biker jas zwart\",\"isPartOf\":{\"@id\":\"https:\/\/versano.nl\/#website\"},\"primaryImageOfPage\":{\"@id\":\"https:\/\/versano.nl\/shop\/leren-biker-jack-dames-zwart-versano-360\/#primaryimage\"},\"image\":{\"@id\":\"https:\/\/versano.nl\/shop\/leren-biker-jack-dames-zwart-versano-360\/#primaryimage\"},\"thumbnailUrl\":\"https:\/\/versano.nl\/wp-content\/uploads\/2017\/02\/leren-bikerjack-met-dubbele-rits-dames-zwart-versano-360-model1.jpg\",\"datePublished\":\"2017-02-28T00:03:19+00:00\",\"dateModified\":\"2025-11-25T16:23:03+00:00\",\"description\":\"Bent u op zoek naar een Leren dames biker jas 360 zwart Versano? Dan bent u bij het bekende jassen merk Versano aan het juiste adres.\",\"breadcrumb\":{\"@id\":\"https:\/\/versano.nl\/shop\/leren-biker-jack-dames-zwart-versano-360\/#breadcrumb\"},\"inLanguage\":\"es\",\"potentialAction\":[{\"@type\":\"ReadAction\",\"target\":[\"https:\/\/versano.nl\/shop\/leren-biker-jack-dames-zwart-versano-360\/\"]}]},{\"@type\":\"ImageObject\",\"inLanguage\":\"es\",\"@id\":\"https:\/\/versano.nl\/shop\/leren-biker-jack-dames-zwart-versano-360\/#primaryimage\",\"url\":\"https:\/\/versano.nl\/wp-content\/uploads\/2017\/02\/leren-bikerjack-met-dubbele-rits-dames-zwart-versano-360-model1.jpg\",\"contentUrl\":\"https:\/\/versano.nl\/wp-content\/uploads\/2017\/02\/leren-bikerjack-met-dubbele-rits-dames-zwart-versano-360-model1.jpg\",\"width\":900,\"height\":1176,\"caption\":\"Leren dames biker jas 360 zwart Versano\"},{\"@type\":\"BreadcrumbList\",\"@id\":\"https:\/\/versano.nl\/shop\/leren-biker-jack-dames-zwart-versano-360\/#breadcrumb\",\"itemListElement\":[{\"@type\":\"ListItem\",\"position\":1,\"name\":\"Home\",\"item\":\"https:\/\/versano.nl\/\"},{\"@type\":\"ListItem\",\"position\":2,\"name\":\"Shop\",\"item\":\"https:\/\/versano.nl\/shop\/\"},{\"@type\":\"ListItem\",\"position\":3,\"name\":\"Leren dames biker jas 360 zwart Versano\"}]},{\"@type\":\"WebSite\",\"@id\":\"https:\/\/versano.nl\/#website\",\"url\":\"https:\/\/versano.nl\/\",\"name\":\"Versano\",\"description\":\"winterjassen met bontkraag | leren dames jassen | leren heren jassen\",\"potentialAction\":[{\"@type\":\"SearchAction\",\"target\":{\"@type\":\"EntryPoint\",\"urlTemplate\":\"https:\/\/versano.nl\/?s={search_term_string}\"},\"query-input\":{\"@type\":\"PropertyValueSpecification\",\"valueRequired\":true,\"valueName\":\"search_term_string\"}}],\"inLanguage\":\"es\"}]}<\/script>\n<!-- \/ Yoast SEO plugin. -->","yoast_head_json":{"title":"Chaqueta biker de cuero para mujer 360 negro Versano, chaqueta biker negra","description":"\u00bfEst\u00e1s buscando una chaqueta biker de cuero para mujer 360 negro Versano? Entonces ha venido al lugar correcto en la conocida marca de chaquetas Versano.","robots":{"index":"index","follow":"follow","max-snippet":"max-snippet:-1","max-image-preview":"max-image-preview:large","max-video-preview":"max-video-preview:-1"},"canonical":"https:\/\/versano.nl\/es\/shop\/leren-biker-jack-dames-zwart-versano-360\/","og_locale":"es_ES","og_type":"article","og_title":"Leren dames biker jas 360 zwart Versano, biker jas zwart","og_description":"Bent u op zoek naar een Leren dames biker jas 360 zwart Versano? Dan bent u bij het bekende jassen merk Versano aan het juiste adres.","og_url":"https:\/\/versano.nl\/es\/shop\/leren-biker-jack-dames-zwart-versano-360\/","og_site_name":"Versano","article_modified_time":"2025-11-25T16:23:03+00:00","og_image":[{"width":900,"height":1176,"url":"https:\/\/versano.nl\/wp-content\/uploads\/2017\/02\/leren-bikerjack-met-dubbele-rits-dames-zwart-versano-360-model1.jpg","type":"image\/jpeg"}],"twitter_card":"summary_large_image","twitter_misc":{"Tiempo de lectura":"2 minutos"},"schema":{"@context":"https:\/\/schema.org","@graph":[{"@type":"WebPage","@id":"https:\/\/versano.nl\/shop\/leren-biker-jack-dames-zwart-versano-360\/","url":"https:\/\/versano.nl\/shop\/leren-biker-jack-dames-zwart-versano-360\/","name":"Chaqueta biker de cuero para mujer 360 negro Versano, chaqueta biker negra","isPartOf":{"@id":"https:\/\/versano.nl\/#website"},"primaryImageOfPage":{"@id":"https:\/\/versano.nl\/shop\/leren-biker-jack-dames-zwart-versano-360\/#primaryimage"},"image":{"@id":"https:\/\/versano.nl\/shop\/leren-biker-jack-dames-zwart-versano-360\/#primaryimage"},"thumbnailUrl":"https:\/\/versano.nl\/wp-content\/uploads\/2017\/02\/leren-bikerjack-met-dubbele-rits-dames-zwart-versano-360-model1.jpg","datePublished":"2017-02-28T00:03:19+00:00","dateModified":"2025-11-25T16:23:03+00:00","description":"\u00bfEst\u00e1s buscando una chaqueta biker de cuero para mujer 360 negro Versano? Entonces ha venido al lugar correcto en la conocida marca de chaquetas Versano.","breadcrumb":{"@id":"https:\/\/versano.nl\/shop\/leren-biker-jack-dames-zwart-versano-360\/#breadcrumb"},"inLanguage":"es","potentialAction":[{"@type":"ReadAction","target":["https:\/\/versano.nl\/shop\/leren-biker-jack-dames-zwart-versano-360\/"]}]},{"@type":"ImageObject","inLanguage":"es","@id":"https:\/\/versano.nl\/shop\/leren-biker-jack-dames-zwart-versano-360\/#primaryimage","url":"https:\/\/versano.nl\/wp-content\/uploads\/2017\/02\/leren-bikerjack-met-dubbele-rits-dames-zwart-versano-360-model1.jpg","contentUrl":"https:\/\/versano.nl\/wp-content\/uploads\/2017\/02\/leren-bikerjack-met-dubbele-rits-dames-zwart-versano-360-model1.jpg","width":900,"height":1176,"caption":"Leren dames biker jas 360 zwart Versano"},{"@type":"BreadcrumbList","@id":"https:\/\/versano.nl\/shop\/leren-biker-jack-dames-zwart-versano-360\/#breadcrumb","itemListElement":[{"@type":"ListItem","position":1,"name":"Home","item":"https:\/\/versano.nl\/"},{"@type":"ListItem","position":2,"name":"Shop","item":"https:\/\/versano.nl\/shop\/"},{"@type":"ListItem","position":3,"name":"Leren dames biker jas 360 zwart Versano"}]},{"@type":"WebSite","@id":"https:\/\/versano.nl\/#website","url":"https:\/\/versano.nl\/","name":"Versano","description":"abrigos de invierno con cuello de piel | chaquetas de cuero para mujer | chaquetas de cuero para hombre","potentialAction":[{"@type":"SearchAction","target":{"@type":"EntryPoint","urlTemplate":"https:\/\/versano.nl\/?s={search_term_string}"},"query-input":{"@type":"PropertyValueSpecification","valueRequired":true,"valueName":"search_term_string"}}],"inLanguage":"es"}]}},"_links":{"self":[{"href":"https:\/\/versano.nl\/es\/wp-json\/wp\/v2\/product\/391","targetHints":{"allow":["GET"]}}],"collection":[{"href":"https:\/\/versano.nl\/es\/wp-json\/wp\/v2\/product"}],"about":[{"href":"https:\/\/versano.nl\/es\/wp-json\/wp\/v2\/types\/product"}],"replies":[{"embeddable":true,"href":"https:\/\/versano.nl\/es\/wp-json\/wp\/v2\/comments?post=391"}],"wp:featuredmedia":[{"embeddable":true,"href":"https:\/\/versano.nl\/es\/wp-json\/wp\/v2\/media\/20339"}],"wp:attachment":[{"href":"https:\/\/versano.nl\/es\/wp-json\/wp\/v2\/media?parent=391"}],"wp:term":[{"taxonomy":"product_brand","embeddable":true,"href":"https:\/\/versano.nl\/es\/wp-json\/wp\/v2\/product_brand?post=391"},{"taxonomy":"product_cat","embeddable":true,"href":"https:\/\/versano.nl\/es\/wp-json\/wp\/v2\/product_cat?post=391"},{"taxonomy":"product_tag","embeddable":true,"href":"https:\/\/versano.nl\/es\/wp-json\/wp\/v2\/product_tag?post=391"}],"curies":[{"name":"wp","href":"https:\/\/api.w.org\/{rel}","templated":true}]}}

<h2>Chaqueta biker de cuero para mujer 360 negro Versano</h2>
<p>¿Estás buscando una chaqueta de motociclista que se vea genial, pero que también sea muy cómoda? Entonces le recomendamos que simplemente examine esta hermosa chaqueta de motociclista de cuero para mujer 360 Versano negro. La chaqueta de motociclista de cuero para mujer con cuello alto redondo se puede usar de dos maneras diferentes. Esto te da una chaqueta donde puedes elegir cuál de los dos estilos quieres probar todos los días. Hablamos de una chaqueta muy resistente. Hay dos bolsillos con cremallera en el lateral, además también hay un práctico bolsillo interior.</p>
<h2>Solicite Versano Model 360</h2>
<p>En Versano trabajan diseñadores holandeses, que han centrado mucho su estilo en Italia. Hoy también puedes contar con esta chaqueta no solo para lucir perfecta, sino también excepcionalmente cómoda. Esto también se debe al material utilizado, suave piel de cordero. Las chaquetas de motociclista de cuero de Versano son realmente geniales y tienen un diseño hermoso. Por supuesto, esta chaqueta de motociclista no solo se puede usar en la motocicleta, sino que se llama así por su aspecto resistente. Esta chaqueta se usa generalmente para la vida diaria para hacer que su atuendo esté más a la moda. Si nos encarga esta chaqueta, recibirá una chaqueta que permanecerá hermosa para toda la vida. El color negro es fácil de combinar y va con casi todos tus outfits. Su diseño italiano asegura que la chaqueta le quede bien y sea cómoda de llevar. Puede realizar pedidos fácilmente en nuestro sitio web. ¡Muy recomendable de la gama Versano!</p>
<p>marca: <a href="https://versano.nl/">Versano</a><br />
Material: piel de cordero<br />
Forro: 100% poliéster<br />
longitud: corto<br />
Ajuste: ajustado<br />
Cierre: cremallera<br />
Bolsillos: bolsillo con cremallera<br />
Cuello: cuello hacia abajo<br />
capa exterior Material: piel de cordero<br />
Plazo de entrega: 2-3 días laborables</p>

<p><span style="color: #ff0000;">Consejos de ajuste:</span> El ajuste de esta chaqueta está bien ajustado. Nuestro modelo mide 1,80 cm de altura y lleva una talla S.</p>
<p>Si no está seguro de sus medidas, le recomendamos que primero mida las medidas de su talla y las compare con nuestra tabla de tallas. Si no tiene experiencia en medir tamaños de circunferencia, haga clic en <a href="https://www.youtube.com/watch?v=3ZSfY87v6pM"><em>AQUÍ</em> </a> para <span style="color: #ff0000;"><a style="color: #ff0000;" href="https://www.youtube.com/watch?v=3ZSfY87v6pM"><em>VIDEO</em></a> </span> con instrucciones. ¡También puede llamarnos o enviarnos una aplicación directamente! Nuestros empleados están siempre disponibles para ayudar.</p>
<p><strong>EL TIEMPO DE ENTREGA :</strong> 2 a 3 días laborables.</p>

¿Estás buscando una chaqueta biker de cuero para mujer 360 negro Versano? Entonces ha venido al lugar correcto en la conocida marca de chaquetas Versano.
