{"id":16781,"date":"2020-08-04T20:56:46","date_gmt":"2020-08-04T20:56:46","guid":{"rendered":"https:\/\/versano.nl\/shop\/lightweight-heren-jack-zwart-versano-peter\/"},"modified":"2025-09-17T12:03:05","modified_gmt":"2025-09-17T12:03:05","slug":"lightweight-heren-jack-zwart-versano-peter","status":"publish","type":"product","link":"https:\/\/versano.nl\/es\/shop\/lightweight-heren-jack-zwart-versano-peter\/","title":{"rendered":"chaqueta acolchada para hombre negra Peter Versano"},"content":{"rendered":"<h2>chaqueta acolchada para hombre negra Peter Versano<\/h2>\n<p>Esta chaqueta acolchada para hombre negra Peter Versano tiene un plum\u00f3n artificial de alta calidad que hace que pese solo 265 gramos, esta chaqueta de plum\u00f3n artificial es muy especial y se adapta muy bien a tu cuerpo debido al peso ligero. La chaqueta tiene un corte ce\u00f1ido muy agradable, lo que la hace lucir excepcionalmente mejor que otras chaquetas acolchadas. Puede usar esta chaqueta en primavera u oto\u00f1o, pero la chaqueta es adecuada para usar durante todo el a\u00f1o. La chaqueta tiene cremallera central, 2 bolsillos laterales con cremallera y un bolsillo interior espacioso. Este modelo Versano no solo est\u00e1 disponible en el color fr\u00edo negro, sino tambi\u00e9n en los colores azul y verde. La chaqueta viene en una bonita bolsa Versano, por lo que puede enrollarla f\u00e1cilmente y llevarla a cualquier parte. Por tanto, es un modelo que podemos recomendar de todo coraz\u00f3n. Con esta chaqueta puedes estar seguro de que pronto tendr\u00e1s una nueva chaqueta colgando de tus hombros en la que se te podr\u00e1 ver.<\/p>\n<h2>Pedir modelo Peter en negro<\/h2>\n<p>Con una chaqueta tan hermosa de Versano, puede estar seguro de que podr\u00e1 usarla durante todo el invierno. Puede pedir f\u00e1cilmente este modelo en la tienda web de Versano. Hemos reunido todas nuestras chaquetas aqu\u00ed para que pueda realizar un pedido f\u00e1cilmente. En Versano siempre puede estar seguro de que est\u00e1 comprando un hermoso abrigo que ha sido trabajado con mimo. Con nosotros, puede elegir f\u00e1cilmente el tama\u00f1o correcto seg\u00fan nuestros videos de instrucciones inteligentes. \u00bfTiene alguna pregunta o no est\u00e1 seguro de qu\u00e9 talla pedir? Entonces siempre puede contactarnos por correo o WhatsApp. \u00a1Nuestros empleados desean ayudarlo!<\/p>\n<p>marca:\u00a0<a title=\"versano\" href=\"https:\/\/versano.nl\/\" target=\"_blank\" rel=\"noopener noreferrer\">Versano<\/a><br \/>\nlongitud: corto<br \/>\nAjuste: corte ce\u00f1ido<br \/>\nForro: 100% poli\u00e9ster<br \/>\nlongitud de la manga: manga larga<br \/>\nbolsillos: bolsillos laterales, interiores<br \/>\nFunci\u00f3n: impermeable, resistente al viento<br \/>\ncapa externa de material: 100% poli\u00e9ster<\/p>\n<p>Plazo de entrega: 2-3 d\u00edas laborables<\/p>","protected":false},"excerpt":{"rendered":"<p><strong><span style=\"color: red;\">Consejos de ajuste:<\/span>\u00a0<\/strong>El ajuste de esta chaqueta es ajustado. Nuestro modelo mide 1,85 cm y lleva una talla S.<\/p>\n<p>Si no est\u00e1 seguro de sus medidas, le recomendamos que primero mida las medidas de su talla y las compare con nuestra tabla de tallas. Si no tiene experiencia en medir tama\u00f1os de circunferencia, haga clic en\u00a0<a href=\"https:\/\/www.youtube.com\/watch?v=3ZSfY87v6pM\"><em>AQU\u00cd<\/em>\u00a0<\/a>\u00a0para\u00a0<span style=\"color: red;\"><a href=\"https:\/\/www.youtube.com\/watch?v=3ZSfY87v6pM\"><em>VIDEO<\/em><\/a>\u00a0<\/span> con instrucciones. \u00a1Tambi\u00e9n puede llamarnos o enviarnos una aplicaci\u00f3n directamente! Nuestros empleados est\u00e1n siempre disponibles para ayudar.<\/p>\n<p><strong>EL TIEMPO DE ENTREGA :<\/strong>\u00a02 a 3 d\u00edas laborables.<\/p>","protected":false},"featured_media":26525,"comment_status":"closed","ping_status":"closed","template":"","meta":[],"product_brand":[],"product_cat":[2005,1336,2008,1337,2006,1146,2010,1338,882,1143,1147],"product_tag":[1794,1801,1271,1265,1800,1272,1791,1803,1793,1802,1273],"class_list":{"0":"post-16781","1":"product","2":"type-product","3":"status-publish","4":"has-post-thumbnail","6":"product_cat-gewatteerde-jas-heren","7":"product_cat-gewatteerde-jassen-heren","8":"product_cat-heren-donsjas","9":"product_cat-donsjassen-heren","10":"product_cat-heren-gewatteerde-jas","11":"product_cat-heren-winterjas","12":"product_cat-lichtgewicht-donsjas-heren","13":"product_cat-lightweight-jas-heren","14":"product_cat-versano","15":"product_cat-winterjas","16":"product_cat-winterjas-heren","17":"product_tag-donsjas-heren","18":"product_tag-gewateerde-jas-versano","19":"product_tag-heren-donsjasje-zwart","20":"product_tag-heren-donsjasjes","21":"product_tag-heren-zomerjas","22":"product_tag-lightweight-jassen-zwart","23":"product_tag-versano-donsjassen","24":"product_tag-zomerjas-heren-versano","25":"product_tag-zomerjassen-versano","26":"product_tag-zwarte-donsjas","27":"product_tag-zwarte-heren-donsjas","28":"product_shipping_class-verzendkosten-1","29":"tm-no-options","31":"first","32":"instock","33":"sale","34":"taxable","35":"shipping-taxable","36":"purchasable","37":"product-type-variable"},"yoast_head":"<!-- This site is optimized with the Yoast SEO plugin v27.2 - https:\/\/yoast.com\/product\/yoast-seo-wordpress\/ -->\n<title>heren gewatteerde jas zwart Peter Versano, donsjas heren<\/title>\n<meta name=\"description\" content=\"Ben je op zoek naar een heren gewatteerde jas zwart Peter Versano, dan zit je bij Versano aan het juiste adres voor kunstdons jassen.\" \/>\n<meta name=\"robots\" content=\"index, follow, max-snippet:-1, max-image-preview:large, max-video-preview:-1\" \/>\n<link rel=\"canonical\" href=\"https:\/\/versano.nl\/es\/shop\/lightweight-heren-jack-zwart-versano-peter\/\" \/>\n<meta property=\"og:locale\" content=\"es_ES\" \/>\n<meta property=\"og:type\" content=\"article\" \/>\n<meta property=\"og:title\" content=\"heren gewatteerde jas zwart Peter Versano, donsjas heren\" \/>\n<meta property=\"og:description\" content=\"Ben je op zoek naar een heren gewatteerde jas zwart Peter Versano, dan zit je bij Versano aan het juiste adres voor kunstdons jassen.\" \/>\n<meta property=\"og:url\" content=\"https:\/\/versano.nl\/es\/shop\/lightweight-heren-jack-zwart-versano-peter\/\" \/>\n<meta property=\"og:site_name\" content=\"Versano\" \/>\n<meta property=\"article:modified_time\" content=\"2025-09-17T12:03:05+00:00\" \/>\n<meta property=\"og:image\" content=\"https:\/\/versano.nl\/wp-content\/uploads\/2022\/09\/lightweight-heren-dons-jack-zwart-versano-peter-voorkant.nw_.jpg\" \/>\n\t<meta property=\"og:image:width\" content=\"900\" \/>\n\t<meta property=\"og:image:height\" content=\"1200\" \/>\n\t<meta property=\"og:image:type\" content=\"image\/jpeg\" \/>\n<meta name=\"twitter:card\" content=\"summary_large_image\" \/>\n<meta name=\"twitter:label1\" content=\"Tiempo de lectura\" \/>\n\t<meta name=\"twitter:data1\" content=\"2 minutos\" \/>\n<script type=\"application\/ld+json\" class=\"yoast-schema-graph\">{\"@context\":\"https:\/\/schema.org\",\"@graph\":[{\"@type\":\"WebPage\",\"@id\":\"https:\/\/versano.nl\/shop\/lightweight-heren-jack-zwart-versano-peter\/\",\"url\":\"https:\/\/versano.nl\/shop\/lightweight-heren-jack-zwart-versano-peter\/\",\"name\":\"heren gewatteerde jas zwart Peter Versano, donsjas heren\",\"isPartOf\":{\"@id\":\"https:\/\/versano.nl\/#website\"},\"primaryImageOfPage\":{\"@id\":\"https:\/\/versano.nl\/shop\/lightweight-heren-jack-zwart-versano-peter\/#primaryimage\"},\"image\":{\"@id\":\"https:\/\/versano.nl\/shop\/lightweight-heren-jack-zwart-versano-peter\/#primaryimage\"},\"thumbnailUrl\":\"https:\/\/versano.nl\/wp-content\/uploads\/2022\/09\/lightweight-heren-dons-jack-zwart-versano-peter-voorkant.nw_.jpg\",\"datePublished\":\"2020-08-04T20:56:46+00:00\",\"dateModified\":\"2025-09-17T12:03:05+00:00\",\"description\":\"Ben je op zoek naar een heren gewatteerde jas zwart Peter Versano, dan zit je bij Versano aan het juiste adres voor kunstdons jassen.\",\"breadcrumb\":{\"@id\":\"https:\/\/versano.nl\/shop\/lightweight-heren-jack-zwart-versano-peter\/#breadcrumb\"},\"inLanguage\":\"es\",\"potentialAction\":[{\"@type\":\"ReadAction\",\"target\":[\"https:\/\/versano.nl\/shop\/lightweight-heren-jack-zwart-versano-peter\/\"]}]},{\"@type\":\"ImageObject\",\"inLanguage\":\"es\",\"@id\":\"https:\/\/versano.nl\/shop\/lightweight-heren-jack-zwart-versano-peter\/#primaryimage\",\"url\":\"https:\/\/versano.nl\/wp-content\/uploads\/2022\/09\/lightweight-heren-dons-jack-zwart-versano-peter-voorkant.nw_.jpg\",\"contentUrl\":\"https:\/\/versano.nl\/wp-content\/uploads\/2022\/09\/lightweight-heren-dons-jack-zwart-versano-peter-voorkant.nw_.jpg\",\"width\":900,\"height\":1200,\"caption\":\"heren gewatteerde jas zwart Peter Versano\"},{\"@type\":\"BreadcrumbList\",\"@id\":\"https:\/\/versano.nl\/shop\/lightweight-heren-jack-zwart-versano-peter\/#breadcrumb\",\"itemListElement\":[{\"@type\":\"ListItem\",\"position\":1,\"name\":\"Home\",\"item\":\"https:\/\/versano.nl\/\"},{\"@type\":\"ListItem\",\"position\":2,\"name\":\"Shop\",\"item\":\"https:\/\/versano.nl\/shop\/\"},{\"@type\":\"ListItem\",\"position\":3,\"name\":\"heren gewatteerde jas zwart Peter Versano\"}]},{\"@type\":\"WebSite\",\"@id\":\"https:\/\/versano.nl\/#website\",\"url\":\"https:\/\/versano.nl\/\",\"name\":\"Versano\",\"description\":\"winterjassen met bontkraag | leren dames jassen | leren heren jassen\",\"potentialAction\":[{\"@type\":\"SearchAction\",\"target\":{\"@type\":\"EntryPoint\",\"urlTemplate\":\"https:\/\/versano.nl\/?s={search_term_string}\"},\"query-input\":{\"@type\":\"PropertyValueSpecification\",\"valueRequired\":true,\"valueName\":\"search_term_string\"}}],\"inLanguage\":\"es\"}]}<\/script>\n<!-- \/ Yoast SEO plugin. -->","yoast_head_json":{"title":"chaqueta acolchada para hombre negra Peter Versano, chaqueta acolchada para hombre","description":"\u00bfEst\u00e1 buscando una chaqueta acolchada para hombre negra Peter Versano? Entonces Versano es el lugar adecuado para chaquetas de plumas artificiales.","robots":{"index":"index","follow":"follow","max-snippet":"max-snippet:-1","max-image-preview":"max-image-preview:large","max-video-preview":"max-video-preview:-1"},"canonical":"https:\/\/versano.nl\/es\/shop\/lightweight-heren-jack-zwart-versano-peter\/","og_locale":"es_ES","og_type":"article","og_title":"heren gewatteerde jas zwart Peter Versano, donsjas heren","og_description":"Ben je op zoek naar een heren gewatteerde jas zwart Peter Versano, dan zit je bij Versano aan het juiste adres voor kunstdons jassen.","og_url":"https:\/\/versano.nl\/es\/shop\/lightweight-heren-jack-zwart-versano-peter\/","og_site_name":"Versano","article_modified_time":"2025-09-17T12:03:05+00:00","og_image":[{"width":900,"height":1200,"url":"https:\/\/versano.nl\/wp-content\/uploads\/2022\/09\/lightweight-heren-dons-jack-zwart-versano-peter-voorkant.nw_.jpg","type":"image\/jpeg"}],"twitter_card":"summary_large_image","twitter_misc":{"Tiempo de lectura":"2 minutos"},"schema":{"@context":"https:\/\/schema.org","@graph":[{"@type":"WebPage","@id":"https:\/\/versano.nl\/shop\/lightweight-heren-jack-zwart-versano-peter\/","url":"https:\/\/versano.nl\/shop\/lightweight-heren-jack-zwart-versano-peter\/","name":"chaqueta acolchada para hombre negra Peter Versano, chaqueta acolchada para hombre","isPartOf":{"@id":"https:\/\/versano.nl\/#website"},"primaryImageOfPage":{"@id":"https:\/\/versano.nl\/shop\/lightweight-heren-jack-zwart-versano-peter\/#primaryimage"},"image":{"@id":"https:\/\/versano.nl\/shop\/lightweight-heren-jack-zwart-versano-peter\/#primaryimage"},"thumbnailUrl":"https:\/\/versano.nl\/wp-content\/uploads\/2022\/09\/lightweight-heren-dons-jack-zwart-versano-peter-voorkant.nw_.jpg","datePublished":"2020-08-04T20:56:46+00:00","dateModified":"2025-09-17T12:03:05+00:00","description":"\u00bfEst\u00e1 buscando una chaqueta acolchada para hombre negra Peter Versano? Entonces Versano es el lugar adecuado para chaquetas de plumas artificiales.","breadcrumb":{"@id":"https:\/\/versano.nl\/shop\/lightweight-heren-jack-zwart-versano-peter\/#breadcrumb"},"inLanguage":"es","potentialAction":[{"@type":"ReadAction","target":["https:\/\/versano.nl\/shop\/lightweight-heren-jack-zwart-versano-peter\/"]}]},{"@type":"ImageObject","inLanguage":"es","@id":"https:\/\/versano.nl\/shop\/lightweight-heren-jack-zwart-versano-peter\/#primaryimage","url":"https:\/\/versano.nl\/wp-content\/uploads\/2022\/09\/lightweight-heren-dons-jack-zwart-versano-peter-voorkant.nw_.jpg","contentUrl":"https:\/\/versano.nl\/wp-content\/uploads\/2022\/09\/lightweight-heren-dons-jack-zwart-versano-peter-voorkant.nw_.jpg","width":900,"height":1200,"caption":"heren gewatteerde jas zwart Peter Versano"},{"@type":"BreadcrumbList","@id":"https:\/\/versano.nl\/shop\/lightweight-heren-jack-zwart-versano-peter\/#breadcrumb","itemListElement":[{"@type":"ListItem","position":1,"name":"Home","item":"https:\/\/versano.nl\/"},{"@type":"ListItem","position":2,"name":"Shop","item":"https:\/\/versano.nl\/shop\/"},{"@type":"ListItem","position":3,"name":"heren gewatteerde jas zwart Peter Versano"}]},{"@type":"WebSite","@id":"https:\/\/versano.nl\/#website","url":"https:\/\/versano.nl\/","name":"Versano","description":"abrigos de invierno con cuello de piel | chaquetas de cuero para mujer | chaquetas de cuero para hombre","potentialAction":[{"@type":"SearchAction","target":{"@type":"EntryPoint","urlTemplate":"https:\/\/versano.nl\/?s={search_term_string}"},"query-input":{"@type":"PropertyValueSpecification","valueRequired":true,"valueName":"search_term_string"}}],"inLanguage":"es"}]}},"_links":{"self":[{"href":"https:\/\/versano.nl\/es\/wp-json\/wp\/v2\/product\/16781","targetHints":{"allow":["GET"]}}],"collection":[{"href":"https:\/\/versano.nl\/es\/wp-json\/wp\/v2\/product"}],"about":[{"href":"https:\/\/versano.nl\/es\/wp-json\/wp\/v2\/types\/product"}],"replies":[{"embeddable":true,"href":"https:\/\/versano.nl\/es\/wp-json\/wp\/v2\/comments?post=16781"}],"wp:featuredmedia":[{"embeddable":true,"href":"https:\/\/versano.nl\/es\/wp-json\/wp\/v2\/media\/26525"}],"wp:attachment":[{"href":"https:\/\/versano.nl\/es\/wp-json\/wp\/v2\/media?parent=16781"}],"wp:term":[{"taxonomy":"product_brand","embeddable":true,"href":"https:\/\/versano.nl\/es\/wp-json\/wp\/v2\/product_brand?post=16781"},{"taxonomy":"product_cat","embeddable":true,"href":"https:\/\/versano.nl\/es\/wp-json\/wp\/v2\/product_cat?post=16781"},{"taxonomy":"product_tag","embeddable":true,"href":"https:\/\/versano.nl\/es\/wp-json\/wp\/v2\/product_tag?post=16781"}],"curies":[{"name":"wp","href":"https:\/\/api.w.org\/{rel}","templated":true}]}}

<h2>chaqueta acolchada para hombre negra Peter Versano</h2>
<p>Esta chaqueta acolchada para hombre negra Peter Versano tiene un plumón artificial de alta calidad que hace que pese solo 265 gramos, esta chaqueta de plumón artificial es muy especial y se adapta muy bien a tu cuerpo debido al peso ligero. La chaqueta tiene un corte ceñido muy agradable, lo que la hace lucir excepcionalmente mejor que otras chaquetas acolchadas. Puede usar esta chaqueta en primavera u otoño, pero la chaqueta es adecuada para usar durante todo el año. La chaqueta tiene cremallera central, 2 bolsillos laterales con cremallera y un bolsillo interior espacioso. Este modelo Versano no solo está disponible en el color frío negro, sino también en los colores azul y verde. La chaqueta viene en una bonita bolsa Versano, por lo que puede enrollarla fácilmente y llevarla a cualquier parte. Por tanto, es un modelo que podemos recomendar de todo corazón. Con esta chaqueta puedes estar seguro de que pronto tendrás una nueva chaqueta colgando de tus hombros en la que se te podrá ver.</p>
<h2>Pedir modelo Peter en negro</h2>
<p>Con una chaqueta tan hermosa de Versano, puede estar seguro de que podrá usarla durante todo el invierno. Puede pedir fácilmente este modelo en la tienda web de Versano. Hemos reunido todas nuestras chaquetas aquí para que pueda realizar un pedido fácilmente. En Versano siempre puede estar seguro de que está comprando un hermoso abrigo que ha sido trabajado con mimo. Con nosotros, puede elegir fácilmente el tamaño correcto según nuestros videos de instrucciones inteligentes. ¿Tiene alguna pregunta o no está seguro de qué talla pedir? Entonces siempre puede contactarnos por correo o WhatsApp. ¡Nuestros empleados desean ayudarlo!</p>
<p>marca: <a title="versano" href="https://versano.nl/" target="_blank" rel="noopener noreferrer">Versano</a><br />
longitud: corto<br />
Ajuste: corte ceñido<br />
Forro: 100% poliéster<br />
longitud de la manga: manga larga<br />
bolsillos: bolsillos laterales, interiores<br />
Función: impermeable, resistente al viento<br />
capa externa de material: 100% poliéster</p>
<p>Plazo de entrega: 2-3 días laborables</p>

<p><strong><span style="color: red;">Consejos de ajuste:</span> </strong>El ajuste de esta chaqueta es ajustado. Nuestro modelo mide 1,85 cm y lleva una talla S.</p>
<p>Si no está seguro de sus medidas, le recomendamos que primero mida las medidas de su talla y las compare con nuestra tabla de tallas. Si no tiene experiencia en medir tamaños de circunferencia, haga clic en <a href="https://www.youtube.com/watch?v=3ZSfY87v6pM"><em>AQUÍ</em> </a> para <span style="color: red;"><a href="https://www.youtube.com/watch?v=3ZSfY87v6pM"><em>VIDEO</em></a> </span> con instrucciones. ¡También puede llamarnos o enviarnos una aplicación directamente! Nuestros empleados están siempre disponibles para ayudar.</p>
<p><strong>EL TIEMPO DE ENTREGA :</strong> 2 a 3 días laborables.</p>

¿Está buscando una chaqueta acolchada para hombre negra Peter Versano? Entonces Versano es el lugar adecuado para chaquetas de plumas artificiales.
