{"id":5643,"date":"2017-06-02T15:31:45","date_gmt":"2017-06-02T15:31:45","guid":{"rendered":"https:\/\/versano.nl\/?page_id=5643"},"modified":"2018-02-12T23:23:27","modified_gmt":"2018-02-12T23:23:27","slug":"winterjas-met-bontkraag-dames","status":"publish","type":"page","link":"https:\/\/versano.nl\/es\/winterjas-met-bontkraag-dames\/","title":{"rendered":"abrigo de invierno con cuello de piel de las mujeres"},"content":{"rendered":"<div class=\"wpb-content-wrapper\"><div  class=\"sec_row container\"><div class=\"vc_row wpb_row vc_row-fluid\"><div class=\"wpb_column vc_column_container vc_col-sm-12 et-dark-column\"><div class=\"vc_column-inner\"><div class=\"wpb_wrapper\">\n\t<div class=\"wpb_text_column wpb_content_element\" >\n\t\t<div class=\"wpb_wrapper\">\n\t\t\t<p><a href=\"https:\/\/versano.nl\/wp-content\/uploads\/sites\/2\/2018\/02\/dames-jas-met-bontkraag.jpg\"><img loading=\"lazy\" decoding=\"async\" class=\"size-full wp-image-7441 aligncenter\" src=\"https:\/\/versano.nl\/wp-content\/uploads\/sites\/2\/2018\/02\/dames-jas-met-bontkraag.jpg\" alt=\"abrigo de invierno con cuello de piel de las mujeres\" width=\"1200\" height=\"628\" srcset=\"https:\/\/versano.nl\/wp-content\/uploads\/2018\/02\/dames-jas-met-bontkraag.jpg 1200w, https:\/\/versano.nl\/wp-content\/uploads\/2018\/02\/dames-jas-met-bontkraag-600x314.jpg 600w, https:\/\/versano.nl\/wp-content\/uploads\/2018\/02\/dames-jas-met-bontkraag-900x471.jpg 900w, https:\/\/versano.nl\/wp-content\/uploads\/2018\/02\/dames-jas-met-bontkraag-300x157.jpg 300w, https:\/\/versano.nl\/wp-content\/uploads\/2018\/02\/dames-jas-met-bontkraag-768x402.jpg 768w, https:\/\/versano.nl\/wp-content\/uploads\/2018\/02\/dames-jas-met-bontkraag-1024x536.jpg 1024w\" sizes=\"auto, (max-width: 1200px) 100vw, 1200px\" \/><\/a><\/p>\n\n\t\t<\/div>\n\t<\/div>\n<\/div><\/div><\/div><\/div><\/div><div  class=\"sec_row container\"><div class=\"vc_row wpb_row vc_row-fluid vc_custom_1495031441109\"><div class=\"wpb_column vc_column_container vc_col-sm-12 et-dark-column\"><div class=\"vc_column-inner\"><div class=\"wpb_wrapper\">\n\t<div class=\"wpb_text_column wpb_content_element\" >\n\t\t<div class=\"wpb_wrapper\">\n\t\t\t<h1>abrigo de invierno con cuello de piel de las mujeres<\/h1>\n<p>Cuando llega el invierno otra vez ha llegado el momento de tomar una mirada cr\u00edtica a su guardarropa. Es el invierno, que todav\u00eda cuelga en el momento? Hace que la chaqueta todav\u00eda est\u00e1n funcionando bien y que te mantiene caliente \u00bfverdad? O todav\u00eda ha llegado el momento de tener un buen aspecto para un nuevo abrigo? Le animamos a hacerlo sobre todo este \u00faltimo, preferentemente Versano.nl. En nuestro sitio web encontrar\u00e1 una amplia gama de chaquetas a saber para las mujeres, incluyendo varias variaciones en nuestro abrigo de invierno con cuello de piel para las mujeres. Cualquier capa de damas de invierno con cuello de piel est\u00e1 dise\u00f1ado con pasi\u00f3n y fabricado con s\u00f3lo se utilizan los mejores materiales.<\/p>\n<h2>chaqueta de invierno de las mujeres con cuello de piel<\/h2>\n<p>Para un abrigo de invierno hermosa con cuello de piel para las mujeres que no necesita mirar m\u00e1s all\u00e1 de Versano.nl. Aqu\u00ed se pueden encontrar muchos modelos diferentes, que pueden entonces tambi\u00e9n tenemos una gran selecci\u00f3n. Estamos hablando sobre el color de los modelos, la longitud de los vestidos y el material utilizado. Puede saber elegir a optar por la capa de cuero genuino y verdadero de la piel en el cuello, pero tambi\u00e9n se puede ir a utilizar esta piel sint\u00e9tica y cuero. Obviamente, estos dos materiales diferentes con nosotros casi desde el material real.<\/p>\n<h2>Hermosas chaquetas Versano<\/h2>\n<p>Para un abrigo de invierno con cuello de piel para las mujeres Versano simplemente mira a Versano.nl. Nuestro sitio es el lugar adecuado para las chaquetas de alta calidad de dise\u00f1o italiano impecable. Se podr\u00eda llegar a pensar que nuestra empresa tiene sus ra\u00edces en la Riviera italiana, pero nuestra empresa es completamente holand\u00e9s. Para que pueda obtener el estilo italiano y la calidad holandesa en el mismo paquete. Lo que puede un nuevo abrigo de invierno con cuello de piel para las mujeres ahora quieren m\u00e1s?<\/p>\n\n\t\t<\/div>\n\t<\/div>\n<\/div><\/div><\/div><\/div><\/div>\n<\/div>","protected":false},"excerpt":{"rendered":"Winterjas met bontkraag dames Als de winter weer aanbreekt is het hoog tijd om eens kritisch in uw kledingkast te kijken. Is de winterjas die daar hangt nog wel helemaal bij de tijd? Doet die jas zijn werk nog wel goed en houdt hij u goed warm? Of is nu [...]","protected":false},"author":90,"featured_media":0,"parent":0,"menu_order":0,"comment_status":"closed","ping_status":"closed","template":"page-visual-composer.php","meta":{"footnotes":""},"class_list":["post-5643","page","type-page","status-publish","hentry"],"yoast_head":"<!-- This site is optimized with the Yoast SEO plugin v27.2 - https:\/\/yoast.com\/product\/yoast-seo-wordpress\/ -->\n<title>Winterjas met bontkraag dames, Dames winterjas met bontkraag - Versano<\/title>\n<meta name=\"description\" content=\"Bent u op zoek naar winterjas met bontkraag dames? Bij Versano bent u aan het juiste adres voor o.a. dames winterjas met bontkraag.\" \/>\n<meta name=\"robots\" content=\"index, follow, max-snippet:-1, max-image-preview:large, max-video-preview:-1\" \/>\n<link rel=\"canonical\" href=\"https:\/\/versano.nl\/es\/winterjas-met-bontkraag-dames\/\" \/>\n<meta property=\"og:locale\" content=\"es_ES\" \/>\n<meta property=\"og:type\" content=\"article\" \/>\n<meta property=\"og:title\" content=\"Winterjas met bontkraag dames, Dames winterjas met bontkraag - Versano\" \/>\n<meta property=\"og:description\" content=\"Bent u op zoek naar winterjas met bontkraag dames? Bij Versano bent u aan het juiste adres voor o.a. dames winterjas met bontkraag.\" \/>\n<meta property=\"og:url\" content=\"https:\/\/versano.nl\/es\/winterjas-met-bontkraag-dames\/\" \/>\n<meta property=\"og:site_name\" content=\"Versano\" \/>\n<meta property=\"article:modified_time\" content=\"2018-02-12T23:23:27+00:00\" \/>\n<meta property=\"og:image\" content=\"https:\/\/versano.nl\/wp-content\/uploads\/sites\/2\/2018\/02\/dames-jas-met-bontkraag.jpg\" \/>\n<meta name=\"twitter:card\" content=\"summary_large_image\" \/>\n<meta name=\"twitter:label1\" content=\"Tiempo de lectura\" \/>\n\t<meta name=\"twitter:data1\" content=\"2 minutos\" \/>\n<script type=\"application\/ld+json\" class=\"yoast-schema-graph\">{\"@context\":\"https:\/\/schema.org\",\"@graph\":[{\"@type\":\"WebPage\",\"@id\":\"https:\/\/versano.nl\/en\/winterjas-met-bontkraag-dames\/\",\"url\":\"https:\/\/versano.nl\/en\/winterjas-met-bontkraag-dames\/\",\"name\":\"Winterjas met bontkraag dames, Dames winterjas met bontkraag - Versano\",\"isPartOf\":{\"@id\":\"https:\/\/versano.nl\/#website\"},\"primaryImageOfPage\":{\"@id\":\"https:\/\/versano.nl\/en\/winterjas-met-bontkraag-dames\/#primaryimage\"},\"image\":{\"@id\":\"https:\/\/versano.nl\/en\/winterjas-met-bontkraag-dames\/#primaryimage\"},\"thumbnailUrl\":\"https:\/\/versano.nl\/wp-content\/uploads\/sites\/2\/2018\/02\/dames-jas-met-bontkraag.jpg\",\"datePublished\":\"2017-06-02T15:31:45+00:00\",\"dateModified\":\"2018-02-12T23:23:27+00:00\",\"description\":\"Bent u op zoek naar winterjas met bontkraag dames? Bij Versano bent u aan het juiste adres voor o.a. dames winterjas met bontkraag.\",\"breadcrumb\":{\"@id\":\"https:\/\/versano.nl\/en\/winterjas-met-bontkraag-dames\/#breadcrumb\"},\"inLanguage\":\"es\",\"potentialAction\":[{\"@type\":\"ReadAction\",\"target\":[\"https:\/\/versano.nl\/en\/winterjas-met-bontkraag-dames\/\"]}]},{\"@type\":\"ImageObject\",\"inLanguage\":\"es\",\"@id\":\"https:\/\/versano.nl\/en\/winterjas-met-bontkraag-dames\/#primaryimage\",\"url\":\"https:\/\/versano.nl\/wp-content\/uploads\/sites\/2\/2018\/02\/dames-jas-met-bontkraag.jpg\",\"contentUrl\":\"https:\/\/versano.nl\/wp-content\/uploads\/sites\/2\/2018\/02\/dames-jas-met-bontkraag.jpg\"},{\"@type\":\"BreadcrumbList\",\"@id\":\"https:\/\/versano.nl\/en\/winterjas-met-bontkraag-dames\/#breadcrumb\",\"itemListElement\":[{\"@type\":\"ListItem\",\"position\":1,\"name\":\"Home\",\"item\":\"https:\/\/versano.nl\/\"},{\"@type\":\"ListItem\",\"position\":2,\"name\":\"Winterjas met bontkraag dames\"}]},{\"@type\":\"WebSite\",\"@id\":\"https:\/\/versano.nl\/#website\",\"url\":\"https:\/\/versano.nl\/\",\"name\":\"Versano\",\"description\":\"winterjassen met bontkraag | leren dames jassen | leren heren jassen\",\"potentialAction\":[{\"@type\":\"SearchAction\",\"target\":{\"@type\":\"EntryPoint\",\"urlTemplate\":\"https:\/\/versano.nl\/?s={search_term_string}\"},\"query-input\":{\"@type\":\"PropertyValueSpecification\",\"valueRequired\":true,\"valueName\":\"search_term_string\"}}],\"inLanguage\":\"es\"}]}<\/script>\n<!-- \/ Yoast SEO plugin. -->","yoast_head_json":{"title":"Abrigo de invierno con cuello de piel para mujer, Abrigo de invierno para mujer con cuello de piel - Versano","description":"\u00bfEst\u00e1s buscando un abrigo de invierno con cuello de piel para mujer? En Versano, ha venido al lugar adecuado para un abrigo de invierno de mujer con cuello de piel.","robots":{"index":"index","follow":"follow","max-snippet":"max-snippet:-1","max-image-preview":"max-image-preview:large","max-video-preview":"max-video-preview:-1"},"canonical":"https:\/\/versano.nl\/es\/winterjas-met-bontkraag-dames\/","og_locale":"es_ES","og_type":"article","og_title":"Winterjas met bontkraag dames, Dames winterjas met bontkraag - Versano","og_description":"Bent u op zoek naar winterjas met bontkraag dames? Bij Versano bent u aan het juiste adres voor o.a. dames winterjas met bontkraag.","og_url":"https:\/\/versano.nl\/es\/winterjas-met-bontkraag-dames\/","og_site_name":"Versano","article_modified_time":"2018-02-12T23:23:27+00:00","og_image":[{"url":"https:\/\/versano.nl\/wp-content\/uploads\/sites\/2\/2018\/02\/dames-jas-met-bontkraag.jpg","type":"","width":"","height":""}],"twitter_card":"summary_large_image","twitter_misc":{"Tiempo de lectura":"2 minutos"},"schema":{"@context":"https:\/\/schema.org","@graph":[{"@type":"WebPage","@id":"https:\/\/versano.nl\/en\/winterjas-met-bontkraag-dames\/","url":"https:\/\/versano.nl\/en\/winterjas-met-bontkraag-dames\/","name":"Abrigo de invierno con cuello de piel para mujer, Abrigo de invierno para mujer con cuello de piel - Versano","isPartOf":{"@id":"https:\/\/versano.nl\/#website"},"primaryImageOfPage":{"@id":"https:\/\/versano.nl\/en\/winterjas-met-bontkraag-dames\/#primaryimage"},"image":{"@id":"https:\/\/versano.nl\/en\/winterjas-met-bontkraag-dames\/#primaryimage"},"thumbnailUrl":"https:\/\/versano.nl\/wp-content\/uploads\/sites\/2\/2018\/02\/dames-jas-met-bontkraag.jpg","datePublished":"2017-06-02T15:31:45+00:00","dateModified":"2018-02-12T23:23:27+00:00","description":"\u00bfEst\u00e1s buscando un abrigo de invierno con cuello de piel para mujer? En Versano, ha venido al lugar adecuado para un abrigo de invierno de mujer con cuello de piel.","breadcrumb":{"@id":"https:\/\/versano.nl\/en\/winterjas-met-bontkraag-dames\/#breadcrumb"},"inLanguage":"es","potentialAction":[{"@type":"ReadAction","target":["https:\/\/versano.nl\/en\/winterjas-met-bontkraag-dames\/"]}]},{"@type":"ImageObject","inLanguage":"es","@id":"https:\/\/versano.nl\/en\/winterjas-met-bontkraag-dames\/#primaryimage","url":"https:\/\/versano.nl\/wp-content\/uploads\/sites\/2\/2018\/02\/dames-jas-met-bontkraag.jpg","contentUrl":"https:\/\/versano.nl\/wp-content\/uploads\/sites\/2\/2018\/02\/dames-jas-met-bontkraag.jpg"},{"@type":"BreadcrumbList","@id":"https:\/\/versano.nl\/en\/winterjas-met-bontkraag-dames\/#breadcrumb","itemListElement":[{"@type":"ListItem","position":1,"name":"Home","item":"https:\/\/versano.nl\/"},{"@type":"ListItem","position":2,"name":"Winterjas met bontkraag dames"}]},{"@type":"WebSite","@id":"https:\/\/versano.nl\/#website","url":"https:\/\/versano.nl\/","name":"Versano","description":"abrigos de invierno con cuello de piel | chaquetas de cuero para mujer | chaquetas de cuero para hombre","potentialAction":[{"@type":"SearchAction","target":{"@type":"EntryPoint","urlTemplate":"https:\/\/versano.nl\/?s={search_term_string}"},"query-input":{"@type":"PropertyValueSpecification","valueRequired":true,"valueName":"search_term_string"}}],"inLanguage":"es"}]}},"_links":{"self":[{"href":"https:\/\/versano.nl\/es\/wp-json\/wp\/v2\/pages\/5643","targetHints":{"allow":["GET"]}}],"collection":[{"href":"https:\/\/versano.nl\/es\/wp-json\/wp\/v2\/pages"}],"about":[{"href":"https:\/\/versano.nl\/es\/wp-json\/wp\/v2\/types\/page"}],"author":[{"embeddable":true,"href":"https:\/\/versano.nl\/es\/wp-json\/wp\/v2\/users\/90"}],"replies":[{"embeddable":true,"href":"https:\/\/versano.nl\/es\/wp-json\/wp\/v2\/comments?post=5643"}],"version-history":[{"count":3,"href":"https:\/\/versano.nl\/es\/wp-json\/wp\/v2\/pages\/5643\/revisions"}],"predecessor-version":[{"id":7443,"href":"https:\/\/versano.nl\/es\/wp-json\/wp\/v2\/pages\/5643\/revisions\/7443"}],"wp:attachment":[{"href":"https:\/\/versano.nl\/es\/wp-json\/wp\/v2\/media?parent=5643"}],"curies":[{"name":"wp","href":"https:\/\/api.w.org\/{rel}","templated":true}]}}

<div class="wpb-content-wrapper"><div  class="sec_row container"><div class="vc_row wpb_row vc_row-fluid"><div class="wpb_column vc_column_container vc_col-sm-12 et-dark-column"><div class="vc_column-inner"><div class="wpb_wrapper">
	<div class="wpb_text_column wpb_content_element" >
		<div class="wpb_wrapper">
			<p><a href="https://versano.nl/wp-content/uploads/sites/2/2018/02/dames-jas-met-bontkraag.jpg"><img loading="lazy" decoding="async" class="size-full wp-image-7441 aligncenter" src="https://versano.nl/wp-content/uploads/sites/2/2018/02/dames-jas-met-bontkraag.jpg" alt="abrigo de invierno con cuello de piel de las mujeres" width="1200" height="628" srcset="https://versano.nl/wp-content/uploads/2018/02/dames-jas-met-bontkraag.jpg 1200w, https://versano.nl/wp-content/uploads/2018/02/dames-jas-met-bontkraag-600x314.jpg 600w, https://versano.nl/wp-content/uploads/2018/02/dames-jas-met-bontkraag-900x471.jpg 900w, https://versano.nl/wp-content/uploads/2018/02/dames-jas-met-bontkraag-300x157.jpg 300w, https://versano.nl/wp-content/uploads/2018/02/dames-jas-met-bontkraag-768x402.jpg 768w, https://versano.nl/wp-content/uploads/2018/02/dames-jas-met-bontkraag-1024x536.jpg 1024w" sizes="auto, (max-width: 1200px) 100vw, 1200px" /></a></p>

		</div>
	</div>
</div></div></div></div></div><div  class="sec_row container"><div class="vc_row wpb_row vc_row-fluid vc_custom_1495031441109"><div class="wpb_column vc_column_container vc_col-sm-12 et-dark-column"><div class="vc_column-inner"><div class="wpb_wrapper">
	<div class="wpb_text_column wpb_content_element" >
		<div class="wpb_wrapper">
			<h1>abrigo de invierno con cuello de piel de las mujeres</h1>
<p>Cuando llega el invierno otra vez ha llegado el momento de tomar una mirada crítica a su guardarropa. Es el invierno, que todavía cuelga en el momento? Hace que la chaqueta todavía están funcionando bien y que te mantiene caliente ¿verdad? O todavía ha llegado el momento de tener un buen aspecto para un nuevo abrigo? Le animamos a hacerlo sobre todo este último, preferentemente Versano.nl. En nuestro sitio web encontrará una amplia gama de chaquetas a saber para las mujeres, incluyendo varias variaciones en nuestro abrigo de invierno con cuello de piel para las mujeres. Cualquier capa de damas de invierno con cuello de piel está diseñado con pasión y fabricado con sólo se utilizan los mejores materiales.</p>
<h2>chaqueta de invierno de las mujeres con cuello de piel</h2>
<p>Para un abrigo de invierno hermosa con cuello de piel para las mujeres que no necesita mirar más allá de Versano.nl. Aquí se pueden encontrar muchos modelos diferentes, que pueden entonces también tenemos una gran selección. Estamos hablando sobre el color de los modelos, la longitud de los vestidos y el material utilizado. Puede saber elegir a optar por la capa de cuero genuino y verdadero de la piel en el cuello, pero también se puede ir a utilizar esta piel sintética y cuero. Obviamente, estos dos materiales diferentes con nosotros casi desde el material real.</p>
<h2>Hermosas chaquetas Versano</h2>
<p>Para un abrigo de invierno con cuello de piel para las mujeres Versano simplemente mira a Versano.nl. Nuestro sitio es el lugar adecuado para las chaquetas de alta calidad de diseño italiano impecable. Se podría llegar a pensar que nuestra empresa tiene sus raíces en la Riviera italiana, pero nuestra empresa es completamente holandés. Para que pueda obtener el estilo italiano y la calidad holandesa en el mismo paquete. Lo que puede un nuevo abrigo de invierno con cuello de piel para las mujeres ahora quieren más?</p>

		</div>
	</div>
</div></div></div></div></div>
</div>

¿Estás buscando un abrigo de invierno con cuello de piel para mujer? En Versano, ha venido al lugar adecuado para un abrigo de invierno de mujer con cuello de piel.
