{"id":391,"date":"2017-02-28T00:03:19","date_gmt":"2017-02-28T00:03:19","guid":{"rendered":"https:\/\/leathershopdoci.nl\/shop\/leren-biker-jack-dames-zwart-versano-360\/"},"modified":"2025-11-25T16:23:03","modified_gmt":"2025-11-25T16:23:03","slug":"leren-biker-jack-dames-zwart-versano-360","status":"publish","type":"product","link":"https:\/\/versano.nl\/de\/shop\/leren-biker-jack-dames-zwart-versano-360\/","title":{"rendered":"Leder Damen Bikerjacke 360 schwarz Versano"},"content":{"rendered":"<h2>Leder Damen Bikerjacke 360 schwarz Versano<\/h2>\n<p>Du suchst eine Bikerjacke, die cool aussieht, aber auch noch sehr bequem ist? Dann empfehlen wir Ihnen, diese sch\u00f6ne Leder Damen Bikerjacke 360 schwarz Versano einfach zu begutachten. Die Damen Bikerjacke aus Leder mit rundem Stehkragen l\u00e4sst sich auf zwei verschiedene Arten tragen. So erh\u00e4ltst du eine Jacke, bei der du w\u00e4hlen kannst, welchen der beiden Styles du jeden Tag ausprobieren m\u00f6chtest. Wir sprechen von einer Jacke, die sehr robust ist. An der Seite befinden sich zwei Rei\u00dfverschlusstaschen, zus\u00e4tzlich gibt es noch eine praktische Innentasche.<\/p>\n<h2>Versano Modell 360 . bestellen<\/h2>\n<p>Bei Versano arbeiten niederl\u00e4ndische Designer, die ihren Stil stark auf Italien ausgerichtet haben. Auch heute k\u00f6nnen Sie sich darauf verlassen, dass diese Jacke nicht nur perfekt aussieht, sondern auch au\u00dfergew\u00f6hnlich bequem ist. Das liegt auch am verwendeten Material, weichem Lammleder. Bikerjacken aus Leder von Versano sind richtig cool und haben ein sch\u00f6nes Design. Diese Bikerjacke soll nat\u00fcrlich nicht nur auf dem Motorrad getragen werden, sondern wird auch wegen ihres knalligen Looks so genannt. Diese Jacke wird im Allgemeinen im t\u00e4glichen Leben getragen, um Ihr Outfit modischer zu machen. Wenn Sie diese Jacke bei uns bestellen, erhalten Sie eine Jacke, die ein Leben lang sch\u00f6n bleibt. Die Farbe Schwarz l\u00e4sst sich gut kombinieren und passt zu fast allen Outfits. Das italienische Design sorgt daf\u00fcr, dass die Jacke gut sitzt und trotzdem angenehm zu tragen ist. Sie k\u00f6nnen ganz einfach auf unserer Website bestellen. Sehr zu empfehlen aus dem Versano-Sortiment!<\/p>\n<p>Marke: <a href=\"https:\/\/versano.nl\/\">Versano<\/a><br \/>\nMaterial: Lammfell<br \/>\nFutter: 100% Polyester<br \/>\nL\u00e4nge: kurz<br \/>\nPassform: ausgestattet<br \/>\nSchlie\u00dfung: Rei\u00dfverschluss<br \/>\nTaschen: RV-Taschen<br \/>\nKragen: unten Kragen<br \/>\nMaterial Au\u00dfenschicht: Lammfell<br \/>\nLieferzeit: 2-3 Werktage<\/p>","protected":false},"excerpt":{"rendered":"<p><span style=\"color: #ff0000;\">Fit Beratung:<\/span> Die Passform dieser Jacke ist eng geschnitten. Unser Modell ist 1,80 cm gro\u00df und tr\u00e4gt eine Gr\u00f6\u00dfe S.<\/p>\n<p>Wenn Sie sich bei Ihren Ma\u00dfen nicht sicher sind, empfehlen wir Ihnen, zuerst Ihre Gr\u00f6\u00dfenma\u00dfe zu messen und sie mit unserer Gr\u00f6\u00dfentabelle zu vergleichen. Wenn Sie keine Erfahrung mit der Messung von Umfangsgr\u00f6\u00dfen haben, klicken Sie auf <a href=\"https:\/\/www.youtube.com\/watch?v=3ZSfY87v6pM\"><em>HIER<\/em>\u00a0<\/a>\u00a0zu <span style=\"color: #ff0000;\"><a style=\"color: #ff0000;\" href=\"https:\/\/www.youtube.com\/watch?v=3ZSfY87v6pM\"><em>VIDEO<\/em><\/a>\u00a0<\/span> mit Anweisungen. Sie k\u00f6nnen uns auch direkt anrufen oder anrufen! Unsere Mitarbeiter stehen Ihnen jederzeit zur Verf\u00fcgung.<\/p>\n<p><strong>LIEFERZEIT :<\/strong> 2 bis 3 Werktage.<\/p>","protected":false},"featured_media":20339,"comment_status":"closed","ping_status":"closed","template":"","meta":[],"product_brand":[],"product_cat":[1472,90,874,875,1499,877,879,880,1712,881,878,882,890],"product_tag":[155,156,157,1489,158,159,1490,160,161],"class_list":{"0":"post-391","1":"product","2":"type-product","3":"status-publish","4":"has-post-thumbnail","6":"product_cat-biker-jas-dames","7":"product_cat-dames-leren-jassen","8":"product_cat-kort-leren-jasje","9":"product_cat-kort-leren-jasje-dames","10":"product_cat-leren-biker-jas-dames","11":"product_cat-leren-bikerjacks-dames","12":"product_cat-leren-dames-jassen","13":"product_cat-leren-jasje-dames","14":"product_cat-leren-jassen","15":"product_cat-leren-jassen-dames","16":"product_cat-leren-jassen-dames-uitverkoop","17":"product_cat-versano","18":"product_cat-zwarte-leren-jas-dames","19":"product_tag-bikerjack-dames-zwart","20":"product_tag-dames-bikerjack-zwart","21":"product_tag-echte-dames-biker-jack-zwart","22":"product_tag-leren-dames-biker-jas","23":"product_tag-versano-dames-biker-jack","24":"product_tag-zwarte-biker-jack-dames","25":"product_tag-zwarte-biker-jas","26":"product_tag-zwarte-dames-biker-jack","27":"product_tag-zwarte-dames-biker-jack-met-ritsen","28":"tm-no-options","30":"first","31":"instock","32":"sale","33":"taxable","34":"shipping-taxable","35":"purchasable","36":"product-type-variable","37":"has-default-attributes"},"yoast_head":"<!-- This site is optimized with the Yoast SEO plugin v27.2 - https:\/\/yoast.com\/product\/yoast-seo-wordpress\/ -->\n<title>Leren dames biker jas 360 zwart Versano, biker jas zwart<\/title>\n<meta name=\"description\" content=\"Bent u op zoek naar een Leren dames biker jas 360 zwart Versano? Dan bent u bij het bekende jassen merk Versano aan het juiste adres.\" \/>\n<meta name=\"robots\" content=\"index, follow, max-snippet:-1, max-image-preview:large, max-video-preview:-1\" \/>\n<link rel=\"canonical\" href=\"https:\/\/versano.nl\/de\/shop\/leren-biker-jack-dames-zwart-versano-360\/\" \/>\n<meta property=\"og:locale\" content=\"de_DE\" \/>\n<meta property=\"og:type\" content=\"article\" \/>\n<meta property=\"og:title\" content=\"Leren dames biker jas 360 zwart Versano, biker jas zwart\" \/>\n<meta property=\"og:description\" content=\"Bent u op zoek naar een Leren dames biker jas 360 zwart Versano? Dan bent u bij het bekende jassen merk Versano aan het juiste adres.\" \/>\n<meta property=\"og:url\" content=\"https:\/\/versano.nl\/de\/shop\/leren-biker-jack-dames-zwart-versano-360\/\" \/>\n<meta property=\"og:site_name\" content=\"Versano\" \/>\n<meta property=\"article:modified_time\" content=\"2025-11-25T16:23:03+00:00\" \/>\n<meta property=\"og:image\" content=\"https:\/\/versano.nl\/wp-content\/uploads\/2017\/02\/leren-bikerjack-met-dubbele-rits-dames-zwart-versano-360-model1.jpg\" \/>\n\t<meta property=\"og:image:width\" content=\"900\" \/>\n\t<meta property=\"og:image:height\" content=\"1176\" \/>\n\t<meta property=\"og:image:type\" content=\"image\/jpeg\" \/>\n<meta name=\"twitter:card\" content=\"summary_large_image\" \/>\n<meta name=\"twitter:label1\" content=\"Gesch\u00e4tzte Lesezeit\" \/>\n\t<meta name=\"twitter:data1\" content=\"2\u00a0Minuten\" \/>\n<script type=\"application\/ld+json\" class=\"yoast-schema-graph\">{\"@context\":\"https:\/\/schema.org\",\"@graph\":[{\"@type\":\"WebPage\",\"@id\":\"https:\/\/versano.nl\/shop\/leren-biker-jack-dames-zwart-versano-360\/\",\"url\":\"https:\/\/versano.nl\/shop\/leren-biker-jack-dames-zwart-versano-360\/\",\"name\":\"Leren dames biker jas 360 zwart Versano, biker jas zwart\",\"isPartOf\":{\"@id\":\"https:\/\/versano.nl\/#website\"},\"primaryImageOfPage\":{\"@id\":\"https:\/\/versano.nl\/shop\/leren-biker-jack-dames-zwart-versano-360\/#primaryimage\"},\"image\":{\"@id\":\"https:\/\/versano.nl\/shop\/leren-biker-jack-dames-zwart-versano-360\/#primaryimage\"},\"thumbnailUrl\":\"https:\/\/versano.nl\/wp-content\/uploads\/2017\/02\/leren-bikerjack-met-dubbele-rits-dames-zwart-versano-360-model1.jpg\",\"datePublished\":\"2017-02-28T00:03:19+00:00\",\"dateModified\":\"2025-11-25T16:23:03+00:00\",\"description\":\"Bent u op zoek naar een Leren dames biker jas 360 zwart Versano? Dan bent u bij het bekende jassen merk Versano aan het juiste adres.\",\"breadcrumb\":{\"@id\":\"https:\/\/versano.nl\/shop\/leren-biker-jack-dames-zwart-versano-360\/#breadcrumb\"},\"inLanguage\":\"de\",\"potentialAction\":[{\"@type\":\"ReadAction\",\"target\":[\"https:\/\/versano.nl\/shop\/leren-biker-jack-dames-zwart-versano-360\/\"]}]},{\"@type\":\"ImageObject\",\"inLanguage\":\"de\",\"@id\":\"https:\/\/versano.nl\/shop\/leren-biker-jack-dames-zwart-versano-360\/#primaryimage\",\"url\":\"https:\/\/versano.nl\/wp-content\/uploads\/2017\/02\/leren-bikerjack-met-dubbele-rits-dames-zwart-versano-360-model1.jpg\",\"contentUrl\":\"https:\/\/versano.nl\/wp-content\/uploads\/2017\/02\/leren-bikerjack-met-dubbele-rits-dames-zwart-versano-360-model1.jpg\",\"width\":900,\"height\":1176,\"caption\":\"Leren dames biker jas 360 zwart Versano\"},{\"@type\":\"BreadcrumbList\",\"@id\":\"https:\/\/versano.nl\/shop\/leren-biker-jack-dames-zwart-versano-360\/#breadcrumb\",\"itemListElement\":[{\"@type\":\"ListItem\",\"position\":1,\"name\":\"Home\",\"item\":\"https:\/\/versano.nl\/\"},{\"@type\":\"ListItem\",\"position\":2,\"name\":\"Shop\",\"item\":\"https:\/\/versano.nl\/shop\/\"},{\"@type\":\"ListItem\",\"position\":3,\"name\":\"Leren dames biker jas 360 zwart Versano\"}]},{\"@type\":\"WebSite\",\"@id\":\"https:\/\/versano.nl\/#website\",\"url\":\"https:\/\/versano.nl\/\",\"name\":\"Versano\",\"description\":\"winterjassen met bontkraag | leren dames jassen | leren heren jassen\",\"potentialAction\":[{\"@type\":\"SearchAction\",\"target\":{\"@type\":\"EntryPoint\",\"urlTemplate\":\"https:\/\/versano.nl\/?s={search_term_string}\"},\"query-input\":{\"@type\":\"PropertyValueSpecification\",\"valueRequired\":true,\"valueName\":\"search_term_string\"}}],\"inLanguage\":\"de\"}]}<\/script>\n<!-- \/ Yoast SEO plugin. -->","yoast_head_json":{"title":"Leder Damen Bikerjacke 360 schwarz Versano, Bikerjacke schwarz","description":"Suchen Sie eine Damen-Bikerjacke aus Leder 360 schwarz Versano? Dann sind Sie bei der bekannten Jackenmarke Versano genau richtig.","robots":{"index":"index","follow":"follow","max-snippet":"max-snippet:-1","max-image-preview":"max-image-preview:large","max-video-preview":"max-video-preview:-1"},"canonical":"https:\/\/versano.nl\/de\/shop\/leren-biker-jack-dames-zwart-versano-360\/","og_locale":"de_DE","og_type":"article","og_title":"Leren dames biker jas 360 zwart Versano, biker jas zwart","og_description":"Bent u op zoek naar een Leren dames biker jas 360 zwart Versano? Dan bent u bij het bekende jassen merk Versano aan het juiste adres.","og_url":"https:\/\/versano.nl\/de\/shop\/leren-biker-jack-dames-zwart-versano-360\/","og_site_name":"Versano","article_modified_time":"2025-11-25T16:23:03+00:00","og_image":[{"width":900,"height":1176,"url":"https:\/\/versano.nl\/wp-content\/uploads\/2017\/02\/leren-bikerjack-met-dubbele-rits-dames-zwart-versano-360-model1.jpg","type":"image\/jpeg"}],"twitter_card":"summary_large_image","twitter_misc":{"Gesch\u00e4tzte Lesezeit":"2\u00a0Minuten"},"schema":{"@context":"https:\/\/schema.org","@graph":[{"@type":"WebPage","@id":"https:\/\/versano.nl\/shop\/leren-biker-jack-dames-zwart-versano-360\/","url":"https:\/\/versano.nl\/shop\/leren-biker-jack-dames-zwart-versano-360\/","name":"Leder Damen Bikerjacke 360 schwarz Versano, Bikerjacke schwarz","isPartOf":{"@id":"https:\/\/versano.nl\/#website"},"primaryImageOfPage":{"@id":"https:\/\/versano.nl\/shop\/leren-biker-jack-dames-zwart-versano-360\/#primaryimage"},"image":{"@id":"https:\/\/versano.nl\/shop\/leren-biker-jack-dames-zwart-versano-360\/#primaryimage"},"thumbnailUrl":"https:\/\/versano.nl\/wp-content\/uploads\/2017\/02\/leren-bikerjack-met-dubbele-rits-dames-zwart-versano-360-model1.jpg","datePublished":"2017-02-28T00:03:19+00:00","dateModified":"2025-11-25T16:23:03+00:00","description":"Suchen Sie eine Damen-Bikerjacke aus Leder 360 schwarz Versano? Dann sind Sie bei der bekannten Jackenmarke Versano genau richtig.","breadcrumb":{"@id":"https:\/\/versano.nl\/shop\/leren-biker-jack-dames-zwart-versano-360\/#breadcrumb"},"inLanguage":"de","potentialAction":[{"@type":"ReadAction","target":["https:\/\/versano.nl\/shop\/leren-biker-jack-dames-zwart-versano-360\/"]}]},{"@type":"ImageObject","inLanguage":"de","@id":"https:\/\/versano.nl\/shop\/leren-biker-jack-dames-zwart-versano-360\/#primaryimage","url":"https:\/\/versano.nl\/wp-content\/uploads\/2017\/02\/leren-bikerjack-met-dubbele-rits-dames-zwart-versano-360-model1.jpg","contentUrl":"https:\/\/versano.nl\/wp-content\/uploads\/2017\/02\/leren-bikerjack-met-dubbele-rits-dames-zwart-versano-360-model1.jpg","width":900,"height":1176,"caption":"Leren dames biker jas 360 zwart Versano"},{"@type":"BreadcrumbList","@id":"https:\/\/versano.nl\/shop\/leren-biker-jack-dames-zwart-versano-360\/#breadcrumb","itemListElement":[{"@type":"ListItem","position":1,"name":"Home","item":"https:\/\/versano.nl\/"},{"@type":"ListItem","position":2,"name":"Shop","item":"https:\/\/versano.nl\/shop\/"},{"@type":"ListItem","position":3,"name":"Leren dames biker jas 360 zwart Versano"}]},{"@type":"WebSite","@id":"https:\/\/versano.nl\/#website","url":"https:\/\/versano.nl\/","name":"Versano","description":"Winterm\u00e4ntel mit Pelzkragen | Damen Lederjacken | Herren Lederjacken","potentialAction":[{"@type":"SearchAction","target":{"@type":"EntryPoint","urlTemplate":"https:\/\/versano.nl\/?s={search_term_string}"},"query-input":{"@type":"PropertyValueSpecification","valueRequired":true,"valueName":"search_term_string"}}],"inLanguage":"de"}]}},"_links":{"self":[{"href":"https:\/\/versano.nl\/de\/wp-json\/wp\/v2\/product\/391","targetHints":{"allow":["GET"]}}],"collection":[{"href":"https:\/\/versano.nl\/de\/wp-json\/wp\/v2\/product"}],"about":[{"href":"https:\/\/versano.nl\/de\/wp-json\/wp\/v2\/types\/product"}],"replies":[{"embeddable":true,"href":"https:\/\/versano.nl\/de\/wp-json\/wp\/v2\/comments?post=391"}],"wp:featuredmedia":[{"embeddable":true,"href":"https:\/\/versano.nl\/de\/wp-json\/wp\/v2\/media\/20339"}],"wp:attachment":[{"href":"https:\/\/versano.nl\/de\/wp-json\/wp\/v2\/media?parent=391"}],"wp:term":[{"taxonomy":"product_brand","embeddable":true,"href":"https:\/\/versano.nl\/de\/wp-json\/wp\/v2\/product_brand?post=391"},{"taxonomy":"product_cat","embeddable":true,"href":"https:\/\/versano.nl\/de\/wp-json\/wp\/v2\/product_cat?post=391"},{"taxonomy":"product_tag","embeddable":true,"href":"https:\/\/versano.nl\/de\/wp-json\/wp\/v2\/product_tag?post=391"}],"curies":[{"name":"wp","href":"https:\/\/api.w.org\/{rel}","templated":true}]}}

<h2>Leder Damen Bikerjacke 360 schwarz Versano</h2>
<p>Du suchst eine Bikerjacke, die cool aussieht, aber auch noch sehr bequem ist? Dann empfehlen wir Ihnen, diese schöne Leder Damen Bikerjacke 360 schwarz Versano einfach zu begutachten. Die Damen Bikerjacke aus Leder mit rundem Stehkragen lässt sich auf zwei verschiedene Arten tragen. So erhältst du eine Jacke, bei der du wählen kannst, welchen der beiden Styles du jeden Tag ausprobieren möchtest. Wir sprechen von einer Jacke, die sehr robust ist. An der Seite befinden sich zwei Reißverschlusstaschen, zusätzlich gibt es noch eine praktische Innentasche.</p>
<h2>Versano Modell 360 . bestellen</h2>
<p>Bei Versano arbeiten niederländische Designer, die ihren Stil stark auf Italien ausgerichtet haben. Auch heute können Sie sich darauf verlassen, dass diese Jacke nicht nur perfekt aussieht, sondern auch außergewöhnlich bequem ist. Das liegt auch am verwendeten Material, weichem Lammleder. Bikerjacken aus Leder von Versano sind richtig cool und haben ein schönes Design. Diese Bikerjacke soll natürlich nicht nur auf dem Motorrad getragen werden, sondern wird auch wegen ihres knalligen Looks so genannt. Diese Jacke wird im Allgemeinen im täglichen Leben getragen, um Ihr Outfit modischer zu machen. Wenn Sie diese Jacke bei uns bestellen, erhalten Sie eine Jacke, die ein Leben lang schön bleibt. Die Farbe Schwarz lässt sich gut kombinieren und passt zu fast allen Outfits. Das italienische Design sorgt dafür, dass die Jacke gut sitzt und trotzdem angenehm zu tragen ist. Sie können ganz einfach auf unserer Website bestellen. Sehr zu empfehlen aus dem Versano-Sortiment!</p>
<p>Marke: <a href="https://versano.nl/">Versano</a><br />
Material: Lammfell<br />
Futter: 100% Polyester<br />
Länge: kurz<br />
Passform: ausgestattet<br />
Schließung: Reißverschluss<br />
Taschen: RV-Taschen<br />
Kragen: unten Kragen<br />
Material Außenschicht: Lammfell<br />
Lieferzeit: 2-3 Werktage</p>

<p><span style="color: #ff0000;">Fit Beratung:</span> Die Passform dieser Jacke ist eng geschnitten. Unser Modell ist 1,80 cm groß und trägt eine Größe S.</p>
<p>Wenn Sie sich bei Ihren Maßen nicht sicher sind, empfehlen wir Ihnen, zuerst Ihre Größenmaße zu messen und sie mit unserer Größentabelle zu vergleichen. Wenn Sie keine Erfahrung mit der Messung von Umfangsgrößen haben, klicken Sie auf <a href="https://www.youtube.com/watch?v=3ZSfY87v6pM"><em>HIER</em> </a> zu <span style="color: #ff0000;"><a style="color: #ff0000;" href="https://www.youtube.com/watch?v=3ZSfY87v6pM"><em>VIDEO</em></a> </span> mit Anweisungen. Sie können uns auch direkt anrufen oder anrufen! Unsere Mitarbeiter stehen Ihnen jederzeit zur Verfügung.</p>
<p><strong>LIEFERZEIT :</strong> 2 bis 3 Werktage.</p>

<!-- This site is optimized with the Yoast SEO plugin v27.2 - https://yoast.com/product/yoast-seo-wordpress/ -->
<title>Leren dames biker jas 360 zwart Versano, biker jas zwart</title>
<meta name="description" content="Bent u op zoek naar een Leren dames biker jas 360 zwart Versano? Dan bent u bij het bekende jassen merk Versano aan het juiste adres." />
<meta name="robots" content="index, follow, max-snippet:-1, max-image-preview:large, max-video-preview:-1" />
<link rel="canonical" href="https://versano.nl/de/shop/leren-biker-jack-dames-zwart-versano-360/" />
<meta property="og:locale" content="de_DE" />
<meta property="og:type" content="article" />
<meta property="og:title" content="Leren dames biker jas 360 zwart Versano, biker jas zwart" />
<meta property="og:description" content="Bent u op zoek naar een Leren dames biker jas 360 zwart Versano? Dan bent u bij het bekende jassen merk Versano aan het juiste adres." />
<meta property="og:url" content="https://versano.nl/de/shop/leren-biker-jack-dames-zwart-versano-360/" />
<meta property="og:site_name" content="Versano" />
<meta property="article:modified_time" content="2025-11-25T16:23:03+00:00" />
<meta property="og:image" content="https://versano.nl/wp-content/uploads/2017/02/leren-bikerjack-met-dubbele-rits-dames-zwart-versano-360-model1.jpg" />
	<meta property="og:image:width" content="900" />
	<meta property="og:image:height" content="1176" />
	<meta property="og:image:type" content="image/jpeg" />
<meta name="twitter:card" content="summary_large_image" />
<meta name="twitter:label1" content="Geschätzte Lesezeit" />
	<meta name="twitter:data1" content="2 Minuten" />
<script type="application/ld+json" class="yoast-schema-graph">{"@context":"https://schema.org","@graph":[{"@type":"WebPage","@id":"https://versano.nl/shop/leren-biker-jack-dames-zwart-versano-360/","url":"https://versano.nl/shop/leren-biker-jack-dames-zwart-versano-360/","name":"Leren dames biker jas 360 zwart Versano, biker jas zwart","isPartOf":{"@id":"https://versano.nl/#website"},"primaryImageOfPage":{"@id":"https://versano.nl/shop/leren-biker-jack-dames-zwart-versano-360/#primaryimage"},"image":{"@id":"https://versano.nl/shop/leren-biker-jack-dames-zwart-versano-360/#primaryimage"},"thumbnailUrl":"https://versano.nl/wp-content/uploads/2017/02/leren-bikerjack-met-dubbele-rits-dames-zwart-versano-360-model1.jpg","datePublished":"2017-02-28T00:03:19+00:00","dateModified":"2025-11-25T16:23:03+00:00","description":"Bent u op zoek naar een Leren dames biker jas 360 zwart Versano? Dan bent u bij het bekende jassen merk Versano aan het juiste adres.","breadcrumb":{"@id":"https://versano.nl/shop/leren-biker-jack-dames-zwart-versano-360/#breadcrumb"},"inLanguage":"de","potentialAction":[{"@type":"ReadAction","target":["https://versano.nl/shop/leren-biker-jack-dames-zwart-versano-360/"]}]},{"@type":"ImageObject","inLanguage":"de","@id":"https://versano.nl/shop/leren-biker-jack-dames-zwart-versano-360/#primaryimage","url":"https://versano.nl/wp-content/uploads/2017/02/leren-bikerjack-met-dubbele-rits-dames-zwart-versano-360-model1.jpg","contentUrl":"https://versano.nl/wp-content/uploads/2017/02/leren-bikerjack-met-dubbele-rits-dames-zwart-versano-360-model1.jpg","width":900,"height":1176,"caption":"Leren dames biker jas 360 zwart Versano"},{"@type":"BreadcrumbList","@id":"https://versano.nl/shop/leren-biker-jack-dames-zwart-versano-360/#breadcrumb","itemListElement":[{"@type":"ListItem","position":1,"name":"Home","item":"https://versano.nl/"},{"@type":"ListItem","position":2,"name":"Shop","item":"https://versano.nl/shop/"},{"@type":"ListItem","position":3,"name":"Leren dames biker jas 360 zwart Versano"}]},{"@type":"WebSite","@id":"https://versano.nl/#website","url":"https://versano.nl/","name":"Versano","description":"winterjassen met bontkraag | leren dames jassen | leren heren jassen","potentialAction":[{"@type":"SearchAction","target":{"@type":"EntryPoint","urlTemplate":"https://versano.nl/?s={search_term_string}"},"query-input":{"@type":"PropertyValueSpecification","valueRequired":true,"valueName":"search_term_string"}}],"inLanguage":"de"}]}</script>
<!-- / Yoast SEO plugin. -->

Wintermäntel mit Pelzkragen | Damen Lederjacken | Herren Lederjacken
