{"id":34831,"date":"2025-03-21T15:19:07","date_gmt":"2025-03-21T15:19:07","guid":{"rendered":"https:\/\/versano.nl\/?post_type=product&#038;p=34831"},"modified":"2026-03-13T11:19:56","modified_gmt":"2026-03-13T11:19:56","slug":"dames-mantel-jas-kort-grijs-paris-versano","status":"publish","type":"product","link":"https:\/\/versano.nl\/de\/shop\/dames-mantel-jas-kort-grijs-paris-versano\/","title":{"rendered":"dames mantel jas kort grijs Paris Versano"},"content":{"rendered":"<h2>dames mantel jas kort grijs Paris Versano<\/h2>\n<p>Ben je toevallig op zoek naar een mooie dames mantel jas kort grijs Paris Versano? Kijk niet verder want je bent bij het bekende jassen merk versano aan het juiste adres. De Paris is de perfecte dames mantel jas die je lekker warm houd en je kan hem in meerdere seizoenen dragen! De dames mantel jas kort grijs Paris Versano is niet alleen stijlvol maar hij heeft ook een mooi getailleerde pasvorm. deze nieuwe model van Versano is een kort model met insteek zakken.\u00a0 De jas gaat dicht door middel van een knoopsluiting. Het is \u00e9\u00e9n model van de nieuwe collectie van Versano tegen een scherpe prijs. We hebben de Valentino NG ook in de kleuren\u00a0 zwart en cr\u00e8me te koop.<\/p>\n<h2>Ein Umhang mit sch\u00f6nem Design<\/h2>\n<p>Ben jij al bekend met Versano? Het merk Versano is vooral bekend om de mooie en aparte modellen jassen met getailleerde Italiaanse pasvormen, maar dit is niet zomaar een ontwerp, wij noemen het \u201cA STATE OF ART \u201c.\u00a0 Met zo\u2019n mooie mantel jas van Versano weet u zeker dat u er in alle seizoenen patent bij loopt. Dit zijn mooie jassen die niet alleen perfect zijn ontworpen, maar die ook nog eens van de beste materialen zijn gemaakt. U bestelt de dames mantel jas kort grijs Paris Versano eenvoudig via onze webshop van Versano. We hebben al onze jassen hier overzichtelijk voor u bij elkaar gezet, zodat u eenvoudig een bestelling kunt maken. Bij Versano bent u er altijd zeker van dat u een mooie jas koopt waar met zorg aan is gewerkt en waar u veel plezier van gaat krijgen.<\/p>\n<p>Marke: Versan<br \/>\nL\u00e4nge: kurz<br \/>\nMaterial: 64% Polyester, 34% Viscon, 2% Lycra, Synthetik<br \/>\nPassform: ausgestattet<br \/>\nFutter: 100% Polyester<br \/>\nVerschluss: Knopfverschluss<br \/>\nzakken: insteek zakken<\/p>\n<p>Funktion: wasserdicht, winddicht<\/p>","protected":false},"excerpt":{"rendered":"<p><span style=\"color: #ff0000;\"><strong>Fit Beratung:<\/strong><\/span><\/p>\n<p><span style=\"color: #ff0000;\">Slim fit pasvorm, bekijk de maattabel voor de juiste maat.<\/span><\/p>\n<p><span style=\"color: #ff0000;\">Onze model is 1,68 m en weegt 58 kg, ze draagt maat Small.<\/span><\/p>\n<p>Wenn Sie sich bei Ihren Ma\u00dfen nicht sicher sind, empfehlen wir Ihnen, zuerst Ihre Gr\u00f6\u00dfenma\u00dfe zu messen und sie mit unserer Gr\u00f6\u00dfentabelle zu vergleichen. Wenn Sie keine Erfahrung mit der Messung von Umfangsgr\u00f6\u00dfen haben, klicken Sie auf <a href=\"https:\/\/www.youtube.com\/watch?v=3ZSfY87v6pM\"><em>HIER<\/em>\u00a0<\/a>\u00a0zu <span style=\"color: #ff0000;\"><a style=\"color: #ff0000;\" href=\"https:\/\/www.youtube.com\/watch?v=3ZSfY87v6pM\"><em>VIDEO<\/em><\/a>\u00a0<\/span> mit Anweisungen. Sie k\u00f6nnen uns auch direkt anrufen oder anrufen! Unsere Mitarbeiter stehen Ihnen jederzeit zur Verf\u00fcgung.<\/p>\n<p><strong><span style=\"color: #000000;\">LIEFERZEIT<\/span> :<\/strong> 2 bis 3 Werktage.<\/p>","protected":false},"featured_media":35123,"comment_status":"closed","ping_status":"closed","template":"","meta":[],"product_brand":[],"product_cat":[2211,2207,1145,1382,2209,1430,2151,882,1143,1144,1404,1339,2210],"product_tag":[],"class_list":{"0":"post-34831","1":"product","2":"type-product","3":"status-publish","4":"has-post-thumbnail","6":"product_cat-dames-getailleerde-manteljas","7":"product_cat-dames-manteljas","8":"product_cat-dames-winterjas","9":"product_cat-dames-winterjassen","10":"product_cat-dames-wollen-jas","11":"product_cat-lange-winterjas-dames","12":"product_cat-dames-mantel-jassen","13":"product_cat-versano","14":"product_cat-winterjas","15":"product_cat-winterjas-dames","16":"product_cat-winterjassen","17":"product_cat-winterjassen-dames","18":"product_cat-wollen-jas-dames","19":"product_shipping_class-verzendkosten-1","20":"tm-no-options","22":"first","23":"instock","24":"sale","25":"taxable","26":"shipping-taxable","27":"purchasable","28":"product-type-variable"},"yoast_head":"<!-- This site is optimized with the Yoast SEO plugin v27.2 - https:\/\/yoast.com\/product\/yoast-seo-wordpress\/ -->\n<title>dames mantel jas kort grijs Paris Versano<\/title>\n<meta name=\"description\" content=\"Bent u op zoek naar een dames mantel jas kort in de kleur grijs Paris van Versano? Bekijk nu onze nieuwe model Paris op onze website!\" \/>\n<meta name=\"robots\" content=\"index, follow, max-snippet:-1, max-image-preview:large, max-video-preview:-1\" \/>\n<link rel=\"canonical\" href=\"https:\/\/versano.nl\/de\/shop\/dames-mantel-jas-kort-grijs-paris-versano\/\" \/>\n<meta property=\"og:locale\" content=\"de_DE\" \/>\n<meta property=\"og:type\" content=\"article\" \/>\n<meta property=\"og:title\" content=\"dames mantel jas kort grijs Paris Versano\" \/>\n<meta property=\"og:description\" content=\"Bent u op zoek naar een dames mantel jas kort in de kleur grijs Paris van Versano? Bekijk nu onze nieuwe model Paris op onze website!\" \/>\n<meta property=\"og:url\" content=\"https:\/\/versano.nl\/de\/shop\/dames-mantel-jas-kort-grijs-paris-versano\/\" \/>\n<meta property=\"og:site_name\" content=\"Versano\" \/>\n<meta property=\"article:modified_time\" content=\"2026-03-13T11:19:56+00:00\" \/>\n<meta property=\"og:image\" content=\"https:\/\/versano.nl\/wp-content\/uploads\/2025\/03\/dames-mantel-jas-kort-grijs-Paris-Versano-1111.jpg\" \/>\n\t<meta property=\"og:image:width\" content=\"799\" \/>\n\t<meta property=\"og:image:height\" content=\"1200\" \/>\n\t<meta property=\"og:image:type\" content=\"image\/jpeg\" \/>\n<meta name=\"twitter:card\" content=\"summary_large_image\" \/>\n<meta name=\"twitter:label1\" content=\"Gesch\u00e4tzte Lesezeit\" \/>\n\t<meta name=\"twitter:data1\" content=\"2\u00a0Minuten\" \/>\n<script type=\"application\/ld+json\" class=\"yoast-schema-graph\">{\"@context\":\"https:\/\/schema.org\",\"@graph\":[{\"@type\":\"WebPage\",\"@id\":\"https:\/\/versano.nl\/shop\/dames-mantel-jas-kort-grijs-paris-versano\/\",\"url\":\"https:\/\/versano.nl\/shop\/dames-mantel-jas-kort-grijs-paris-versano\/\",\"name\":\"dames mantel jas kort grijs Paris Versano\",\"isPartOf\":{\"@id\":\"https:\/\/versano.nl\/#website\"},\"primaryImageOfPage\":{\"@id\":\"https:\/\/versano.nl\/shop\/dames-mantel-jas-kort-grijs-paris-versano\/#primaryimage\"},\"image\":{\"@id\":\"https:\/\/versano.nl\/shop\/dames-mantel-jas-kort-grijs-paris-versano\/#primaryimage\"},\"thumbnailUrl\":\"https:\/\/versano.nl\/wp-content\/uploads\/2025\/03\/dames-mantel-jas-kort-grijs-Paris-Versano-1111.jpg\",\"datePublished\":\"2025-03-21T15:19:07+00:00\",\"dateModified\":\"2026-03-13T11:19:56+00:00\",\"description\":\"Bent u op zoek naar een dames mantel jas kort in de kleur grijs Paris van Versano? Bekijk nu onze nieuwe model Paris op onze website!\",\"breadcrumb\":{\"@id\":\"https:\/\/versano.nl\/shop\/dames-mantel-jas-kort-grijs-paris-versano\/#breadcrumb\"},\"inLanguage\":\"de\",\"potentialAction\":[{\"@type\":\"ReadAction\",\"target\":[\"https:\/\/versano.nl\/shop\/dames-mantel-jas-kort-grijs-paris-versano\/\"]}]},{\"@type\":\"ImageObject\",\"inLanguage\":\"de\",\"@id\":\"https:\/\/versano.nl\/shop\/dames-mantel-jas-kort-grijs-paris-versano\/#primaryimage\",\"url\":\"https:\/\/versano.nl\/wp-content\/uploads\/2025\/03\/dames-mantel-jas-kort-grijs-Paris-Versano-1111.jpg\",\"contentUrl\":\"https:\/\/versano.nl\/wp-content\/uploads\/2025\/03\/dames-mantel-jas-kort-grijs-Paris-Versano-1111.jpg\",\"width\":799,\"height\":1200,\"caption\":\"dames mantel jas kort grijs Paris Versano\"},{\"@type\":\"BreadcrumbList\",\"@id\":\"https:\/\/versano.nl\/shop\/dames-mantel-jas-kort-grijs-paris-versano\/#breadcrumb\",\"itemListElement\":[{\"@type\":\"ListItem\",\"position\":1,\"name\":\"Home\",\"item\":\"https:\/\/versano.nl\/\"},{\"@type\":\"ListItem\",\"position\":2,\"name\":\"Shop\",\"item\":\"https:\/\/versano.nl\/shop\/\"},{\"@type\":\"ListItem\",\"position\":3,\"name\":\"dames mantel jas kort grijs Paris Versano\"}]},{\"@type\":\"WebSite\",\"@id\":\"https:\/\/versano.nl\/#website\",\"url\":\"https:\/\/versano.nl\/\",\"name\":\"Versano\",\"description\":\"winterjassen met bontkraag | leren dames jassen | leren heren jassen\",\"potentialAction\":[{\"@type\":\"SearchAction\",\"target\":{\"@type\":\"EntryPoint\",\"urlTemplate\":\"https:\/\/versano.nl\/?s={search_term_string}\"},\"query-input\":{\"@type\":\"PropertyValueSpecification\",\"valueRequired\":true,\"valueName\":\"search_term_string\"}}],\"inLanguage\":\"de\"}]}<\/script>\n<!-- \/ Yoast SEO plugin. -->","yoast_head_json":{"title":"dames mantel jas kort grijs Paris Versano","description":"Bent u op zoek naar een dames mantel jas kort in de kleur grijs Paris van Versano? Bekijk nu onze nieuwe model Paris op onze website!","robots":{"index":"index","follow":"follow","max-snippet":"max-snippet:-1","max-image-preview":"max-image-preview:large","max-video-preview":"max-video-preview:-1"},"canonical":"https:\/\/versano.nl\/de\/shop\/dames-mantel-jas-kort-grijs-paris-versano\/","og_locale":"de_DE","og_type":"article","og_title":"dames mantel jas kort grijs Paris Versano","og_description":"Bent u op zoek naar een dames mantel jas kort in de kleur grijs Paris van Versano? Bekijk nu onze nieuwe model Paris op onze website!","og_url":"https:\/\/versano.nl\/de\/shop\/dames-mantel-jas-kort-grijs-paris-versano\/","og_site_name":"Versano","article_modified_time":"2026-03-13T11:19:56+00:00","og_image":[{"width":799,"height":1200,"url":"https:\/\/versano.nl\/wp-content\/uploads\/2025\/03\/dames-mantel-jas-kort-grijs-Paris-Versano-1111.jpg","type":"image\/jpeg"}],"twitter_card":"summary_large_image","twitter_misc":{"Gesch\u00e4tzte Lesezeit":"2\u00a0Minuten"},"schema":{"@context":"https:\/\/schema.org","@graph":[{"@type":"WebPage","@id":"https:\/\/versano.nl\/shop\/dames-mantel-jas-kort-grijs-paris-versano\/","url":"https:\/\/versano.nl\/shop\/dames-mantel-jas-kort-grijs-paris-versano\/","name":"dames mantel jas kort grijs Paris Versano","isPartOf":{"@id":"https:\/\/versano.nl\/#website"},"primaryImageOfPage":{"@id":"https:\/\/versano.nl\/shop\/dames-mantel-jas-kort-grijs-paris-versano\/#primaryimage"},"image":{"@id":"https:\/\/versano.nl\/shop\/dames-mantel-jas-kort-grijs-paris-versano\/#primaryimage"},"thumbnailUrl":"https:\/\/versano.nl\/wp-content\/uploads\/2025\/03\/dames-mantel-jas-kort-grijs-Paris-Versano-1111.jpg","datePublished":"2025-03-21T15:19:07+00:00","dateModified":"2026-03-13T11:19:56+00:00","description":"Bent u op zoek naar een dames mantel jas kort in de kleur grijs Paris van Versano? Bekijk nu onze nieuwe model Paris op onze website!","breadcrumb":{"@id":"https:\/\/versano.nl\/shop\/dames-mantel-jas-kort-grijs-paris-versano\/#breadcrumb"},"inLanguage":"de","potentialAction":[{"@type":"ReadAction","target":["https:\/\/versano.nl\/shop\/dames-mantel-jas-kort-grijs-paris-versano\/"]}]},{"@type":"ImageObject","inLanguage":"de","@id":"https:\/\/versano.nl\/shop\/dames-mantel-jas-kort-grijs-paris-versano\/#primaryimage","url":"https:\/\/versano.nl\/wp-content\/uploads\/2025\/03\/dames-mantel-jas-kort-grijs-Paris-Versano-1111.jpg","contentUrl":"https:\/\/versano.nl\/wp-content\/uploads\/2025\/03\/dames-mantel-jas-kort-grijs-Paris-Versano-1111.jpg","width":799,"height":1200,"caption":"dames mantel jas kort grijs Paris Versano"},{"@type":"BreadcrumbList","@id":"https:\/\/versano.nl\/shop\/dames-mantel-jas-kort-grijs-paris-versano\/#breadcrumb","itemListElement":[{"@type":"ListItem","position":1,"name":"Home","item":"https:\/\/versano.nl\/"},{"@type":"ListItem","position":2,"name":"Shop","item":"https:\/\/versano.nl\/shop\/"},{"@type":"ListItem","position":3,"name":"dames mantel jas kort grijs Paris Versano"}]},{"@type":"WebSite","@id":"https:\/\/versano.nl\/#website","url":"https:\/\/versano.nl\/","name":"Versano","description":"Winterm\u00e4ntel mit Pelzkragen | Damen Lederjacken | Herren Lederjacken","potentialAction":[{"@type":"SearchAction","target":{"@type":"EntryPoint","urlTemplate":"https:\/\/versano.nl\/?s={search_term_string}"},"query-input":{"@type":"PropertyValueSpecification","valueRequired":true,"valueName":"search_term_string"}}],"inLanguage":"de"}]}},"_links":{"self":[{"href":"https:\/\/versano.nl\/de\/wp-json\/wp\/v2\/product\/34831","targetHints":{"allow":["GET"]}}],"collection":[{"href":"https:\/\/versano.nl\/de\/wp-json\/wp\/v2\/product"}],"about":[{"href":"https:\/\/versano.nl\/de\/wp-json\/wp\/v2\/types\/product"}],"replies":[{"embeddable":true,"href":"https:\/\/versano.nl\/de\/wp-json\/wp\/v2\/comments?post=34831"}],"wp:featuredmedia":[{"embeddable":true,"href":"https:\/\/versano.nl\/de\/wp-json\/wp\/v2\/media\/35123"}],"wp:attachment":[{"href":"https:\/\/versano.nl\/de\/wp-json\/wp\/v2\/media?parent=34831"}],"wp:term":[{"taxonomy":"product_brand","embeddable":true,"href":"https:\/\/versano.nl\/de\/wp-json\/wp\/v2\/product_brand?post=34831"},{"taxonomy":"product_cat","embeddable":true,"href":"https:\/\/versano.nl\/de\/wp-json\/wp\/v2\/product_cat?post=34831"},{"taxonomy":"product_tag","embeddable":true,"href":"https:\/\/versano.nl\/de\/wp-json\/wp\/v2\/product_tag?post=34831"}],"curies":[{"name":"wp","href":"https:\/\/api.w.org\/{rel}","templated":true}]}}

<h2>dames mantel jas kort grijs Paris Versano</h2>
<p>Ben je toevallig op zoek naar een mooie dames mantel jas kort grijs Paris Versano? Kijk niet verder want je bent bij het bekende jassen merk versano aan het juiste adres. De Paris is de perfecte dames mantel jas die je lekker warm houd en je kan hem in meerdere seizoenen dragen! De dames mantel jas kort grijs Paris Versano is niet alleen stijlvol maar hij heeft ook een mooi getailleerde pasvorm. deze nieuwe model van Versano is een kort model met insteek zakken.  De jas gaat dicht door middel van een knoopsluiting. Het is één model van de nieuwe collectie van Versano tegen een scherpe prijs. We hebben de Valentino NG ook in de kleuren  zwart en crème te koop.</p>
<h2>Ein Umhang mit schönem Design</h2>
<p>Ben jij al bekend met Versano? Het merk Versano is vooral bekend om de mooie en aparte modellen jassen met getailleerde Italiaanse pasvormen, maar dit is niet zomaar een ontwerp, wij noemen het “A STATE OF ART “.  Met zo’n mooie mantel jas van Versano weet u zeker dat u er in alle seizoenen patent bij loopt. Dit zijn mooie jassen die niet alleen perfect zijn ontworpen, maar die ook nog eens van de beste materialen zijn gemaakt. U bestelt de dames mantel jas kort grijs Paris Versano eenvoudig via onze webshop van Versano. We hebben al onze jassen hier overzichtelijk voor u bij elkaar gezet, zodat u eenvoudig een bestelling kunt maken. Bij Versano bent u er altijd zeker van dat u een mooie jas koopt waar met zorg aan is gewerkt en waar u veel plezier van gaat krijgen.</p>
<p>Marke: Versan<br />
Länge: kurz<br />
Material: 64% Polyester, 34% Viscon, 2% Lycra, Synthetik<br />
Passform: ausgestattet<br />
Futter: 100% Polyester<br />
Verschluss: Knopfverschluss<br />
zakken: insteek zakken</p>
<p>Funktion: wasserdicht, winddicht</p>

<p><span style="color: #ff0000;"><strong>Fit Beratung:</strong></span></p>
<p><span style="color: #ff0000;">Slim fit pasvorm, bekijk de maattabel voor de juiste maat.</span></p>
<p><span style="color: #ff0000;">Onze model is 1,68 m en weegt 58 kg, ze draagt maat Small.</span></p>
<p>Wenn Sie sich bei Ihren Maßen nicht sicher sind, empfehlen wir Ihnen, zuerst Ihre Größenmaße zu messen und sie mit unserer Größentabelle zu vergleichen. Wenn Sie keine Erfahrung mit der Messung von Umfangsgrößen haben, klicken Sie auf <a href="https://www.youtube.com/watch?v=3ZSfY87v6pM"><em>HIER</em> </a> zu <span style="color: #ff0000;"><a style="color: #ff0000;" href="https://www.youtube.com/watch?v=3ZSfY87v6pM"><em>VIDEO</em></a> </span> mit Anweisungen. Sie können uns auch direkt anrufen oder anrufen! Unsere Mitarbeiter stehen Ihnen jederzeit zur Verfügung.</p>
<p><strong><span style="color: #000000;">LIEFERZEIT</span> :</strong> 2 bis 3 Werktage.</p>

<!-- This site is optimized with the Yoast SEO plugin v27.2 - https://yoast.com/product/yoast-seo-wordpress/ -->
<title>dames mantel jas kort grijs Paris Versano</title>
<meta name="description" content="Bent u op zoek naar een dames mantel jas kort in de kleur grijs Paris van Versano? Bekijk nu onze nieuwe model Paris op onze website!" />
<meta name="robots" content="index, follow, max-snippet:-1, max-image-preview:large, max-video-preview:-1" />
<link rel="canonical" href="https://versano.nl/de/shop/dames-mantel-jas-kort-grijs-paris-versano/" />
<meta property="og:locale" content="de_DE" />
<meta property="og:type" content="article" />
<meta property="og:title" content="dames mantel jas kort grijs Paris Versano" />
<meta property="og:description" content="Bent u op zoek naar een dames mantel jas kort in de kleur grijs Paris van Versano? Bekijk nu onze nieuwe model Paris op onze website!" />
<meta property="og:url" content="https://versano.nl/de/shop/dames-mantel-jas-kort-grijs-paris-versano/" />
<meta property="og:site_name" content="Versano" />
<meta property="article:modified_time" content="2026-03-13T11:19:56+00:00" />
<meta property="og:image" content="https://versano.nl/wp-content/uploads/2025/03/dames-mantel-jas-kort-grijs-Paris-Versano-1111.jpg" />
	<meta property="og:image:width" content="799" />
	<meta property="og:image:height" content="1200" />
	<meta property="og:image:type" content="image/jpeg" />
<meta name="twitter:card" content="summary_large_image" />
<meta name="twitter:label1" content="Geschätzte Lesezeit" />
	<meta name="twitter:data1" content="2 Minuten" />
<script type="application/ld+json" class="yoast-schema-graph">{"@context":"https://schema.org","@graph":[{"@type":"WebPage","@id":"https://versano.nl/shop/dames-mantel-jas-kort-grijs-paris-versano/","url":"https://versano.nl/shop/dames-mantel-jas-kort-grijs-paris-versano/","name":"dames mantel jas kort grijs Paris Versano","isPartOf":{"@id":"https://versano.nl/#website"},"primaryImageOfPage":{"@id":"https://versano.nl/shop/dames-mantel-jas-kort-grijs-paris-versano/#primaryimage"},"image":{"@id":"https://versano.nl/shop/dames-mantel-jas-kort-grijs-paris-versano/#primaryimage"},"thumbnailUrl":"https://versano.nl/wp-content/uploads/2025/03/dames-mantel-jas-kort-grijs-Paris-Versano-1111.jpg","datePublished":"2025-03-21T15:19:07+00:00","dateModified":"2026-03-13T11:19:56+00:00","description":"Bent u op zoek naar een dames mantel jas kort in de kleur grijs Paris van Versano? Bekijk nu onze nieuwe model Paris op onze website!","breadcrumb":{"@id":"https://versano.nl/shop/dames-mantel-jas-kort-grijs-paris-versano/#breadcrumb"},"inLanguage":"de","potentialAction":[{"@type":"ReadAction","target":["https://versano.nl/shop/dames-mantel-jas-kort-grijs-paris-versano/"]}]},{"@type":"ImageObject","inLanguage":"de","@id":"https://versano.nl/shop/dames-mantel-jas-kort-grijs-paris-versano/#primaryimage","url":"https://versano.nl/wp-content/uploads/2025/03/dames-mantel-jas-kort-grijs-Paris-Versano-1111.jpg","contentUrl":"https://versano.nl/wp-content/uploads/2025/03/dames-mantel-jas-kort-grijs-Paris-Versano-1111.jpg","width":799,"height":1200,"caption":"dames mantel jas kort grijs Paris Versano"},{"@type":"BreadcrumbList","@id":"https://versano.nl/shop/dames-mantel-jas-kort-grijs-paris-versano/#breadcrumb","itemListElement":[{"@type":"ListItem","position":1,"name":"Home","item":"https://versano.nl/"},{"@type":"ListItem","position":2,"name":"Shop","item":"https://versano.nl/shop/"},{"@type":"ListItem","position":3,"name":"dames mantel jas kort grijs Paris Versano"}]},{"@type":"WebSite","@id":"https://versano.nl/#website","url":"https://versano.nl/","name":"Versano","description":"winterjassen met bontkraag | leren dames jassen | leren heren jassen","potentialAction":[{"@type":"SearchAction","target":{"@type":"EntryPoint","urlTemplate":"https://versano.nl/?s={search_term_string}"},"query-input":{"@type":"PropertyValueSpecification","valueRequired":true,"valueName":"search_term_string"}}],"inLanguage":"de"}]}</script>
<!-- / Yoast SEO plugin. -->

Wintermäntel mit Pelzkragen | Damen Lederjacken | Herren Lederjacken
