{"id":2029,"date":"2014-12-01T11:38:04","date_gmt":"2014-12-01T11:38:04","guid":{"rendered":"http:\/\/leathershopdoci.nl\/shop\/versano-heren-leren-jas-502-zwart\/"},"modified":"2022-11-04T12:06:37","modified_gmt":"2022-11-04T12:06:37","slug":"versano-heren-leren-jas-502-zwart","status":"publish","type":"product","link":"https:\/\/versano.nl\/de\/shop\/versano-heren-leren-jas-502-zwart\/","title":{"rendered":"Schwarzes Leder Herrenjacke aus Versano"},"content":{"rendered":"<h2>Schwarzes Leder Herrenjacke aus Versano<\/h2>\n<p>Lassen Sie es die Designer von Versano \u00fcber kommt immer wieder mit ganz neuen Modellen. Dies sind Jacken, die sch\u00f6n aussehen und dass Sie k\u00f6nnen sicher sein, dass sie sitzen. Die Versano Jacken sind aus feinstem Lammleder, ein Leder, das weich und strapazierf\u00e4hig und sch\u00f6n ist, wo Jacken machen. Die schwarze Leder Herrenjacke aus Versano ist auch ein sehr sportliches Modell, das noch einen schicken Look.<\/p>\n<h3>kaufen schwarzem Leder Herrenjacke aus Versano<\/h3>\n<p>Wollen Sie diese sch\u00f6ne schwarze Leder Herrenjacke aus Versano aus unserem Sortiment kaufen? Dann empfehlen wir Ihnen zum ersten Schicht die gleiche Ansicht im Detail. Unsere Bilder, weil Sie alle Details dieser Jacke sehen. So k\u00f6nnen Sie sich selbst davon \u00fcberzeugen, dass dies die Jacke Sie ein paar Jahre vor sich haben wollen. Der Mantel ist mit zwei gro\u00dfen Taschen abgeschlossen, die mit einem praktischen Rei\u00dfverschluss ausgestattet sind. Wichtige Papiere k\u00f6nnen Sie immer noch in den Innentaschen der Jacke verlieren.<\/p>\n<p>Material: 100% Lammfell<br \/>\nFutter: 100% Polyester<br \/>\nL\u00e4nge: kurz<br \/>\nPassen: Ausgestattet Italienisch (Runs)<br \/>\nSchlie\u00dfung: Rei\u00dfverschluss<br \/>\nTaschen: RV-Taschen<br \/>\nKragen: Stehkragen<br \/>\nMaterial Au\u00dfenschicht: hohe Qualit\u00e4t und weiches Lammfell<br \/>\nZeit: 1-3 Tage<\/p>","protected":false},"excerpt":{"rendered":"<p>Diese Lederjacke ist ein echter Hingucker und zeichnet sich durch Komfort und Modell. Durable Lammfell hat eine sch\u00f6ne Waschung f\u00fcr einen sportlich-eleganten Look. Zum Beispiel tragen sie sie mit Jeans oder Chinos. Der Mantel weist zwei tiefe Taschen mit einem Rei\u00dfverschluss und einer Innentasche. Diese Herren Lederjacke hat ein exzellentes Finish und Italienisch ausgestattet.<\/p>","protected":false},"featured_media":13841,"comment_status":"closed","ping_status":"closed","template":"","meta":[],"product_brand":[],"product_cat":[147,1712],"product_tag":[49,23,24],"class_list":{"0":"post-2029","1":"product","2":"type-product","3":"status-publish","4":"has-post-thumbnail","6":"product_cat-heren-leren-jassen","7":"product_cat-leren-jassen","8":"product_tag-heren-zwart","9":"product_tag-motorjacks-heren","10":"product_tag-stoer-jasje-heren","11":"tm-no-options","13":"first","14":"outofstock","15":"sale","16":"taxable","17":"shipping-taxable","18":"purchasable","19":"product-type-variable"},"yoast_head":"<!-- This site is optimized with the Yoast SEO plugin v27.2 - https:\/\/yoast.com\/product\/yoast-seo-wordpress\/ -->\n<title>Zwarte leren herenjas van Versano, leren heren jassen zwart<\/title>\n<meta name=\"description\" content=\"Bent u op zoek naar een zwarte leren herenjas van Versano, dan bent u bij ons aan het juiste adres. Bekijk de collectie leren jassen in de webshop\" \/>\n<meta name=\"robots\" content=\"index, follow, max-snippet:-1, max-image-preview:large, max-video-preview:-1\" \/>\n<link rel=\"canonical\" href=\"https:\/\/versano.nl\/de\/shop\/versano-heren-leren-jas-502-zwart\/\" \/>\n<meta property=\"og:locale\" content=\"de_DE\" \/>\n<meta property=\"og:type\" content=\"article\" \/>\n<meta property=\"og:title\" content=\"Zwarte leren herenjas van Versano, leren heren jassen zwart\" \/>\n<meta property=\"og:description\" content=\"Bent u op zoek naar een zwarte leren herenjas van Versano, dan bent u bij ons aan het juiste adres. Bekijk de collectie leren jassen in de webshop\" \/>\n<meta property=\"og:url\" content=\"https:\/\/versano.nl\/de\/shop\/versano-heren-leren-jas-502-zwart\/\" \/>\n<meta property=\"og:site_name\" content=\"Versano\" \/>\n<meta property=\"article:modified_time\" content=\"2022-11-04T12:06:37+00:00\" \/>\n<meta property=\"og:image\" content=\"https:\/\/versano.nl\/wp-content\/uploads\/2019\/11\/leren-jasje-heren-zwart-versano-502-model2.jpg\" \/>\n\t<meta property=\"og:image:width\" content=\"900\" \/>\n\t<meta property=\"og:image:height\" content=\"1196\" \/>\n\t<meta property=\"og:image:type\" content=\"image\/jpeg\" \/>\n<meta name=\"twitter:card\" content=\"summary_large_image\" \/>\n<meta name=\"twitter:label1\" content=\"Gesch\u00e4tzte Lesezeit\" \/>\n\t<meta name=\"twitter:data1\" content=\"1\u00a0Minute\" \/>\n<script type=\"application\/ld+json\" class=\"yoast-schema-graph\">{\"@context\":\"https:\/\/schema.org\",\"@graph\":[{\"@type\":\"WebPage\",\"@id\":\"https:\/\/versano.nl\/shop\/versano-heren-leren-jas-502-zwart\/\",\"url\":\"https:\/\/versano.nl\/shop\/versano-heren-leren-jas-502-zwart\/\",\"name\":\"Zwarte leren herenjas van Versano, leren heren jassen zwart\",\"isPartOf\":{\"@id\":\"https:\/\/versano.nl\/#website\"},\"primaryImageOfPage\":{\"@id\":\"https:\/\/versano.nl\/shop\/versano-heren-leren-jas-502-zwart\/#primaryimage\"},\"image\":{\"@id\":\"https:\/\/versano.nl\/shop\/versano-heren-leren-jas-502-zwart\/#primaryimage\"},\"thumbnailUrl\":\"https:\/\/versano.nl\/wp-content\/uploads\/2019\/11\/leren-jasje-heren-zwart-versano-502-model2.jpg\",\"datePublished\":\"2014-12-01T11:38:04+00:00\",\"dateModified\":\"2022-11-04T12:06:37+00:00\",\"description\":\"Bent u op zoek naar een zwarte leren herenjas van Versano, dan bent u bij ons aan het juiste adres. Bekijk de collectie leren jassen in de webshop\",\"breadcrumb\":{\"@id\":\"https:\/\/versano.nl\/shop\/versano-heren-leren-jas-502-zwart\/#breadcrumb\"},\"inLanguage\":\"de\",\"potentialAction\":[{\"@type\":\"ReadAction\",\"target\":[\"https:\/\/versano.nl\/shop\/versano-heren-leren-jas-502-zwart\/\"]}]},{\"@type\":\"ImageObject\",\"inLanguage\":\"de\",\"@id\":\"https:\/\/versano.nl\/shop\/versano-heren-leren-jas-502-zwart\/#primaryimage\",\"url\":\"https:\/\/versano.nl\/wp-content\/uploads\/2019\/11\/leren-jasje-heren-zwart-versano-502-model2.jpg\",\"contentUrl\":\"https:\/\/versano.nl\/wp-content\/uploads\/2019\/11\/leren-jasje-heren-zwart-versano-502-model2.jpg\",\"width\":900,\"height\":1196,\"caption\":\"leren-jasje-heren-zwart-versano-502-model2\"},{\"@type\":\"BreadcrumbList\",\"@id\":\"https:\/\/versano.nl\/shop\/versano-heren-leren-jas-502-zwart\/#breadcrumb\",\"itemListElement\":[{\"@type\":\"ListItem\",\"position\":1,\"name\":\"Home\",\"item\":\"https:\/\/versano.nl\/\"},{\"@type\":\"ListItem\",\"position\":2,\"name\":\"Shop\",\"item\":\"https:\/\/versano.nl\/shop\/\"},{\"@type\":\"ListItem\",\"position\":3,\"name\":\"Zwarte leren herenjas van Versano\"}]},{\"@type\":\"WebSite\",\"@id\":\"https:\/\/versano.nl\/#website\",\"url\":\"https:\/\/versano.nl\/\",\"name\":\"Versano\",\"description\":\"winterjassen met bontkraag | leren dames jassen | leren heren jassen\",\"potentialAction\":[{\"@type\":\"SearchAction\",\"target\":{\"@type\":\"EntryPoint\",\"urlTemplate\":\"https:\/\/versano.nl\/?s={search_term_string}\"},\"query-input\":{\"@type\":\"PropertyValueSpecification\",\"valueRequired\":true,\"valueName\":\"search_term_string\"}}],\"inLanguage\":\"de\"}]}<\/script>\n<!-- \/ Yoast SEO plugin. -->","yoast_head_json":{"title":"Schwarze Lederjacke f\u00fcr Herren von Versano, Lederjacken f\u00fcr Herren schwarz","description":"Suchen Sie eine schwarze Lederjacke f\u00fcr Herren von Versano, dann sind Sie bei uns genau richtig. Sehen Sie sich die Kollektion von Lederjacken im Webshop an","robots":{"index":"index","follow":"follow","max-snippet":"max-snippet:-1","max-image-preview":"max-image-preview:large","max-video-preview":"max-video-preview:-1"},"canonical":"https:\/\/versano.nl\/de\/shop\/versano-heren-leren-jas-502-zwart\/","og_locale":"de_DE","og_type":"article","og_title":"Zwarte leren herenjas van Versano, leren heren jassen zwart","og_description":"Bent u op zoek naar een zwarte leren herenjas van Versano, dan bent u bij ons aan het juiste adres. Bekijk de collectie leren jassen in de webshop","og_url":"https:\/\/versano.nl\/de\/shop\/versano-heren-leren-jas-502-zwart\/","og_site_name":"Versano","article_modified_time":"2022-11-04T12:06:37+00:00","og_image":[{"width":900,"height":1196,"url":"https:\/\/versano.nl\/wp-content\/uploads\/2019\/11\/leren-jasje-heren-zwart-versano-502-model2.jpg","type":"image\/jpeg"}],"twitter_card":"summary_large_image","twitter_misc":{"Gesch\u00e4tzte Lesezeit":"1\u00a0Minute"},"schema":{"@context":"https:\/\/schema.org","@graph":[{"@type":"WebPage","@id":"https:\/\/versano.nl\/shop\/versano-heren-leren-jas-502-zwart\/","url":"https:\/\/versano.nl\/shop\/versano-heren-leren-jas-502-zwart\/","name":"Schwarze Lederjacke f\u00fcr Herren von Versano, Lederjacken f\u00fcr Herren schwarz","isPartOf":{"@id":"https:\/\/versano.nl\/#website"},"primaryImageOfPage":{"@id":"https:\/\/versano.nl\/shop\/versano-heren-leren-jas-502-zwart\/#primaryimage"},"image":{"@id":"https:\/\/versano.nl\/shop\/versano-heren-leren-jas-502-zwart\/#primaryimage"},"thumbnailUrl":"https:\/\/versano.nl\/wp-content\/uploads\/2019\/11\/leren-jasje-heren-zwart-versano-502-model2.jpg","datePublished":"2014-12-01T11:38:04+00:00","dateModified":"2022-11-04T12:06:37+00:00","description":"Suchen Sie eine schwarze Lederjacke f\u00fcr Herren von Versano, dann sind Sie bei uns genau richtig. Sehen Sie sich die Kollektion von Lederjacken im Webshop an","breadcrumb":{"@id":"https:\/\/versano.nl\/shop\/versano-heren-leren-jas-502-zwart\/#breadcrumb"},"inLanguage":"de","potentialAction":[{"@type":"ReadAction","target":["https:\/\/versano.nl\/shop\/versano-heren-leren-jas-502-zwart\/"]}]},{"@type":"ImageObject","inLanguage":"de","@id":"https:\/\/versano.nl\/shop\/versano-heren-leren-jas-502-zwart\/#primaryimage","url":"https:\/\/versano.nl\/wp-content\/uploads\/2019\/11\/leren-jasje-heren-zwart-versano-502-model2.jpg","contentUrl":"https:\/\/versano.nl\/wp-content\/uploads\/2019\/11\/leren-jasje-heren-zwart-versano-502-model2.jpg","width":900,"height":1196,"caption":"leren-jasje-heren-zwart-versano-502-model2"},{"@type":"BreadcrumbList","@id":"https:\/\/versano.nl\/shop\/versano-heren-leren-jas-502-zwart\/#breadcrumb","itemListElement":[{"@type":"ListItem","position":1,"name":"Home","item":"https:\/\/versano.nl\/"},{"@type":"ListItem","position":2,"name":"Shop","item":"https:\/\/versano.nl\/shop\/"},{"@type":"ListItem","position":3,"name":"Zwarte leren herenjas van Versano"}]},{"@type":"WebSite","@id":"https:\/\/versano.nl\/#website","url":"https:\/\/versano.nl\/","name":"Versano","description":"Winterm\u00e4ntel mit Pelzkragen | Damen Lederjacken | Herren Lederjacken","potentialAction":[{"@type":"SearchAction","target":{"@type":"EntryPoint","urlTemplate":"https:\/\/versano.nl\/?s={search_term_string}"},"query-input":{"@type":"PropertyValueSpecification","valueRequired":true,"valueName":"search_term_string"}}],"inLanguage":"de"}]}},"_links":{"self":[{"href":"https:\/\/versano.nl\/de\/wp-json\/wp\/v2\/product\/2029","targetHints":{"allow":["GET"]}}],"collection":[{"href":"https:\/\/versano.nl\/de\/wp-json\/wp\/v2\/product"}],"about":[{"href":"https:\/\/versano.nl\/de\/wp-json\/wp\/v2\/types\/product"}],"replies":[{"embeddable":true,"href":"https:\/\/versano.nl\/de\/wp-json\/wp\/v2\/comments?post=2029"}],"wp:featuredmedia":[{"embeddable":true,"href":"https:\/\/versano.nl\/de\/wp-json\/wp\/v2\/media\/13841"}],"wp:attachment":[{"href":"https:\/\/versano.nl\/de\/wp-json\/wp\/v2\/media?parent=2029"}],"wp:term":[{"taxonomy":"product_brand","embeddable":true,"href":"https:\/\/versano.nl\/de\/wp-json\/wp\/v2\/product_brand?post=2029"},{"taxonomy":"product_cat","embeddable":true,"href":"https:\/\/versano.nl\/de\/wp-json\/wp\/v2\/product_cat?post=2029"},{"taxonomy":"product_tag","embeddable":true,"href":"https:\/\/versano.nl\/de\/wp-json\/wp\/v2\/product_tag?post=2029"}],"curies":[{"name":"wp","href":"https:\/\/api.w.org\/{rel}","templated":true}]}}

<h2>Schwarzes Leder Herrenjacke aus Versano</h2>
<p>Lassen Sie es die Designer von Versano über kommt immer wieder mit ganz neuen Modellen. Dies sind Jacken, die schön aussehen und dass Sie können sicher sein, dass sie sitzen. Die Versano Jacken sind aus feinstem Lammleder, ein Leder, das weich und strapazierfähig und schön ist, wo Jacken machen. Die schwarze Leder Herrenjacke aus Versano ist auch ein sehr sportliches Modell, das noch einen schicken Look.</p>
<h3>kaufen schwarzem Leder Herrenjacke aus Versano</h3>
<p>Wollen Sie diese schöne schwarze Leder Herrenjacke aus Versano aus unserem Sortiment kaufen? Dann empfehlen wir Ihnen zum ersten Schicht die gleiche Ansicht im Detail. Unsere Bilder, weil Sie alle Details dieser Jacke sehen. So können Sie sich selbst davon überzeugen, dass dies die Jacke Sie ein paar Jahre vor sich haben wollen. Der Mantel ist mit zwei großen Taschen abgeschlossen, die mit einem praktischen Reißverschluss ausgestattet sind. Wichtige Papiere können Sie immer noch in den Innentaschen der Jacke verlieren.</p>
<p>Material: 100% Lammfell<br />
Futter: 100% Polyester<br />
Länge: kurz<br />
Passen: Ausgestattet Italienisch (Runs)<br />
Schließung: Reißverschluss<br />
Taschen: RV-Taschen<br />
Kragen: Stehkragen<br />
Material Außenschicht: hohe Qualität und weiches Lammfell<br />
Zeit: 1-3 Tage</p>

<p>Diese Lederjacke ist ein echter Hingucker und zeichnet sich durch Komfort und Modell. Durable Lammfell hat eine schöne Waschung für einen sportlich-eleganten Look. Zum Beispiel tragen sie sie mit Jeans oder Chinos. Der Mantel weist zwei tiefe Taschen mit einem Reißverschluss und einer Innentasche. Diese Herren Lederjacke hat ein exzellentes Finish und Italienisch ausgestattet.</p>

<!-- This site is optimized with the Yoast SEO plugin v27.2 - https://yoast.com/product/yoast-seo-wordpress/ -->
<title>Zwarte leren herenjas van Versano, leren heren jassen zwart</title>
<meta name="description" content="Bent u op zoek naar een zwarte leren herenjas van Versano, dan bent u bij ons aan het juiste adres. Bekijk de collectie leren jassen in de webshop" />
<meta name="robots" content="index, follow, max-snippet:-1, max-image-preview:large, max-video-preview:-1" />
<link rel="canonical" href="https://versano.nl/de/shop/versano-heren-leren-jas-502-zwart/" />
<meta property="og:locale" content="de_DE" />
<meta property="og:type" content="article" />
<meta property="og:title" content="Zwarte leren herenjas van Versano, leren heren jassen zwart" />
<meta property="og:description" content="Bent u op zoek naar een zwarte leren herenjas van Versano, dan bent u bij ons aan het juiste adres. Bekijk de collectie leren jassen in de webshop" />
<meta property="og:url" content="https://versano.nl/de/shop/versano-heren-leren-jas-502-zwart/" />
<meta property="og:site_name" content="Versano" />
<meta property="article:modified_time" content="2022-11-04T12:06:37+00:00" />
<meta property="og:image" content="https://versano.nl/wp-content/uploads/2019/11/leren-jasje-heren-zwart-versano-502-model2.jpg" />
	<meta property="og:image:width" content="900" />
	<meta property="og:image:height" content="1196" />
	<meta property="og:image:type" content="image/jpeg" />
<meta name="twitter:card" content="summary_large_image" />
<meta name="twitter:label1" content="Geschätzte Lesezeit" />
	<meta name="twitter:data1" content="1 Minute" />
<script type="application/ld+json" class="yoast-schema-graph">{"@context":"https://schema.org","@graph":[{"@type":"WebPage","@id":"https://versano.nl/shop/versano-heren-leren-jas-502-zwart/","url":"https://versano.nl/shop/versano-heren-leren-jas-502-zwart/","name":"Zwarte leren herenjas van Versano, leren heren jassen zwart","isPartOf":{"@id":"https://versano.nl/#website"},"primaryImageOfPage":{"@id":"https://versano.nl/shop/versano-heren-leren-jas-502-zwart/#primaryimage"},"image":{"@id":"https://versano.nl/shop/versano-heren-leren-jas-502-zwart/#primaryimage"},"thumbnailUrl":"https://versano.nl/wp-content/uploads/2019/11/leren-jasje-heren-zwart-versano-502-model2.jpg","datePublished":"2014-12-01T11:38:04+00:00","dateModified":"2022-11-04T12:06:37+00:00","description":"Bent u op zoek naar een zwarte leren herenjas van Versano, dan bent u bij ons aan het juiste adres. Bekijk de collectie leren jassen in de webshop","breadcrumb":{"@id":"https://versano.nl/shop/versano-heren-leren-jas-502-zwart/#breadcrumb"},"inLanguage":"de","potentialAction":[{"@type":"ReadAction","target":["https://versano.nl/shop/versano-heren-leren-jas-502-zwart/"]}]},{"@type":"ImageObject","inLanguage":"de","@id":"https://versano.nl/shop/versano-heren-leren-jas-502-zwart/#primaryimage","url":"https://versano.nl/wp-content/uploads/2019/11/leren-jasje-heren-zwart-versano-502-model2.jpg","contentUrl":"https://versano.nl/wp-content/uploads/2019/11/leren-jasje-heren-zwart-versano-502-model2.jpg","width":900,"height":1196,"caption":"leren-jasje-heren-zwart-versano-502-model2"},{"@type":"BreadcrumbList","@id":"https://versano.nl/shop/versano-heren-leren-jas-502-zwart/#breadcrumb","itemListElement":[{"@type":"ListItem","position":1,"name":"Home","item":"https://versano.nl/"},{"@type":"ListItem","position":2,"name":"Shop","item":"https://versano.nl/shop/"},{"@type":"ListItem","position":3,"name":"Zwarte leren herenjas van Versano"}]},{"@type":"WebSite","@id":"https://versano.nl/#website","url":"https://versano.nl/","name":"Versano","description":"winterjassen met bontkraag | leren dames jassen | leren heren jassen","potentialAction":[{"@type":"SearchAction","target":{"@type":"EntryPoint","urlTemplate":"https://versano.nl/?s={search_term_string}"},"query-input":{"@type":"PropertyValueSpecification","valueRequired":true,"valueName":"search_term_string"}}],"inLanguage":"de"}]}</script>
<!-- / Yoast SEO plugin. -->

Schwarze Lederjacke für Herren von Versano, Lederjacken für Herren schwarz

Suchen Sie eine schwarze Lederjacke für Herren von Versano, dann sind Sie bei uns genau richtig. Sehen Sie sich die Kollektion von Lederjacken im Webshop an

Wintermäntel mit Pelzkragen | Damen Lederjacken | Herren Lederjacken
